-- Table structure for table `kelas`
--

CREATE TABLE `kelas` (
  `id` bigint(20) UNSIGNED NOT NULL,
  `mata_kuliah_id` bigint(20) UNSIGNED NOT NULL,
  `dosen_id` bigint(20) UNSIGNED NOT NULL,
  `dosen_id_lainnya` longtext CHARACTER SET utf8mb4 COLLATE utf8mb4_bin DEFAULT NULL CHECK (json_valid(`dosen_id_lainnya`)),
  `tahun_akademik_id` bigint(20) UNSIGNED NOT NULL,
  `kampus_id` bigint(20) UNSIGNED NOT NULL,
  `prodi_id` bigint(20) UNSIGNED DEFAULT NULL,
  `nama_kelas` varchar(255) NOT NULL,
  `semester` int(11) NOT NULL,
  `number_of_meetings` int(11) NOT NULL DEFAULT 16,
  `kapasitas` int(11) DEFAULT NULL,
  `tanggal_mulai_efektif` date DEFAULT NULL,
  `tanggal_akhir_efektif` date DEFAULT NULL,
  `lingkup` tinyint(4) DEFAULT NULL,
  `mode` char(1) DEFAULT NULL,
  `tipe_ajar` enum('solo','campuran') NOT NULL DEFAULT 'solo',
  `pembagian_ajar` longtext CHARACTER SET utf8mb4 COLLATE utf8mb4_bin DEFAULT NULL CHECK (json_valid(`pembagian_ajar`)),
  `mahasiswa_ids` longtext CHARACTER SET utf8mb4 COLLATE utf8mb4_bin DEFAULT NULL COMMENT 'Array of mahasiswa IDs dalam format JSON' CHECK (json_valid(`mahasiswa_ids`)),
  `jadwal` longtext CHARACTER SET utf8mb4 COLLATE utf8mb4_bin DEFAULT NULL COMMENT 'Jadwal pertemuan dalam format JSON' CHECK (json_valid(`jadwal`)),
  `modul` varchar(255) DEFAULT NULL,
  `rps` varchar(255) DEFAULT NULL,
  `bobot` longtext CHARACTER SET utf8mb4 COLLATE utf8mb4_bin DEFAULT NULL CHECK (json_valid(`bobot`)),
  `bobot_diatur` tinyint(1) NOT NULL DEFAULT 0,
  `created_at` timestamp NULL DEFAULT NULL,
  `updated_at` timestamp NULL DEFAULT NULL,
  `deleted_at` timestamp NULL DEFAULT NULL,
  `is_validated` tinyint(1) DEFAULT 0,
  `validated_at` datetime DEFAULT NULL,
  `validated_by` bigint(20) UNSIGNED DEFAULT NULL,
  `neofeeder_validated` tinyint(1) DEFAULT 0,
  `neofeeder_validated_at` datetime DEFAULT NULL,
  `neofeeder_validated_by` bigint(20) UNSIGNED DEFAULT NULL,
  `neofeeder_status` enum('pending','validated','synced','error') DEFAULT 'pending',
  `neofeeder_error_message` text DEFAULT NULL,
  `neofeeder_synced_at` datetime DEFAULT NULL,
  `neofeeder_id` varchar(50) DEFAULT NULL
) ENGINE=InnoDB DEFAULT CHARSET=utf8mb4 COLLATE=utf8mb4_unicode_ci;

--
-- Dumping data for table `kelas`
--

INSERT INTO `kelas` (`id`, `mata_kuliah_id`, `dosen_id`, `dosen_id_lainnya`, `tahun_akademik_id`, `kampus_id`, `prodi_id`, `nama_kelas`, `semester`, `number_of_meetings`, `kapasitas`, `tanggal_mulai_efektif`, `tanggal_akhir_efektif`, `lingkup`, `mode`, `tipe_ajar`, `pembagian_ajar`, `mahasiswa_ids`, `jadwal`, `modul`, `rps`, `bobot`, `bobot_diatur`, `created_at`, `updated_at`, `deleted_at`, `is_validated`, `validated_at`, `validated_by`, `neofeeder_validated`, `neofeeder_validated_at`, `neofeeder_validated_by`, `neofeeder_status`, `neofeeder_error_message`, `neofeeder_synced_at`, `neofeeder_id`) VALUES
(22, 62, 29, '[\"30\"]', 12, 57, 48, 'A', 1, 16, 2, '2026-02-10', '2026-02-12', 1, 'O', 'campuran', '[{\"id\": 1770113892601.2969, \"dosen_id\": \"29\", \"pembagian\": \"sebelum_uts\"}, {\"id\": 1770113894255.2085, \"dosen_id\": \"30\", \"pembagian\": \"sesudah_uts\"}]', '[]', NULL, NULL, NULL, '[{\"tipe\": \"Absensi\", \"persentase\": 10}, {\"tipe\": \"Tugas\", \"persentase\": 20}, {\"tipe\": \"UTS\", \"persentase\": 30}, {\"tipe\": \"UAS\", \"persentase\": 40}]', 1, '2026-02-03 00:04:33', '2026-02-09 20:19:30', NULL, 1, '2026-02-09 09:35:23', 135, 0, NULL, NULL, 'pending', NULL, NULL, NULL),
(23, 62, 29, '[\"30\"]', 12, 57, 48, 'A', 1, 16, 19, '2026-02-03', '2026-02-12', 1, 'O', 'campuran', '[{\"id\": 1770117855291, \"dosen_id\": \"29\", \"pembagian\": \"sebelum_uts\"}, {\"id\": 1770117857044, \"dosen_id\": \"30\", \"pembagian\": \"sesudah_uts\"}]', '[870019, 870023]', NULL, NULL, NULL, '[{\"tipe\": \"Absensi\", \"isDefault\": true, \"customTipe\": \"s\", \"persentase\": 10}, {\"tipe\": \"Tugas\", \"persentase\": 20}, {\"tipe\": \"UTS\", \"persentase\": 30}, {\"tipe\": \"UAS\", \"persentase\": 40}]', 1, '2026-02-03 04:27:54', '2026-02-09 20:21:25', NULL, 1, '2026-02-09 09:35:30', 135, 0, NULL, NULL, 'pending', NULL, NULL, NULL),
(24, 67, 31, '[]', 19, 68, 53, 'A', 1, 16, 3, '2026-02-05', '2026-02-21', 2, 'O', 'solo', '[]', '[870046]', '[{\"hari\": \"Senin\", \"ruangan\": null, \"jam_mulai\": \"08:00\", \"keterangan\": null, \"jam_selesai\": \"10:00\", \"link_meeting\": null, \"mode_pertemuan\": \"offline\"}]', NULL, NULL, '[{\"tipe\": \"Aktivitas Partisipatif\", \"persentase\": 10}, {\"tipe\": \"Quiz\", \"persentase\": 10}, {\"tipe\": \"Hasil Proyek\", \"persentase\": 10}, {\"tipe\": \"Tugas\", \"persentase\": 20}, {\"tipe\": \"Ujian Tengah Semester\", \"persentase\": 25}, {\"tipe\": \"Ujian Akhir Semester\", \"persentase\": 25}]', 0, '2026-02-04 21:41:18', '2026-02-13 07:58:30', NULL, 0, NULL, NULL, 0, NULL, NULL, 'pending', NULL, NULL, NULL),
(25, 69, 0, '[]', 19, 68, 53, 'A', 1, 16, 2, '2026-02-05', '2026-02-28', 1, 'F', 'solo', '[]', '[870046]', '[{\"hari\": \"Senin\", \"ruangan\": \"R300\", \"jam_mulai\": \"12:00\", \"keterangan\": null, \"jam_selesai\": \"14:00\", \"link_meeting\": null, \"mode_pertemuan\": \"hybrid\"}]', NULL, NULL, '[{\"tipe\": \"Absensi\", \"persentase\": 10}, {\"tipe\": \"Tugas\", \"persentase\": 20}, {\"tipe\": \"UTS\", \"persentase\": 30}, {\"tipe\": \"UAS\", \"persentase\": 40}]', 0, '2026-02-04 21:43:09', '2026-02-09 23:15:39', NULL, 0, NULL, NULL, 0, NULL, NULL, 'pending', NULL, NULL, NULL),
(26, 70, 31, '[]', 18, 68, 53, 'A', 2, 16, 3, '2026-02-05', '2026-02-28', 1, 'O', 'solo', '[]', '[870046]', NULL, NULL, 'rps_perkuliahan/MANAJEMENLANJUTAN_RPS_1770864553.pdf', '[{\"tipe\": \"Absensi\", \"persentase\": 10}, {\"tipe\": \"Tugas\", \"persentase\": 20}, {\"tipe\": \"UTS\", \"persentase\": 30}, {\"tipe\": \"UAS\", \"persentase\": 40}]', 0, '2026-02-04 21:44:26', '2026-02-12 02:49:13', NULL, 0, NULL, NULL, 0, NULL, NULL, 'pending', NULL, NULL, NULL),
(27, 71, 33, '[]', 18, 68, 53, 'A', 2, 16, 2, '2026-02-05', '2026-02-28', 1, 'F', 'solo', '[]', '[870046]', NULL, NULL, NULL, '[{\"tipe\": \"Absensi\", \"persentase\": 10}, {\"tipe\": \"Tugas\", \"persentase\": 20}, {\"tipe\": \"UTS\", \"persentase\": 30}, {\"tipe\": \"UAS\", \"persentase\": 40}]', 0, '2026-02-04 21:45:13', '2026-02-09 20:53:56', NULL, 0, NULL, NULL, 0, NULL, NULL, 'pending', NULL, NULL, NULL),
(28, 67, 31, '[]', 17, 68, 53, 'A', 1, 16, 4, '2026-02-06', '2026-02-28', 1, 'F', 'solo', '[]', '[]', NULL, NULL, NULL, '[{\"tipe\": \"Aktivitas Partisipatif\", \"persentase\": 10}, {\"tipe\": \"Tugas\", \"persentase\": 20}, {\"tipe\": \"Ujian Tengah Semester\", \"persentase\": 30}, {\"tipe\": \"Ujian Akhir Semester\", \"persentase\": 30}, {\"id\": 1770886394873.3362, \"tipe\": \"Quiz\", \"persentase\": 10}]', 1, '2026-02-04 21:47:56', '2026-02-12 08:53:31', NULL, 0, NULL, NULL, 0, NULL, NULL, 'pending', NULL, NULL, NULL),
(29, 72, 31, '[]', 17, 68, 53, 'B', 3, 16, 6, '2026-02-10', '2026-02-28', 1, 'F', 'solo', '[]', '[]', '[{\"hari\": \"Senin\", \"ruangan\": null, \"jam_mulai\": \"08:00\", \"keterangan\": null, \"jam_selesai\": \"11:00\", \"link_meeting\": null, \"mode_pertemuan\": \"offline\"}]', NULL, NULL, '[{\"tipe\": \"Aktivitas Partisipatif\", \"persentase\": 10}, {\"tipe\": \"Quiz\", \"persentase\": 10}, {\"tipe\": \"Hasil Proyek\", \"persentase\": 10}, {\"tipe\": \"Tugas\", \"persentase\": 20}, {\"tipe\": \"Ujian Tengah Semester\", \"persentase\": 25}, {\"tipe\": \"Ujian Akhir Semester\", \"persentase\": 25}]', 0, '2026-02-04 21:49:06', '2026-02-12 09:22:55', NULL, 0, NULL, NULL, 0, NULL, NULL, 'pending', NULL, NULL, NULL),
(30, 74, 35, '[]', 20, 67, 52, 'A', 1, 16, 2, '2026-02-05', '2026-02-28', 1, 'O', 'solo', '[]', '[]', NULL, NULL, NULL, '[{\"tipe\": \"Absensi\", \"persentase\": 10}, {\"tipe\": \"Tugas\", \"persentase\": 20}, {\"tipe\": \"UTS\", \"persentase\": 30}, {\"tipe\": \"UAS\", \"persentase\": 40}]', 0, '2026-02-05 02:54:05', '2026-02-05 02:54:05', NULL, 0, NULL, NULL, 0, NULL, NULL, 'pending', NULL, NULL, NULL),
(31, 75, 34, '[]', 20, 67, 52, 'A', 1, 16, 2, '2026-02-05', '2026-02-28', 1, 'O', 'solo', '[]', '[]', NULL, NULL, NULL, '[{\"tipe\": \"Absensi\", \"persentase\": 10}, {\"tipe\": \"Tugas\", \"persentase\": 20}, {\"tipe\": \"UTS\", \"persentase\": 30}, {\"tipe\": \"UAS\", \"persentase\": 40}]', 0, '2026-02-05 02:56:08', '2026-02-05 02:56:08', NULL, 0, NULL, NULL, 0, NULL, NULL, 'pending', NULL, NULL, NULL),
(32, 76, 36, '[]', 21, 67, 52, 'A', 2, 16, 2, '2026-02-05', '2026-02-28', 1, 'O', 'solo', '[]', '[]', NULL, NULL, NULL, '[{\"tipe\": \"Absensi\", \"persentase\": 10}, {\"tipe\": \"Tugas\", \"persentase\": 20}, {\"tipe\": \"UTS\", \"persentase\": 30}, {\"tipe\": \"UAS\", \"persentase\": 40}]', 0, '2026-02-05 02:56:55', '2026-02-05 02:56:55', NULL, 0, NULL, NULL, 0, NULL, NULL, 'pending', NULL, NULL, NULL),
(33, 77, 35, '[]', 21, 67, 52, 'B', 2, 16, 4, '2026-02-05', '2026-02-28', 1, 'O', 'solo', '[]', '[]', NULL, NULL, NULL, '[{\"tipe\": \"Absensi\", \"persentase\": 10}, {\"tipe\": \"Tugas\", \"persentase\": 20}, {\"tipe\": \"UTS\", \"persentase\": 30}, {\"tipe\": \"UAS\", \"persentase\": 40}]', 0, '2026-02-05 02:58:04', '2026-02-05 02:58:04', NULL, 0, NULL, NULL, 0, NULL, NULL, 'pending', NULL, NULL, NULL),
(34, 78, 34, '[]', 22, 67, 52, 'A', 3, 16, 2, '2026-02-05', '2026-02-28', 1, 'O', 'solo', '[]', '[]', NULL, NULL, NULL, '[{\"tipe\": \"Absensi\", \"persentase\": 10}, {\"tipe\": \"Tugas\", \"persentase\": 20}, {\"tipe\": \"UTS\", \"persentase\": 30}, {\"tipe\": \"UAS\", \"persentase\": 40}]', 0, '2026-02-05 02:58:50', '2026-02-05 02:58:50', NULL, 0, NULL, NULL, 0, NULL, NULL, 'pending', NULL, NULL, NULL),
(35, 79, 35, '[\"36\"]', 22, 67, 52, 'A', 3, 16, 2, '2026-02-05', '2026-02-28', 1, 'O', 'campuran', '[{\"id\": 1770285562199, \"dosen_id\": \"35\", \"pembagian\": \"sebelum_uts\"}, {\"id\": 1770285564800, \"dosen_id\": \"36\", \"pembagian\": \"sesudah_uts\"}]', '[]', '[{\"hari\": \"Senin\", \"ruangan\": null, \"jam_mulai\": \"08:00\", \"keterangan\": null, \"jam_selesai\": \"10:00\", \"link_meeting\": null, \"mode_pertemuan\": \"offline\"}]', NULL, NULL, '[{\"tipe\": \"Absensi\", \"persentase\": 10}, {\"tipe\": \"Tugas\", \"persentase\": 20}, {\"tipe\": \"UTS\", \"persentase\": 30}, {\"tipe\": \"UAS\", \"persentase\": 20}, {\"id\": 1770785811609.5625, \"tipe\": \"Praktikum\", \"isDefault\": false, \"persentase\": 20}]', 1, '2026-02-05 02:59:59', '2026-02-10 21:57:11', NULL, 0, NULL, NULL, 0, NULL, NULL, 'pending', NULL, NULL, NULL),
(38, 67, 31, '[]', 17, 68, 53, 'C', 1, 16, 22, '2026-02-12', '2026-02-21', 1, 'O', 'solo', '[]', '[]', NULL, NULL, NULL, '[{\"tipe\": \"Aktivitas Partisipatif\", \"persentase\": 10}, {\"tipe\": \"Quiz\", \"persentase\": 10}, {\"tipe\": \"Hasil Proyek\", \"persentase\": 10}, {\"tipe\": \"Tugas\", \"persentase\": 20}, {\"tipe\": \"Ujian Tengah Semester\", \"persentase\": 25}, {\"tipe\": \"Ujian Akhir Semester\", \"persentase\": 20}, {\"id\": 1770889687648.8118, \"tipe\": \"Praktikum\", \"persentase\": 5}]', 1, '2026-02-12 09:48:59', '2026-02-12 09:48:59', NULL, 0, NULL, NULL, 0, NULL, NULL, 'pending', NULL, NULL, NULL),
(39, 80, 37, '[]', 23, 69, 57, 'NFD09', 1, 16, 40, '2026-02-14', '2026-02-27', 1, 'F', 'solo', '[]', '[870075]', NULL, NULL, NULL, '[{\"tipe\": \"Aktivitas Partisipatif\", \"persentase\": 10}, {\"tipe\": \"Quiz\", \"persentase\": 10}, {\"tipe\": \"Hasil Proyek\", \"persentase\": 10}, {\"tipe\": \"Tugas\", \"persentase\": 20}, {\"tipe\": \"Ujian Tengah Semester\", \"persentase\": 25}, {\"tipe\": \"Ujian Akhir Semester\", \"persentase\": 25}]', 0, '2026-02-14 08:53:15', '2026-02-23 07:31:02', NULL, 1, '2026-02-14 16:57:06', 318, 1, '2026-02-14 16:57:10', 318, 'error', 'Gagal autentikasi ke Neofeeder', NULL, 'b3130c2a-c9e3-49fe-a112-e51954851a57'),
(43, 70, 31, '[]', 17, 68, 53, 'A', 2, 16, NULL, NULL, NULL, NULL, NULL, 'solo', '[]', '[]', NULL, NULL, NULL, '[{\"tipe\":\"Aktivitas Partisipatif\",\"persentase\":10},{\"tipe\":\"Quiz\",\"persentase\":10},{\"tipe\":\"Hasil Proyek\",\"persentase\":10},{\"tipe\":\"Tugas\",\"persentase\":20},{\"tipe\":\"Ujian Tengah Semester\",\"persentase\":25},{\"tipe\":\"Ujian Akhir Semester\",\"persentase\":25}]', 0, '2026-03-11 10:14:53', '2026-03-11 10:14:53', NULL, 0, NULL, NULL, 0, NULL, NULL, 'pending', NULL, NULL, NULL),
(53, 139, 39, NULL, 29, 70, 58, 'AUTO-BD. 101-S1-TA29', 1, 16, NULL, NULL, NULL, NULL, NULL, 'solo', NULL, '[870165,870166,870167,870168,870169,870170,870171,870172,870173,870174,870175,870176,870177,870178,870179,870180,870181,870182]', NULL, NULL, NULL, NULL, 0, '2026-03-12 03:40:19', '2026-03-12 03:40:19', NULL, 0, NULL, NULL, 0, NULL, NULL, 'pending', NULL, NULL, NULL),
(54, 140, 39, NULL, 29, 70, 58, 'AUTO-BD. 102-S1-TA29', 1, 16, NULL, NULL, NULL, NULL, NULL, 'solo', NULL, '[870165,870166,870167,870168,870169,870170,870171,870172,870173,870174,870175,870176,870177,870178,870179,870180,870181,870182]', NULL, NULL, NULL, NULL, 0, '2026-03-12 03:40:19', '2026-03-12 03:40:19', NULL, 0, NULL, NULL, 0, NULL, NULL, 'pending', NULL, NULL, NULL),
(55, 141, 39, NULL, 29, 70, 58, 'AUTO-BD. 201-S1-TA29', 1, 16, NULL, NULL, NULL, NULL, NULL, 'solo', NULL, '[870165,870166,870167,870168,870169,870170,870171,870172,870173,870174,870175,870176,870177,870178,870179,870180,870181,870182]', NULL, NULL, NULL, NULL, 0, '2026-03-12 03:40:19', '2026-03-12 03:40:19', NULL, 0, NULL, NULL, 0, NULL, NULL, 'pending', NULL, NULL, NULL),
(56, 142, 39, NULL, 29, 70, 58, 'AUTO-BD. 203-S1-TA29', 1, 16, NULL, NULL, NULL, NULL, NULL, 'solo', NULL, '[870165,870166,870167,870168,870169,870170,870171,870172,870173,870174,870175,870176,870177,870178,870179,870180,870181,870182]', NULL, NULL, NULL, NULL, 0, '2026-03-12 03:40:19', '2026-03-12 03:40:19', NULL, 0, NULL, NULL, 0, NULL, NULL, 'pending', NULL, NULL, NULL),
(57, 143, 39, NULL, 29, 70, 58, 'AUTO-BD. 401-S1-TA29', 1, 16, NULL, NULL, NULL, NULL, NULL, 'solo', NULL, '[870165,870166,870167,870168,870169,870170,870171,870172,870173,870174,870175,870176,870177,870178,870179,870180,870181,870182]', NULL, NULL, NULL, NULL, 0, '2026-03-12 03:40:19', '2026-03-12 03:40:19', NULL, 0, NULL, NULL, 0, NULL, NULL, 'pending', NULL, NULL, NULL),
(58, 144, 39, NULL, 29, 70, 58, 'AUTO-BD. 501-S1-TA29', 1, 16, NULL, NULL, NULL, NULL, NULL, 'solo', NULL, '[870165,870166,870167,870168,870169,870170,870171,870172,870173,870174,870175,870176,870177,870178,870179,870180,870181,870182]', NULL, NULL, NULL, NULL, 0, '2026-03-12 03:40:19', '2026-03-12 03:40:19', NULL, 0, NULL, NULL, 0, NULL, NULL, 'pending', NULL, NULL, NULL),
(59, 145, 39, NULL, 29, 70, 58, 'AUTO-BD. 103-S1-TA29', 1, 16, NULL, NULL, NULL, NULL, NULL, 'solo', NULL, '[870165,870166,870167,870168,870169,870170,870171,870172,870173,870174,870175,870176,870177,870178,870179,870180,870181,870182]', NULL, NULL, NULL, NULL, 0, '2026-03-12 03:40:19', '2026-03-12 03:40:19', NULL, 0, NULL, NULL, 0, NULL, NULL, 'pending', NULL, NULL, NULL),
(60, 146, 39, NULL, 29, 70, 58, 'AUTO-BD. 202-S2-TA29', 2, 16, NULL, NULL, NULL, NULL, NULL, 'solo', NULL, '[870165,870166,870167,870168,870169,870170,870171,870172,870173,870174,870175,870176,870177,870178,870179,870180,870181,870182]', NULL, NULL, NULL, NULL, 0, '2026-03-12 03:40:19', '2026-03-12 03:40:19', NULL, 0, NULL, NULL, 0, NULL, NULL, 'pending', NULL, NULL, NULL),
(61, 147, 39, NULL, 29, 70, 58, 'AUTO-BD. 204-S2-TA29', 2, 16, NULL, NULL, NULL, NULL, NULL, 'solo', NULL, '[870165,870166,870167,870168,870169,870170,870171,870172,870173,870174,870175,870176,870177,870178,870179,870180,870181,870182]', NULL, NULL, NULL, NULL, 0, '2026-03-12 03:40:19', '2026-03-12 03:40:19', NULL, 0, NULL, NULL, 0, NULL, NULL, 'pending', NULL, NULL, NULL),
(62, 148, 39, NULL, 29, 70, 58, 'AUTO-BD. 301-S2-TA29', 2, 16, NULL, NULL, NULL, NULL, NULL, 'solo', NULL, '[870165,870166,870167,870168,870169,870170,870171,870172,870173,870174,870175,870176,870177,870178,870179,870180,870181,870182]', NULL, NULL, NULL, NULL, 0, '2026-03-12 03:40:19', '2026-03-12 03:40:19', NULL, 0, NULL, NULL, 0, NULL, NULL, 'pending', NULL, NULL, NULL),
(63, 149, 39, NULL, 29, 70, 58, 'AUTO-BD. 402-S2-TA29', 2, 16, NULL, NULL, NULL, NULL, NULL, 'solo', NULL, '[870165,870166,870167,870168,870169,870170,870171,870172,870173,870174,870175,870176,870177,870178,870179,870180,870181,870182]', NULL, NULL, NULL, NULL, 0, '2026-03-12 03:40:19', '2026-03-12 03:40:19', NULL, 0, NULL, NULL, 0, NULL, NULL, 'pending', NULL, NULL, NULL),
(64, 150, 39, NULL, 29, 70, 58, 'AUTO-BD. 403-S2-TA29', 2, 16, NULL, NULL, NULL, NULL, NULL, 'solo', NULL, '[870165,870166,870167,870168,870169,870170,870171,870172,870173,870174,870175,870176,870177,870178,870179,870180,870181,870182]', NULL, NULL, NULL, NULL, 0, '2026-03-12 03:40:19', '2026-03-12 03:40:19', NULL, 0, NULL, NULL, 0, NULL, NULL, 'pending', NULL, NULL, NULL),
(65, 151, 39, NULL, 29, 70, 58, 'AUTO-AIHC 1402-S2-TA29', 2, 16, NULL, NULL, NULL, NULL, NULL, 'solo', NULL, '[870165,870166,870167,870168,870169,870170,870171,870172,870173,870174,870175,870176,870177,870178,870179,870180,870181,870182]', NULL, NULL, NULL, NULL, 0, '2026-03-12 03:40:19', '2026-03-12 03:40:19', NULL, 0, NULL, NULL, 0, NULL, NULL, 'pending', NULL, NULL, NULL),
(66, 152, 39, NULL, 29, 70, 58, 'AUTO-AIHC 1403-S2-TA29', 2, 16, NULL, NULL, NULL, NULL, NULL, 'solo', NULL, '[870165,870166,870167,870168,870169,870170,870171,870172,870173,870174,870175,870176,870177,870178,870179,870180,870181,870182]', NULL, NULL, NULL, NULL, 0, '2026-03-12 03:40:19', '2026-03-12 03:40:19', NULL, 0, NULL, NULL, 0, NULL, NULL, 'pending', NULL, NULL, NULL),
(67, 153, 39, NULL, 29, 70, 58, 'AUTO-BD. 302-S3-TA29', 3, 16, NULL, NULL, NULL, NULL, NULL, 'solo', NULL, '[870165,870166,870167,870168,870169,870170,870171,870172,870173,870174,870175,870176,870177,870178,870179,870180,870181,870182]', NULL, NULL, NULL, NULL, 0, '2026-03-12 03:40:19', '2026-03-12 03:40:19', NULL, 0, NULL, NULL, 0, NULL, NULL, 'pending', NULL, NULL, NULL),
(68, 154, 39, NULL, 29, 70, 58, 'AUTO-BD. 303-S3-TA29', 3, 16, NULL, NULL, NULL, NULL, NULL, 'solo', NULL, '[870165,870166,870167,870168,870169,870170,870171,870172,870173,870174,870175,870176,870177,870178,870179,870180,870181,870182]', NULL, NULL, NULL, NULL, 0, '2026-03-12 03:40:19', '2026-03-12 03:40:19', NULL, 0, NULL, NULL, 0, NULL, NULL, 'pending', NULL, NULL, NULL),
(69, 155, 39, NULL, 29, 70, 58, 'AUTO-BD. 304-S3-TA29', 3, 16, NULL, NULL, NULL, NULL, NULL, 'solo', NULL, '[870165,870166,870167,870168,870169,870170,870171,870172,870173,870174,870175,870176,870177,870178,870179,870180,870181,870182]', NULL, NULL, NULL, NULL, 0, '2026-03-12 03:40:19', '2026-03-12 03:40:19', NULL, 0, NULL, NULL, 0, NULL, NULL, 'pending', NULL, NULL, NULL),
(70, 156, 39, NULL, 29, 70, 58, 'AUTO-BD. 205-S3-TA29', 3, 16, NULL, NULL, NULL, NULL, NULL, 'solo', NULL, '[870165,870166,870167,870168,870169,870170,870171,870172,870173,870174,870175,870176,870177,870178,870179,870180,870181,870182]', NULL, NULL, NULL, NULL, 0, '2026-03-12 03:40:19', '2026-03-12 03:40:19', NULL, 0, NULL, NULL, 0, NULL, NULL, 'pending', NULL, NULL, NULL),
(71, 157, 39, NULL, 29, 70, 58, 'AUTO-BD. 307-S3-TA29', 3, 16, NULL, NULL, NULL, NULL, NULL, 'solo', NULL, '[870165,870166,870167,870168,870169,870170,870171,870172,870173,870174,870175,870176,870177,870178,870179,870180,870181,870182]', NULL, NULL, NULL, NULL, 0, '2026-03-12 03:40:19', '2026-03-12 03:40:19', NULL, 0, NULL, NULL, 0, NULL, NULL, 'pending', NULL, NULL, NULL),
(72, 158, 39, NULL, 29, 70, 58, 'AUTO-BD. 305-S4-TA29', 4, 16, NULL, NULL, NULL, NULL, NULL, 'solo', NULL, '[870165,870166,870167,870168,870169,870170,870171,870172,870173,870174,870175,870176,870177,870178,870179,870180,870181,870182]', NULL, NULL, NULL, NULL, 0, '2026-03-12 03:40:19', '2026-03-12 03:40:19', NULL, 0, NULL, NULL, 0, NULL, NULL, 'pending', NULL, NULL, NULL),
(73, 159, 39, NULL, 29, 70, 58, 'AUTO-BD. 306-S4-TA29', 4, 16, NULL, NULL, NULL, NULL, NULL, 'solo', NULL, '[870165,870166,870167,870168,870169,870170,870171,870172,870173,870174,870175,870176,870177,870178,870179,870180,870181,870182]', NULL, NULL, NULL, NULL, 0, '2026-03-12 03:40:19', '2026-03-12 03:40:19', NULL, 0, NULL, NULL, 0, NULL, NULL, 'pending', NULL, NULL, NULL),
(74, 160, 39, NULL, 29, 70, 58, 'AUTO-BD. 308-S4-TA29', 4, 16, NULL, NULL, NULL, NULL, NULL, 'solo', NULL, '[870165,870166,870167,870168,870169,870170,870171,870172,870173,870174,870175,870176,870177,870178,870179,870180,870181,870182]', NULL, NULL, NULL, NULL, 0, '2026-03-12 03:40:19', '2026-03-12 03:40:19', NULL, 0, NULL, NULL, 0, NULL, NULL, 'pending', NULL, NULL, NULL),
(75, 161, 39, NULL, 29, 70, 58, 'AUTO-AIHC 1404-S4-TA29', 4, 16, NULL, NULL, NULL, NULL, NULL, 'solo', NULL, '[870165,870166,870167,870168,870169,870170,870171,870172,870173,870174,870175,870176,870177,870178,870179,870180,870181,870182]', NULL, NULL, NULL, NULL, 0, '2026-03-12 03:40:19', '2026-03-12 03:40:19', NULL, 0, NULL, NULL, 0, NULL, NULL, 'pending', NULL, NULL, NULL),
(76, 162, 39, NULL, 29, 70, 58, 'AUTO-AIHC 1405-S4-TA29', 4, 16, NULL, NULL, NULL, NULL, NULL, 'solo', NULL, '[870165,870166,870167,870168,870169,870170,870171,870172,870173,870174,870175,870176,870177,870178,870179,870180,870181,870182]', NULL, NULL, NULL, NULL, 0, '2026-03-12 03:40:19', '2026-03-12 03:40:19', NULL, 0, NULL, NULL, 0, NULL, NULL, 'pending', NULL, NULL, NULL),
(77, 163, 39, NULL, 29, 70, 58, 'AUTO-BD. 404-S5-TA29', 5, 16, NULL, NULL, NULL, NULL, NULL, 'solo', NULL, '[870165,870166,870167,870168,870169,870170,870171,870172,870173,870174,870175,870176,870177,870178,870179,870180,870181,870182]', NULL, NULL, NULL, NULL, 0, '2026-03-12 03:40:19', '2026-03-12 03:40:19', NULL, 0, NULL, NULL, 0, NULL, NULL, 'pending', NULL, NULL, NULL),
(78, 164, 39, NULL, 29, 70, 58, 'AUTO-AIHC 140-S5-TA29', 5, 16, NULL, NULL, NULL, NULL, NULL, 'solo', NULL, '[870165,870166,870167,870168,870169,870170,870171,870172,870173,870174,870175,870176,870177,870178,870179,870180,870181,870182]', NULL, NULL, NULL, NULL, 0, '2026-03-12 03:40:19', '2026-03-12 03:40:19', NULL, 0, NULL, NULL, 0, NULL, NULL, 'pending', NULL, NULL, NULL),
(79, 165, 39, NULL, 29, 70, 58, 'AUTO-BD. 502-S5-TA29', 5, 16, NULL, NULL, NULL, NULL, NULL, 'solo', NULL, '[870165,870166,870167,870168,870169,870170,870171,870172,870173,870174,870175,870176,870177,870178,870179,870180,870181,870182]', NULL, NULL, NULL, NULL, 0, '2026-03-12 03:40:19', '2026-03-12 03:40:19', NULL, 0, NULL, NULL, 0, NULL, NULL, 'pending', NULL, NULL, NULL),
(80, 166, 39, NULL, 29, 70, 58, 'AUTO-AIHC 1406-S5-TA29', 5, 16, NULL, NULL, NULL, NULL, NULL, 'solo', NULL, '[870165,870166,870167,870168,870169,870170,870171,870172,870173,870174,870175,870176,870177,870178,870179,870180,870181,870182]', NULL, NULL, NULL, NULL, 0, '2026-03-12 03:40:19', '2026-03-12 03:40:19', NULL, 0, NULL, NULL, 0, NULL, NULL, 'pending', NULL, NULL, NULL),
(81, 167, 39, NULL, 29, 70, 58, 'AUTO-AIHC 1407-S5-TA29', 5, 16, NULL, NULL, NULL, NULL, NULL, 'solo', NULL, '[870165,870166,870167,870168,870169,870170,870171,870172,870173,870174,870175,870176,870177,870178,870179,870180,870181,870182]', NULL, NULL, NULL, NULL, 0, '2026-03-12 03:40:19', '2026-03-12 03:40:19', NULL, 0, NULL, NULL, 0, NULL, NULL, 'pending', NULL, NULL, NULL),
(82, 168, 39, NULL, 29, 70, 58, 'AUTO-AIHC 1408-S5-TA29', 5, 16, NULL, NULL, NULL, NULL, NULL, 'solo', NULL, '[870165,870166,870167,870168,870169,870170,870171,870172,870173,870174,870175,870176,870177,870178,870179,870180,870181,870182]', NULL, NULL, NULL, NULL, 0, '2026-03-12 03:40:19', '2026-03-12 03:40:19', NULL, 0, NULL, NULL, 0, NULL, NULL, 'pending', NULL, NULL, NULL),
(83, 103, 39, NULL, 28, 70, 58, 'AUTO-BDU. 101-S1-TA28', 1, 16, NULL, NULL, NULL, NULL, NULL, 'solo', NULL, '[870138,870139,870140,870141,870142,870143,870144,870145,870146,870147,870148,870149,870150,870151,870152,870153,870154,870155,870156,870157,870158,870159,870160,870161,870162,870163,870164]', NULL, NULL, NULL, NULL, 0, '2026-03-12 03:40:19', '2026-03-12 03:40:19', NULL, 0, NULL, NULL, 0, NULL, NULL, 'pending', NULL, NULL, NULL),
(84, 106, 39, NULL, 28, 70, 58, 'AUTO-BDP. 101-S1-TA28', 1, 16, NULL, NULL, NULL, NULL, NULL, 'solo', NULL, '[870138,870139,870140,870141,870142,870143,870144,870145,870146,870147,870148,870149,870150,870151,870152,870153,870154,870155,870156,870157,870158,870159,870160,870161,870162,870163,870164]', NULL, NULL, NULL, NULL, 0, '2026-03-12 03:40:19', '2026-03-12 03:40:19', NULL, 0, NULL, NULL, 0, NULL, NULL, 'pending', NULL, NULL, NULL),
(85, 107, 39, NULL, 28, 70, 58, 'AUTO-BDP. 102-S1-TA28', 1, 16, NULL, NULL, NULL, NULL, NULL, 'solo', NULL, '[870138,870139,870140,870141,870142,870143,870144,870145,870146,870147,870148,870149,870150,870151,870152,870153,870154,870155,870156,870157,870158,870159,870160,870161,870162,870163,870164]', NULL, NULL, NULL, NULL, 0, '2026-03-12 03:40:19', '2026-03-12 03:40:19', NULL, 0, NULL, NULL, 0, NULL, NULL, 'pending', NULL, NULL, NULL),
(86, 108, 39, NULL, 28, 70, 58, 'AUTO-BDP. 103-S1-TA28', 1, 16, NULL, NULL, NULL, NULL, NULL, 'solo', NULL, '[870138,870139,870140,870141,870142,870143,870144,870145,870146,870147,870148,870149,870150,870151,870152,870153,870154,870155,870156,870157,870158,870159,870160,870161,870162,870163,870164]', NULL, NULL, NULL, NULL, 0, '2026-03-12 03:40:19', '2026-03-12 03:40:19', NULL, 0, NULL, NULL, 0, NULL, NULL, 'pending', NULL, NULL, NULL),
(87, 109, 39, NULL, 28, 70, 58, 'AUTO-BDP. 104-S1-TA28', 1, 16, NULL, NULL, NULL, NULL, NULL, 'solo', NULL, '[870138,870139,870140,870141,870142,870143,870144,870145,870146,870147,870148,870149,870150,870151,870152,870153,870154,870155,870156,870157,870158,870159,870160,870161,870162,870163,870164]', NULL, NULL, NULL, NULL, 0, '2026-03-12 03:40:19', '2026-03-12 03:40:19', NULL, 0, NULL, NULL, 0, NULL, NULL, 'pending', NULL, NULL, NULL),
(88, 110, 39, NULL, 28, 70, 58, 'AUTO-BDM. 101-S1-TA28', 1, 16, NULL, NULL, NULL, NULL, NULL, 'solo', NULL, '[870138,870139,870140,870141,870142,870143,870144,870145,870146,870147,870148,870149,870150,870151,870152,870153,870154,870155,870156,870157,870158,870159,870160,870161,870162,870163,870164]', NULL, NULL, NULL, NULL, 0, '2026-03-12 03:40:19', '2026-03-12 03:40:19', NULL, 0, NULL, NULL, 0, NULL, NULL, 'pending', NULL, NULL, NULL),
(89, 111, 39, NULL, 28, 70, 58, 'AUTO-BDU. 102-S1-TA28', 1, 16, NULL, NULL, NULL, NULL, NULL, 'solo', NULL, '[870138,870139,870140,870141,870142,870143,870144,870145,870146,870147,870148,870149,870150,870151,870152,870153,870154,870155,870156,870157,870158,870159,870160,870161,870162,870163,870164]', NULL, NULL, NULL, NULL, 0, '2026-03-12 03:40:19', '2026-03-12 03:40:19', NULL, 0, NULL, NULL, 0, NULL, NULL, 'pending', NULL, NULL, NULL),
(90, 112, 39, NULL, 28, 70, 58, 'AUTO-BDM.102-S1-TA28', 1, 16, NULL, NULL, NULL, NULL, NULL, 'solo', NULL, '[870138,870139,870140,870141,870142,870143,870144,870145,870146,870147,870148,870149,870150,870151,870152,870153,870154,870155,870156,870157,870158,870159,870160,870161,870162,870163,870164]', NULL, NULL, NULL, NULL, 0, '2026-03-12 03:40:19', '2026-03-12 03:40:19', NULL, 0, NULL, NULL, 0, NULL, NULL, 'pending', NULL, NULL, NULL),
(91, 103, 39, NULL, 26, 70, 58, 'AUTO-BDU. 101-S1-TA26', 1, 16, NULL, NULL, NULL, NULL, NULL, 'solo', NULL, '[870100,870101,870102,870103,870104,870105,870106,870107,870108,870109,870110,870111,870112,870113,870114,870115,870116,870118,870119,870120,870122,870123,870125,870127,870128,870130,870131,870132,870133,870134]', NULL, NULL, NULL, NULL, 0, '2026-03-12 03:40:19', '2026-03-12 03:40:19', NULL, 0, NULL, NULL, 0, NULL, NULL, 'pending', NULL, NULL, NULL),
(92, 106, 39, NULL, 26, 70, 58, 'AUTO-BDP. 101-S1-TA26', 1, 16, NULL, NULL, NULL, NULL, NULL, 'solo', NULL, '[870100,870101,870102,870103,870104,870105,870106,870107,870108,870109,870110,870111,870112,870113,870114,870115,870116,870118,870119,870120,870122,870123,870125,870127,870128,870130,870131,870132,870133,870134]', NULL, NULL, NULL, NULL, 0, '2026-03-12 03:40:19', '2026-03-12 03:40:19', NULL, 0, NULL, NULL, 0, NULL, NULL, 'pending', NULL, NULL, NULL),
(93, 107, 39, NULL, 26, 70, 58, 'AUTO-BDP. 102-S1-TA26', 1, 16, NULL, NULL, NULL, NULL, NULL, 'solo', NULL, '[870100,870101,870102,870103,870104,870105,870106,870107,870108,870109,870110,870111,870112,870113,870114,870115,870116,870118,870119,870120,870122,870123,870125,870127,870128,870130,870131,870132,870133,870134]', NULL, NULL, NULL, NULL, 0, '2026-03-12 03:40:19', '2026-03-12 03:40:19', NULL, 0, NULL, NULL, 0, NULL, NULL, 'pending', NULL, NULL, NULL),
(94, 108, 39, NULL, 26, 70, 58, 'AUTO-BDP. 103-S1-TA26', 1, 16, NULL, NULL, NULL, NULL, NULL, 'solo', NULL, '[870100,870101,870102,870103,870104,870105,870106,870107,870108,870109,870110,870111,870112,870113,870114,870115,870116,870118,870119,870120,870122,870123,870125,870127,870128,870130,870131,870132,870133,870134]', NULL, NULL, NULL, NULL, 0, '2026-03-12 03:40:19', '2026-03-12 03:40:19', NULL, 0, NULL, NULL, 0, NULL, NULL, 'pending', NULL, NULL, NULL),
(95, 109, 39, NULL, 26, 70, 58, 'AUTO-BDP. 104-S1-TA26', 1, 16, NULL, NULL, NULL, NULL, NULL, 'solo', NULL, '[870100,870101,870102,870103,870104,870105,870106,870107,870108,870109,870110,870111,870112,870113,870114,870115,870116,870118,870119,870120,870122,870123,870125,870127,870128,870130,870131,870132,870133,870134]', NULL, NULL, NULL, NULL, 0, '2026-03-12 03:40:19', '2026-03-12 03:40:19', NULL, 0, NULL, NULL, 0, NULL, NULL, 'pending', NULL, NULL, NULL),
(96, 110, 39, NULL, 26, 70, 58, 'AUTO-BDM. 101-S1-TA26', 1, 16, NULL, NULL, NULL, NULL, NULL, 'solo', NULL, '[870100,870101,870102,870103,870104,870105,870106,870107,870108,870109,870110,870111,870112,870113,870114,870115,870116,870118,870119,870120,870122,870123,870125,870127,870128,870130,870131,870132,870133,870134]', NULL, NULL, NULL, NULL, 0, '2026-03-12 03:40:19', '2026-03-12 03:40:19', NULL, 0, NULL, NULL, 0, NULL, NULL, 'pending', NULL, NULL, NULL),
(97, 111, 39, NULL, 26, 70, 58, 'AUTO-BDU. 102-S1-TA26', 1, 16, NULL, NULL, NULL, NULL, NULL, 'solo', NULL, '[870100,870101,870102,870103,870104,870105,870106,870107,870108,870109,870110,870111,870112,870113,870114,870115,870116,870118,870119,870120,870122,870123,870125,870127,870128,870130,870131,870132,870133,870134]', NULL, NULL, NULL, NULL, 0, '2026-03-12 03:40:19', '2026-03-12 03:40:19', NULL, 0, NULL, NULL, 0, NULL, NULL, 'pending', NULL, NULL, NULL),
(98, 112, 39, NULL, 26, 70, 58, 'AUTO-BDM.102-S1-TA26', 1, 16, NULL, NULL, NULL, NULL, NULL, 'solo', NULL, '[870100,870101,870102,870103,870104,870105,870106,870107,870108,870109,870110,870111,870112,870113,870114,870115,870116,870118,870119,870120,870122,870123,870125,870127,870128,870130,870131,870132,870133,870134]', NULL, NULL, NULL, NULL, 0, '2026-03-12 03:40:19', '2026-03-12 03:40:19', NULL, 0, NULL, NULL, 0, NULL, NULL, 'pending', NULL, NULL, NULL),
(99, 113, 39, NULL, 26, 70, 58, 'AUTO-BDU. 201-S2-TA26', 2, 16, NULL, NULL, NULL, NULL, NULL, 'solo', NULL, '[870100,870101,870102,870103,870104,870105,870106,870107,870108,870109,870110,870111,870112,870113,870114,870115,870116,870118,870119,870120,870122,870123,870125,870127,870128,870130,870131,870132,870133,870134]', NULL, NULL, NULL, NULL, 0, '2026-03-12 03:40:19', '2026-03-12 03:40:19', NULL, 0, NULL, NULL, 0, NULL, NULL, 'pending', NULL, NULL, NULL),
(100, 114, 39, NULL, 26, 70, 58, 'AUTO-BDM. 201-S2-TA26', 2, 16, NULL, NULL, NULL, NULL, NULL, 'solo', NULL, '[870100,870101,870102,870103,870104,870105,870106,870107,870108,870109,870110,870111,870112,870113,870114,870115,870116,870118,870119,870120,870122,870123,870125,870127,870128,870130,870131,870132,870133,870134]', NULL, NULL, NULL, NULL, 0, '2026-03-12 03:40:19', '2026-03-12 03:40:19', NULL, 0, NULL, NULL, 0, NULL, NULL, 'pending', NULL, NULL, NULL),
(101, 115, 39, NULL, 26, 70, 58, 'AUTO-BDP. 201-S2-TA26', 2, 16, NULL, NULL, NULL, NULL, NULL, 'solo', NULL, '[870100,870101,870102,870103,870104,870105,870106,870107,870108,870109,870110,870111,870112,870113,870114,870115,870116,870118,870119,870120,870122,870123,870125,870127,870128,870130,870131,870132,870133,870134]', NULL, NULL, NULL, NULL, 0, '2026-03-12 03:40:19', '2026-03-12 03:40:19', NULL, 0, NULL, NULL, 0, NULL, NULL, 'pending', NULL, NULL, NULL),
(102, 116, 39, NULL, 26, 70, 58, 'AUTO-BDP. 202-S2-TA26', 2, 16, NULL, NULL, NULL, NULL, NULL, 'solo', NULL, '[870100,870101,870102,870103,870104,870105,870106,870107,870108,870109,870110,870111,870112,870113,870114,870115,870116,870118,870119,870120,870122,870123,870125,870127,870128,870130,870131,870132,870133,870134]', NULL, NULL, NULL, NULL, 0, '2026-03-12 03:40:19', '2026-03-12 03:40:19', NULL, 0, NULL, NULL, 0, NULL, NULL, 'pending', NULL, NULL, NULL),
(103, 117, 39, NULL, 26, 70, 58, 'AUTO-BDP. 203-S2-TA26', 2, 16, NULL, NULL, NULL, NULL, NULL, 'solo', NULL, '[870100,870101,870102,870103,870104,870105,870106,870107,870108,870109,870110,870111,870112,870113,870114,870115,870116,870118,870119,870120,870122,870123,870125,870127,870128,870130,870131,870132,870133,870134]', NULL, NULL, NULL, NULL, 0, '2026-03-12 03:40:19', '2026-03-12 03:40:19', NULL, 0, NULL, NULL, 0, NULL, NULL, 'pending', NULL, NULL, NULL),
(104, 118, 39, NULL, 26, 70, 58, 'AUTO-BDM. 202-S2-TA26', 2, 16, NULL, NULL, NULL, NULL, NULL, 'solo', NULL, '[870100,870101,870102,870103,870104,870105,870106,870107,870108,870109,870110,870111,870112,870113,870114,870115,870116,870118,870119,870120,870122,870123,870125,870127,870128,870130,870131,870132,870133,870134]', NULL, NULL, NULL, NULL, 0, '2026-03-12 03:40:19', '2026-03-12 03:40:19', NULL, 0, NULL, NULL, 0, NULL, NULL, 'pending', NULL, NULL, NULL),
(105, 119, 39, NULL, 26, 70, 58, 'AUTO-BDP. 204-S2-TA26', 2, 16, NULL, NULL, NULL, NULL, NULL, 'solo', NULL, '[870100,870101,870102,870103,870104,870105,870106,870107,870108,870109,870110,870111,870112,870113,870114,870115,870116,870118,870119,870120,870122,870123,870125,870127,870128,870130,870131,870132,870133,870134]', NULL, NULL, NULL, NULL, 0, '2026-03-12 03:40:19', '2026-03-12 03:40:19', NULL, 0, NULL, NULL, 0, NULL, NULL, 'pending', NULL, NULL, NULL),
(106, 120, 39, NULL, 26, 70, 58, 'AUTO-BDP. 205-S2-TA26', 2, 16, NULL, NULL, NULL, NULL, NULL, 'solo', NULL, '[870100,870101,870102,870103,870104,870105,870106,870107,870108,870109,870110,870111,870112,870113,870114,870115,870116,870118,870119,870120,870122,870123,870125,870127,870128,870130,870131,870132,870133,870134]', NULL, NULL, NULL, NULL, 0, '2026-03-12 03:40:19', '2026-03-12 03:40:19', NULL, 0, NULL, NULL, 0, NULL, NULL, 'pending', NULL, NULL, NULL),
(107, 121, 39, NULL, 26, 70, 58, 'AUTO-BDP. 301-S3-TA26', 3, 16, NULL, NULL, NULL, NULL, NULL, 'solo', NULL, '[870100,870101,870102,870103,870104,870105,870106,870107,870108,870109,870110,870111,870112,870113,870114,870115,870116,870118,870119,870120,870122,870123,870125,870127,870128,870130,870131,870132,870133,870134]', NULL, NULL, NULL, NULL, 0, '2026-03-12 03:40:19', '2026-03-12 03:40:19', NULL, 0, NULL, NULL, 0, NULL, NULL, 'pending', NULL, NULL, NULL),
(108, 122, 39, NULL, 26, 70, 58, 'AUTO-BDP. 302-S3-TA26', 3, 16, NULL, NULL, NULL, NULL, NULL, 'solo', NULL, '[870100,870101,870102,870103,870104,870105,870106,870107,870108,870109,870110,870111,870112,870113,870114,870115,870116,870118,870119,870120,870122,870123,870125,870127,870128,870130,870131,870132,870133,870134]', NULL, NULL, NULL, NULL, 0, '2026-03-12 03:40:19', '2026-03-12 03:40:19', NULL, 0, NULL, NULL, 0, NULL, NULL, 'pending', NULL, NULL, NULL),
(109, 123, 39, NULL, 26, 70, 58, 'AUTO-BDP. 303-S3-TA26', 3, 16, NULL, NULL, NULL, NULL, NULL, 'solo', NULL, '[870100,870101,870102,870103,870104,870105,870106,870107,870108,870109,870110,870111,870112,870113,870114,870115,870116,870118,870119,870120,870122,870123,870125,870127,870128,870130,870131,870132,870133,870134]', NULL, NULL, NULL, NULL, 0, '2026-03-12 03:40:19', '2026-03-12 03:40:19', NULL, 0, NULL, NULL, 0, NULL, NULL, 'pending', NULL, NULL, NULL),
(110, 124, 39, NULL, 26, 70, 58, 'AUTO-BDP. 304-S3-TA26', 3, 16, NULL, NULL, NULL, NULL, NULL, 'solo', NULL, '[870100,870101,870102,870103,870104,870105,870106,870107,870108,870109,870110,870111,870112,870113,870114,870115,870116,870118,870119,870120,870122,870123,870125,870127,870128,870130,870131,870132,870133,870134]', NULL, NULL, NULL, NULL, 0, '2026-03-12 03:40:19', '2026-03-12 03:40:19', NULL, 0, NULL, NULL, 0, NULL, NULL, 'pending', NULL, NULL, NULL),
(111, 125, 39, NULL, 26, 70, 58, 'AUTO-BDP. 305-S3-TA26', 3, 16, NULL, NULL, NULL, NULL, NULL, 'solo', NULL, '[870100,870101,870102,870103,870104,870105,870106,870107,870108,870109,870110,870111,870112,870113,870114,870115,870116,870118,870119,870120,870122,870123,870125,870127,870128,870130,870131,870132,870133,870134]', NULL, NULL, NULL, NULL, 0, '2026-03-12 03:40:19', '2026-03-12 03:40:19', NULL, 0, NULL, NULL, 0, NULL, NULL, 'pending', NULL, NULL, NULL),
(112, 126, 39, NULL, 26, 70, 58, 'AUTO-BDU. 306-S3-TA26', 3, 16, NULL, NULL, NULL, NULL, NULL, 'solo', NULL, '[870100,870101,870102,870103,870104,870105,870106,870107,870108,870109,870110,870111,870112,870113,870114,870115,870116,870118,870119,870120,870122,870123,870125,870127,870128,870130,870131,870132,870133,870134]', NULL, NULL, NULL, NULL, 0, '2026-03-12 03:40:19', '2026-03-12 03:40:19', NULL, 0, NULL, NULL, 0, NULL, NULL, 'pending', NULL, NULL, NULL);

-- --------------------------------------------------------

--
-- Table structure for table `khs`
--

CREATE TABLE `khs` (
  `id` bigint(20) UNSIGNED NOT NULL,
  `mahasiswa_id` bigint(20) UNSIGNED NOT NULL,
  `krs_id` bigint(20) UNSIGNED NOT NULL,
  `tahun_akademik_id` int(11) DEFAULT NULL,
  `semester` int(11) NOT NULL,
  `created_at` timestamp NULL DEFAULT NULL,
  `updated_at` timestamp NULL DEFAULT NULL
) ENGINE=InnoDB DEFAULT CHARSET=utf8mb4 COLLATE=utf8mb4_unicode_ci;

--
-- Dumping data for table `khs`
--

INSERT INTO `khs` (`id`, `mahasiswa_id`, `krs_id`, `tahun_akademik_id`, `semester`, `created_at`, `updated_at`) VALUES
(58, 870046, 159, NULL, 1, '2026-02-08 23:20:27', '2026-02-08 23:20:27'),
(61, 870047, 165, NULL, 1, '2026-02-08 23:20:27', '2026-02-08 23:20:27'),
(64, 870018, 157, NULL, 2, '2026-02-09 20:38:13', '2026-02-09 20:38:13'),
(65, 870019, 153, NULL, 1, '2026-02-09 20:38:13', '2026-02-09 20:38:13'),
(66, 870023, 154, NULL, 1, '2026-02-09 20:38:13', '2026-02-09 20:38:13'),
(67, 870023, 158, NULL, 2, '2026-02-09 20:38:13', '2026-02-09 20:38:13'),
(68, 870044, 168, NULL, 1, '2026-02-09 20:38:13', '2026-02-09 20:38:13'),
(69, 870059, 169, NULL, 1, '2026-02-09 20:38:13', '2026-02-09 20:38:13'),
(72, 870047, 173, NULL, 2, '2026-02-13 07:16:44', '2026-02-13 07:16:44'),
(73, 870048, 182, NULL, 1, '2026-02-25 08:07:21', '2026-02-25 08:07:21'),
(193, 870165, 264, NULL, 1, '2026-03-11 09:34:48', '2026-03-11 09:34:48'),
(194, 870165, 282, NULL, 2, '2026-03-11 09:34:48', '2026-03-11 09:34:48'),
(195, 870165, 283, NULL, 3, '2026-03-11 09:34:48', '2026-03-11 09:34:48'),
(196, 870165, 318, NULL, 4, '2026-03-11 09:34:48', '2026-03-11 09:34:48'),
(197, 870165, 336, NULL, 5, '2026-03-11 09:34:48', '2026-03-11 09:34:48'),
(198, 870166, 265, NULL, 1, '2026-03-11 09:34:48', '2026-03-11 09:34:48'),
(199, 870166, 284, NULL, 2, '2026-03-11 09:34:48', '2026-03-11 09:34:48'),
(200, 870166, 301, NULL, 3, '2026-03-11 09:34:48', '2026-03-11 09:34:48'),
(201, 870166, 319, NULL, 4, '2026-03-11 09:34:48', '2026-03-11 09:34:48'),
(202, 870166, 337, NULL, 5, '2026-03-11 09:34:48', '2026-03-11 09:34:48'),
(203, 870167, 266, NULL, 1, '2026-03-11 09:34:48', '2026-03-11 09:34:48'),
(204, 870167, 285, NULL, 2, '2026-03-11 09:34:48', '2026-03-11 09:34:48'),
(205, 870167, 302, NULL, 3, '2026-03-11 09:34:48', '2026-03-11 09:34:48'),
(206, 870167, 320, NULL, 4, '2026-03-11 09:34:48', '2026-03-11 09:34:48'),
(207, 870167, 338, NULL, 5, '2026-03-11 09:34:48', '2026-03-11 09:34:48'),
(213, 870169, 268, NULL, 1, '2026-03-11 09:34:48', '2026-03-11 09:34:48'),
(214, 870169, 287, NULL, 2, '2026-03-11 09:34:48', '2026-03-11 09:34:48'),
(215, 870169, 304, NULL, 3, '2026-03-11 09:34:48', '2026-03-11 09:34:48'),
(216, 870169, 322, NULL, 4, '2026-03-11 09:34:48', '2026-03-11 09:34:48'),
(217, 870169, 340, NULL, 5, '2026-03-11 09:34:48', '2026-03-11 09:34:48'),
(218, 870170, 269, NULL, 1, '2026-03-11 09:34:48', '2026-03-11 09:34:48'),
(219, 870170, 288, NULL, 2, '2026-03-11 09:34:48', '2026-03-11 09:34:48'),
(220, 870170, 305, NULL, 3, '2026-03-11 09:34:48', '2026-03-11 09:34:48'),
(221, 870170, 323, NULL, 4, '2026-03-11 09:34:48', '2026-03-11 09:34:48'),
(222, 870170, 341, NULL, 5, '2026-03-11 09:34:48', '2026-03-11 09:34:48'),
(223, 870171, 270, NULL, 1, '2026-03-11 09:34:48', '2026-03-11 09:34:48'),
(224, 870171, 289, NULL, 2, '2026-03-11 09:34:48', '2026-03-11 09:34:48'),
(225, 870171, 306, NULL, 3, '2026-03-11 09:34:48', '2026-03-11 09:34:48'),
(226, 870171, 324, NULL, 4, '2026-03-11 09:34:48', '2026-03-11 09:34:48'),
(227, 870171, 342, NULL, 5, '2026-03-11 09:34:48', '2026-03-11 09:34:48'),
(228, 870172, 271, NULL, 1, '2026-03-11 09:34:48', '2026-03-11 09:34:48'),
(229, 870172, 290, NULL, 2, '2026-03-11 09:34:48', '2026-03-11 09:34:48'),
(230, 870172, 307, NULL, 3, '2026-03-11 09:34:48', '2026-03-11 09:34:48'),
(231, 870172, 325, NULL, 4, '2026-03-11 09:34:48', '2026-03-11 09:34:48'),
(232, 870172, 343, NULL, 5, '2026-03-11 09:34:48', '2026-03-11 09:34:48'),
(233, 870173, 272, NULL, 1, '2026-03-11 09:34:48', '2026-03-11 09:34:48'),
(234, 870173, 291, NULL, 2, '2026-03-11 09:34:48', '2026-03-11 09:34:48'),
(235, 870173, 308, NULL, 3, '2026-03-11 09:34:48', '2026-03-11 09:34:48'),
(236, 870173, 326, NULL, 4, '2026-03-11 09:34:48', '2026-03-11 09:34:48'),
(237, 870173, 344, NULL, 5, '2026-03-11 09:34:48', '2026-03-11 09:34:48'),
(238, 870174, 273, NULL, 1, '2026-03-11 09:34:48', '2026-03-11 09:34:48'),
(239, 870174, 292, NULL, 2, '2026-03-11 09:34:48', '2026-03-11 09:34:48'),
(240, 870174, 309, NULL, 3, '2026-03-11 09:34:48', '2026-03-11 09:34:48'),
(241, 870174, 327, NULL, 4, '2026-03-11 09:34:48', '2026-03-11 09:34:48'),
(242, 870174, 345, NULL, 5, '2026-03-11 09:34:48', '2026-03-11 09:34:48'),
(243, 870175, 274, NULL, 1, '2026-03-11 09:34:48', '2026-03-11 09:34:48'),
(244, 870175, 293, NULL, 2, '2026-03-11 09:34:48', '2026-03-11 09:34:48'),
(245, 870175, 310, NULL, 3, '2026-03-11 09:34:48', '2026-03-11 09:34:48'),
(246, 870175, 328, NULL, 4, '2026-03-11 09:34:48', '2026-03-11 09:34:48'),
(247, 870175, 346, NULL, 5, '2026-03-11 09:34:48', '2026-03-11 09:34:48'),
(248, 870176, 275, NULL, 1, '2026-03-11 09:34:48', '2026-03-11 09:34:48'),
(249, 870176, 294, NULL, 2, '2026-03-11 09:34:48', '2026-03-11 09:34:48'),
(250, 870176, 311, NULL, 3, '2026-03-11 09:34:48', '2026-03-11 09:34:48'),
(251, 870176, 329, NULL, 4, '2026-03-11 09:34:48', '2026-03-11 09:34:48'),
(252, 870176, 347, NULL, 5, '2026-03-11 09:34:48', '2026-03-11 09:34:48'),
(253, 870177, 276, NULL, 1, '2026-03-11 09:34:48', '2026-03-11 09:34:48'),
(254, 870177, 295, NULL, 2, '2026-03-11 09:34:48', '2026-03-11 09:34:48'),
(255, 870177, 312, NULL, 3, '2026-03-11 09:34:48', '2026-03-11 09:34:48'),
(256, 870177, 330, NULL, 4, '2026-03-11 09:34:48', '2026-03-11 09:34:48'),
(257, 870177, 348, NULL, 5, '2026-03-11 09:34:48', '2026-03-11 09:34:48'),
(258, 870178, 277, NULL, 1, '2026-03-11 09:34:48', '2026-03-11 09:34:48'),
(259, 870178, 296, NULL, 2, '2026-03-11 09:34:48', '2026-03-11 09:34:48'),
(260, 870178, 313, NULL, 3, '2026-03-11 09:34:48', '2026-03-11 09:34:48'),
(261, 870178, 331, NULL, 4, '2026-03-11 09:34:48', '2026-03-11 09:34:48'),
(262, 870178, 349, NULL, 5, '2026-03-11 09:34:48', '2026-03-11 09:34:48'),
(263, 870179, 278, NULL, 1, '2026-03-11 09:34:48', '2026-03-11 09:34:48'),
(264, 870179, 297, NULL, 2, '2026-03-11 09:34:48', '2026-03-11 09:34:48'),
(265, 870179, 314, NULL, 3, '2026-03-11 09:34:48', '2026-03-11 09:34:48'),
(266, 870179, 332, NULL, 4, '2026-03-11 09:34:48', '2026-03-11 09:34:48'),
(267, 870179, 350, NULL, 5, '2026-03-11 09:34:48', '2026-03-11 09:34:48'),
(268, 870180, 279, NULL, 1, '2026-03-11 09:34:48', '2026-03-11 09:34:48'),
(269, 870180, 298, NULL, 2, '2026-03-11 09:34:48', '2026-03-11 09:34:48'),
(270, 870180, 315, NULL, 3, '2026-03-11 09:34:48', '2026-03-11 09:34:48'),
(271, 870180, 333, NULL, 4, '2026-03-11 09:34:48', '2026-03-11 09:34:48'),
(272, 870180, 351, NULL, 5, '2026-03-11 09:34:48', '2026-03-11 09:34:48'),
(273, 870181, 280, NULL, 1, '2026-03-11 09:34:48', '2026-03-11 09:34:48'),
(274, 870181, 299, NULL, 2, '2026-03-11 09:34:48', '2026-03-11 09:34:48'),
(275, 870181, 316, NULL, 3, '2026-03-11 09:34:48', '2026-03-11 09:34:48'),
(276, 870181, 334, NULL, 4, '2026-03-11 09:34:48', '2026-03-11 09:34:48'),
(277, 870181, 352, NULL, 5, '2026-03-11 09:34:48', '2026-03-11 09:34:48'),
(278, 870182, 281, NULL, 1, '2026-03-11 09:34:48', '2026-03-11 09:34:48'),
(279, 870182, 300, NULL, 2, '2026-03-11 09:34:48', '2026-03-11 09:34:48'),
(280, 870182, 317, NULL, 3, '2026-03-11 09:34:48', '2026-03-11 09:34:48'),
(281, 870182, 335, NULL, 4, '2026-03-11 09:34:48', '2026-03-11 09:34:48'),
(282, 870182, 353, NULL, 5, '2026-03-11 09:34:48', '2026-03-11 09:34:48'),
(283, 870046, 414, NULL, 2, '2026-03-11 10:17:12', '2026-03-11 10:17:12'),
(284, 870100, 416, NULL, 1, '2026-03-12 11:26:43', '2026-03-12 11:26:43'),
(285, 870100, 446, NULL, 2, '2026-03-12 11:26:43', '2026-03-12 11:26:43'),
(286, 870100, 476, NULL, 3, '2026-03-12 11:26:43', '2026-03-12 11:26:43'),
(287, 870101, 417, NULL, 1, '2026-03-12 11:26:43', '2026-03-12 11:26:43'),
(288, 870101, 447, NULL, 2, '2026-03-12 11:26:43', '2026-03-12 11:26:43'),
(289, 870101, 477, NULL, 3, '2026-03-12 11:26:43', '2026-03-12 11:26:43'),
(290, 870102, 418, NULL, 1, '2026-03-12 11:26:43', '2026-03-12 11:26:43'),
(291, 870102, 448, NULL, 2, '2026-03-12 11:26:43', '2026-03-12 11:26:43'),
(292, 870102, 478, NULL, 3, '2026-03-12 11:26:43', '2026-03-12 11:26:43'),
(293, 870103, 419, NULL, 1, '2026-03-12 11:26:43', '2026-03-12 11:26:43'),
(294, 870103, 449, NULL, 2, '2026-03-12 11:26:43', '2026-03-12 11:26:43'),
(295, 870103, 479, NULL, 3, '2026-03-12 11:26:43', '2026-03-12 11:26:43'),
(296, 870104, 420, NULL, 1, '2026-03-12 11:26:43', '2026-03-12 11:26:43'),
(297, 870104, 450, NULL, 2, '2026-03-12 11:26:43', '2026-03-12 11:26:43'),
(298, 870104, 480, NULL, 3, '2026-03-12 11:26:43', '2026-03-12 11:26:43'),
(299, 870105, 421, NULL, 1, '2026-03-12 11:26:43', '2026-03-12 11:26:43'),
(300, 870105, 451, NULL, 2, '2026-03-12 11:26:43', '2026-03-12 11:26:43'),
(301, 870105, 481, NULL, 3, '2026-03-12 11:26:43', '2026-03-12 11:26:43'),
(302, 870106, 422, NULL, 1, '2026-03-12 11:26:43', '2026-03-12 11:26:43'),
(303, 870106, 452, NULL, 2, '2026-03-12 11:26:43', '2026-03-12 11:26:43'),
(304, 870106, 482, NULL, 3, '2026-03-12 11:26:43', '2026-03-12 11:26:43'),
(305, 870107, 423, NULL, 1, '2026-03-12 11:26:43', '2026-03-12 11:26:43'),
(306, 870107, 453, NULL, 2, '2026-03-12 11:26:43', '2026-03-12 11:26:43'),
(307, 870107, 483, NULL, 3, '2026-03-12 11:26:43', '2026-03-12 11:26:43'),
(308, 870108, 424, NULL, 1, '2026-03-12 11:26:43', '2026-03-12 11:26:43'),
(309, 870108, 454, NULL, 2, '2026-03-12 11:26:43', '2026-03-12 11:26:43'),
(310, 870108, 484, NULL, 3, '2026-03-12 11:26:43', '2026-03-12 11:26:43'),
(311, 870109, 425, NULL, 1, '2026-03-12 11:26:43', '2026-03-12 11:26:43'),
(312, 870109, 455, NULL, 2, '2026-03-12 11:26:43', '2026-03-12 11:26:43'),
(313, 870109, 485, NULL, 3, '2026-03-12 11:26:43', '2026-03-12 11:26:43'),
(314, 870110, 426, NULL, 1, '2026-03-12 11:26:43', '2026-03-12 11:26:43'),
(315, 870110, 456, NULL, 2, '2026-03-12 11:26:43', '2026-03-12 11:26:43'),
(316, 870110, 486, NULL, 3, '2026-03-12 11:26:43', '2026-03-12 11:26:43'),
(317, 870111, 427, NULL, 1, '2026-03-12 11:26:43', '2026-03-12 11:26:43'),
(318, 870111, 457, NULL, 2, '2026-03-12 11:26:43', '2026-03-12 11:26:43'),
(319, 870111, 487, NULL, 3, '2026-03-12 11:26:43', '2026-03-12 11:26:43'),
(320, 870112, 428, NULL, 1, '2026-03-12 11:26:43', '2026-03-12 11:26:43'),
(321, 870112, 458, NULL, 2, '2026-03-12 11:26:43', '2026-03-12 11:26:43'),
(322, 870112, 488, NULL, 3, '2026-03-12 11:26:43', '2026-03-12 11:26:43'),
(323, 870113, 429, NULL, 1, '2026-03-12 11:26:43', '2026-03-12 11:26:43'),
(324, 870113, 459, NULL, 2, '2026-03-12 11:26:43', '2026-03-12 11:26:43'),
(325, 870113, 489, NULL, 3, '2026-03-12 11:26:43', '2026-03-12 11:26:43'),
(326, 870114, 430, NULL, 1, '2026-03-12 11:26:43', '2026-03-12 11:26:43'),
(327, 870114, 460, NULL, 2, '2026-03-12 11:26:43', '2026-03-12 11:26:43'),
(328, 870114, 490, NULL, 3, '2026-03-12 11:26:43', '2026-03-12 11:26:43'),
(329, 870115, 431, NULL, 1, '2026-03-12 11:26:43', '2026-03-12 11:26:43'),
(330, 870115, 461, NULL, 2, '2026-03-12 11:26:43', '2026-03-12 11:26:43'),
(331, 870115, 491, NULL, 3, '2026-03-12 11:26:43', '2026-03-12 11:26:43'),
(332, 870116, 432, NULL, 1, '2026-03-12 11:26:43', '2026-03-12 11:26:43'),
(333, 870116, 462, NULL, 2, '2026-03-12 11:26:43', '2026-03-12 11:26:43'),
(334, 870116, 492, NULL, 3, '2026-03-12 11:26:43', '2026-03-12 11:26:43'),
(335, 870118, 433, NULL, 1, '2026-03-12 11:26:43', '2026-03-12 11:26:43'),
(336, 870118, 463, NULL, 2, '2026-03-12 11:26:43', '2026-03-12 11:26:43'),
(337, 870118, 493, NULL, 3, '2026-03-12 11:26:43', '2026-03-12 11:26:43'),
(338, 870119, 434, NULL, 1, '2026-03-12 11:26:43', '2026-03-12 11:26:43'),
(339, 870119, 464, NULL, 2, '2026-03-12 11:26:43', '2026-03-12 11:26:43'),
(340, 870119, 494, NULL, 3, '2026-03-12 11:26:43', '2026-03-12 11:26:43'),
(341, 870120, 435, NULL, 1, '2026-03-12 11:26:43', '2026-03-12 11:26:43'),
(342, 870120, 465, NULL, 2, '2026-03-12 11:26:43', '2026-03-12 11:26:43'),
(343, 870120, 495, NULL, 3, '2026-03-12 11:26:43', '2026-03-12 11:26:43'),
(344, 870122, 436, NULL, 1, '2026-03-12 11:26:43', '2026-03-12 11:26:43'),
(345, 870122, 466, NULL, 2, '2026-03-12 11:26:43', '2026-03-12 11:26:43'),
(346, 870122, 496, NULL, 3, '2026-03-12 11:26:43', '2026-03-12 11:26:43'),
(347, 870123, 437, NULL, 1, '2026-03-12 11:26:43', '2026-03-12 11:26:43'),
(348, 870123, 467, NULL, 2, '2026-03-12 11:26:43', '2026-03-12 11:26:43'),
(349, 870123, 497, NULL, 3, '2026-03-12 11:26:43', '2026-03-12 11:26:43'),
(350, 870125, 438, NULL, 1, '2026-03-12 11:26:43', '2026-03-12 11:26:43'),
(351, 870125, 468, NULL, 2, '2026-03-12 11:26:43', '2026-03-12 11:26:43'),
(352, 870125, 498, NULL, 3, '2026-03-12 11:26:43', '2026-03-12 11:26:43'),
(353, 870127, 439, NULL, 1, '2026-03-12 11:26:43', '2026-03-12 11:26:43'),
(354, 870127, 469, NULL, 2, '2026-03-12 11:26:43', '2026-03-12 11:26:43'),
(355, 870127, 499, NULL, 3, '2026-03-12 11:26:43', '2026-03-12 11:26:43'),
(356, 870128, 440, NULL, 1, '2026-03-12 11:26:43', '2026-03-12 11:26:43'),
(357, 870128, 470, NULL, 2, '2026-03-12 11:26:43', '2026-03-12 11:26:43'),
(358, 870128, 500, NULL, 3, '2026-03-12 11:26:43', '2026-03-12 11:26:43'),
(359, 870130, 441, NULL, 1, '2026-03-12 11:26:43', '2026-03-12 11:26:43'),
(360, 870130, 471, NULL, 2, '2026-03-12 11:26:43', '2026-03-12 11:26:43'),
(361, 870130, 501, NULL, 3, '2026-03-12 11:26:43', '2026-03-12 11:26:43'),
(362, 870131, 442, NULL, 1, '2026-03-12 11:26:43', '2026-03-12 11:26:43'),
(363, 870131, 472, NULL, 2, '2026-03-12 11:26:43', '2026-03-12 11:26:43'),
(364, 870131, 502, NULL, 3, '2026-03-12 11:26:43', '2026-03-12 11:26:43'),
(365, 870132, 443, NULL, 1, '2026-03-12 11:26:43', '2026-03-12 11:26:43'),
(366, 870132, 473, NULL, 2, '2026-03-12 11:26:43', '2026-03-12 11:26:43'),
(367, 870132, 503, NULL, 3, '2026-03-12 11:26:43', '2026-03-12 11:26:43'),
(368, 870133, 444, NULL, 1, '2026-03-12 11:26:43', '2026-03-12 11:26:43'),
(369, 870133, 474, NULL, 2, '2026-03-12 11:26:43', '2026-03-12 11:26:43'),
(370, 870133, 504, NULL, 3, '2026-03-12 11:26:43', '2026-03-12 11:26:43'),
(371, 870134, 445, NULL, 1, '2026-03-12 11:26:43', '2026-03-12 11:26:43'),
(372, 870134, 475, NULL, 2, '2026-03-12 11:26:43', '2026-03-12 11:26:43'),
(373, 870134, 505, NULL, 3, '2026-03-12 11:26:43', '2026-03-12 11:26:43'),
(374, 870138, 506, NULL, 1, '2026-03-12 11:26:43', '2026-03-12 11:26:43'),
(375, 870139, 415, NULL, 1, '2026-03-12 11:26:43', '2026-03-12 11:26:43'),
(376, 870140, 507, NULL, 1, '2026-03-12 11:26:43', '2026-03-12 11:26:43'),
(377, 870141, 508, NULL, 1, '2026-03-12 11:26:43', '2026-03-12 11:26:43'),
(378, 870142, 509, NULL, 1, '2026-03-12 11:26:43', '2026-03-12 11:26:43'),
(379, 870143, 510, NULL, 1, '2026-03-12 11:26:43', '2026-03-12 11:26:43'),
(380, 870144, 511, NULL, 1, '2026-03-12 11:26:43', '2026-03-12 11:26:43'),
(381, 870145, 512, NULL, 1, '2026-03-12 11:26:43', '2026-03-12 11:26:43'),
(382, 870146, 513, NULL, 1, '2026-03-12 11:26:43', '2026-03-12 11:26:43'),
(383, 870147, 514, NULL, 1, '2026-03-12 11:26:43', '2026-03-12 11:26:43'),
(384, 870148, 515, NULL, 1, '2026-03-12 11:26:43', '2026-03-12 11:26:43'),
(385, 870149, 516, NULL, 1, '2026-03-12 11:26:43', '2026-03-12 11:26:43'),
(386, 870150, 517, NULL, 1, '2026-03-12 11:26:43', '2026-03-12 11:26:43'),
(387, 870151, 518, NULL, 1, '2026-03-12 11:26:43', '2026-03-12 11:26:43'),
(388, 870152, 519, NULL, 1, '2026-03-12 11:26:43', '2026-03-12 11:26:43'),
(389, 870153, 520, NULL, 1, '2026-03-12 11:26:43', '2026-03-12 11:26:43'),
(390, 870154, 521, NULL, 1, '2026-03-12 11:26:43', '2026-03-12 11:26:43'),
(391, 870155, 522, NULL, 1, '2026-03-12 11:26:43', '2026-03-12 11:26:43'),
(392, 870156, 523, NULL, 1, '2026-03-12 11:26:43', '2026-03-12 11:26:43'),
(393, 870157, 524, NULL, 1, '2026-03-12 11:26:43', '2026-03-12 11:26:43'),
(394, 870158, 525, NULL, 1, '2026-03-12 11:26:43', '2026-03-12 11:26:43'),
(395, 870159, 526, NULL, 1, '2026-03-12 11:26:43', '2026-03-12 11:26:43'),
(396, 870160, 527, NULL, 1, '2026-03-12 11:26:43', '2026-03-12 11:26:43'),
(397, 870161, 528, NULL, 1, '2026-03-12 11:26:43', '2026-03-12 11:26:43'),
(398, 870162, 529, NULL, 1, '2026-03-12 11:26:43', '2026-03-12 11:26:43'),
(399, 870163, 530, NULL, 1, '2026-03-12 11:26:43', '2026-03-12 11:26:43'),
(400, 870164, 531, NULL, 1, '2026-03-12 11:26:43', '2026-03-12 11:26:43');

-- --------------------------------------------------------

--
-- Table structure for table `khs_detail`
--

CREATE TABLE `khs_detail` (
  `id` bigint(20) UNSIGNED NOT NULL,
  `khs_id` bigint(20) UNSIGNED NOT NULL,
  `mata_kuliah_id` bigint(20) UNSIGNED NOT NULL,
  `nilai_huruf` varchar(255) DEFAULT NULL,
  `nilai_angka` decimal(5,2) DEFAULT NULL,
  `sks` int(11) NOT NULL DEFAULT 0,
  `created_at` timestamp NULL DEFAULT NULL,
  `updated_at` timestamp NULL DEFAULT NULL
) ENGINE=InnoDB DEFAULT CHARSET=utf8mb4 COLLATE=utf8mb4_unicode_ci;

--
-- Dumping data for table `khs_detail`
--

INSERT INTO `khs_detail` (`id`, `khs_id`, `mata_kuliah_id`, `nilai_huruf`, `nilai_angka`, `sks`, `created_at`, `updated_at`) VALUES
(59, 58, 67, 'B', 77.00, 3, '2026-02-08 23:20:27', '2026-02-26 02:47:59'),
(60, 58, 69, 'A', 80.00, 5, '2026-02-08 23:20:27', '2026-03-11 09:41:10'),
(65, 61, 67, NULL, NULL, 3, '2026-02-08 23:20:27', '2026-02-08 23:20:27'),
(66, 61, 69, NULL, NULL, 5, '2026-02-08 23:20:27', '2026-02-08 23:20:27'),
(71, 64, 68, NULL, NULL, 3, '2026-02-09 20:38:13', '2026-02-09 20:38:13'),
(72, 65, 62, 'A', 80.00, 4, '2026-02-09 20:38:13', '2026-02-09 20:41:56'),
(73, 65, 64, NULL, NULL, 3, '2026-02-09 20:38:13', '2026-02-09 20:38:13'),
(74, 65, 66, NULL, NULL, 3, '2026-02-09 20:38:13', '2026-02-09 20:38:13'),
(75, 66, 62, 'B', 78.00, 4, '2026-02-09 20:38:13', '2026-02-09 20:41:56'),
(76, 66, 64, NULL, NULL, 3, '2026-02-09 20:38:13', '2026-02-09 20:38:13'),
(77, 67, 68, NULL, NULL, 3, '2026-02-09 20:38:13', '2026-02-09 20:38:13'),
(78, 68, 62, NULL, NULL, 4, '2026-02-09 20:38:13', '2026-02-09 20:38:13'),
(79, 68, 64, NULL, NULL, 3, '2026-02-09 20:38:13', '2026-02-09 20:38:13'),
(80, 68, 66, NULL, NULL, 3, '2026-02-09 20:38:13', '2026-02-09 20:38:13'),
(81, 69, 74, NULL, NULL, 3, '2026-02-09 20:38:13', '2026-02-09 20:38:13'),
(82, 69, 75, NULL, NULL, 3, '2026-02-09 20:38:13', '2026-02-09 20:38:13'),
(87, 72, 70, NULL, NULL, 3, '2026-02-13 07:16:44', '2026-02-13 07:16:44'),
(88, 72, 71, NULL, NULL, 3, '2026-02-13 07:16:44', '2026-02-13 07:16:44'),
(89, 73, 69, NULL, NULL, 5, '2026-02-25 08:07:21', '2026-02-25 08:07:21'),
(90, 73, 67, NULL, NULL, 3, '2026-02-25 08:07:21', '2026-02-25 08:07:21'),
(983, 193, 139, 'B', 79.00, 3, '2026-03-11 09:34:48', '2026-03-12 11:26:43'),
(984, 193, 140, 'A', 89.00, 3, '2026-03-11 09:34:48', '2026-03-12 11:26:43'),
(985, 193, 141, 'B', 76.00, 4, '2026-03-11 09:34:48', '2026-03-12 11:26:43'),
(986, 193, 142, 'A', 80.00, 3, '2026-03-11 09:34:48', '2026-03-12 11:26:43'),
(987, 193, 143, 'B', 76.00, 4, '2026-03-11 09:34:48', '2026-03-12 11:26:43'),
(988, 193, 144, 'A', 82.00, 3, '2026-03-11 09:34:48', '2026-03-12 11:26:43'),
(989, 193, 145, 'A', 86.60, 3, '2026-03-11 09:34:48', '2026-03-12 11:26:43'),
(990, 194, 146, 'B', 74.80, 3, '2026-03-11 09:34:48', '2026-03-12 11:26:43'),
(991, 194, 147, 'A', 82.90, 3, '2026-03-11 09:34:48', '2026-03-12 11:26:43'),
(992, 194, 148, 'A', 79.40, 5, '2026-03-11 09:34:48', '2026-03-12 11:26:43'),
(993, 194, 149, 'A', 82.90, 2, '2026-03-11 09:34:48', '2026-03-12 11:26:43'),
(994, 194, 150, 'B', 69.60, 4, '2026-03-11 09:34:48', '2026-03-12 11:26:43'),
(995, 194, 151, 'A', 88.50, 2, '2026-03-11 09:34:48', '2026-03-12 11:26:44'),
(996, 194, 152, 'A', 89.00, 2, '2026-03-11 09:34:48', '2026-03-12 11:26:44'),
(997, 195, 153, 'A', 85.30, 5, '2026-03-11 09:34:48', '2026-03-12 11:26:44'),
(998, 195, 154, 'A', 85.50, 3, '2026-03-11 09:34:48', '2026-03-12 11:26:44'),
(999, 195, 155, NULL, NULL, 5, '2026-03-11 09:34:48', '2026-03-11 09:34:48'),
(1000, 195, 156, NULL, NULL, 4, '2026-03-11 09:34:48', '2026-03-11 09:34:48'),
(1001, 195, 157, 'A', 88.60, 6, '2026-03-11 09:34:48', '2026-03-12 11:26:44'),
(1002, 196, 158, 'A', 82.90, 4, '2026-03-11 09:34:48', '2026-03-12 11:26:44'),
(1003, 196, 159, 'A', 82.90, 4, '2026-03-11 09:34:48', '2026-03-12 11:26:44'),
(1004, 196, 160, 'A', 87.90, 6, '2026-03-11 09:34:48', '2026-03-12 11:26:44'),
(1005, 196, 161, 'A', 82.90, 3, '2026-03-11 09:34:48', '2026-03-12 11:26:44'),
(1006, 196, 162, 'A', 82.90, 3, '2026-03-11 09:34:48', '2026-03-12 11:26:44'),
(1007, 197, 163, 'A', 85.70, 3, '2026-03-11 09:34:48', '2026-03-12 11:26:44'),
(1008, 197, 164, 'B', 76.00, 3, '2026-03-11 09:34:48', '2026-03-12 11:26:44'),
(1009, 197, 165, 'B', 76.80, 3, '2026-03-11 09:34:48', '2026-03-12 11:26:44'),
(1010, 197, 166, 'A', 89.50, 2, '2026-03-11 09:34:48', '2026-03-12 11:26:44'),
(1011, 197, 167, NULL, NULL, 2, '2026-03-11 09:34:48', '2026-03-11 09:34:48'),
(1012, 197, 168, NULL, NULL, 4, '2026-03-11 09:34:48', '2026-03-11 09:34:48'),
(1013, 198, 139, 'B', 78.00, 3, '2026-03-11 09:34:48', '2026-03-12 11:26:44'),
(1014, 198, 140, 'A', 87.00, 3, '2026-03-11 09:34:48', '2026-03-12 11:26:44'),
(1015, 198, 141, 'B', 72.00, 4, '2026-03-11 09:34:48', '2026-03-12 11:26:44'),
(1016, 198, 142, 'B', 76.00, 3, '2026-03-11 09:34:48', '2026-03-12 11:26:44'),
(1017, 198, 143, 'A', 80.00, 4, '2026-03-11 09:34:48', '2026-03-12 11:26:44'),
(1018, 198, 144, 'A', 84.00, 3, '2026-03-11 09:34:48', '2026-03-12 11:26:44'),
(1019, 198, 145, 'B', 74.20, 3, '2026-03-11 09:34:48', '2026-03-12 11:26:44'),
(1020, 199, 146, 'B', 75.10, 3, '2026-03-11 09:34:48', '2026-03-12 11:26:44'),
(1021, 199, 147, 'A', 80.10, 3, '2026-03-11 09:34:48', '2026-03-12 11:26:44'),
(1022, 199, 148, 'B', 75.40, 5, '2026-03-11 09:34:48', '2026-03-12 11:26:44'),
(1023, 199, 149, 'A', 80.00, 2, '2026-03-11 09:34:48', '2026-03-12 11:26:44'),
(1024, 199, 150, 'B', 76.70, 4, '2026-03-11 09:34:48', '2026-03-12 11:26:44'),
(1025, 199, 151, 'B', 77.50, 2, '2026-03-11 09:34:48', '2026-03-12 11:26:44'),
(1026, 199, 152, 'A', 82.00, 2, '2026-03-11 09:34:48', '2026-03-12 11:26:44'),
(1027, 200, 153, 'B', 79.00, 5, '2026-03-11 09:34:48', '2026-03-12 11:26:44'),
(1028, 200, 154, 'A', 80.50, 3, '2026-03-11 09:34:48', '2026-03-12 11:26:44'),
(1029, 200, 155, NULL, NULL, 5, '2026-03-11 09:34:48', '2026-03-11 09:34:48'),
(1030, 200, 156, NULL, NULL, 4, '2026-03-11 09:34:48', '2026-03-11 09:34:48'),
(1031, 200, 157, 'A', 84.00, 6, '2026-03-11 09:34:48', '2026-03-12 11:26:44'),
(1032, 201, 158, 'B', 79.00, 4, '2026-03-11 09:34:48', '2026-03-12 11:26:44'),
(1033, 201, 159, 'B', 79.00, 4, '2026-03-11 09:34:48', '2026-03-12 11:26:44'),
(1034, 201, 160, 'A', 86.50, 6, '2026-03-11 09:34:48', '2026-03-12 11:26:44'),
(1035, 201, 161, 'B', 79.00, 3, '2026-03-11 09:34:48', '2026-03-12 11:26:44'),
(1036, 201, 162, 'B', 79.00, 3, '2026-03-11 09:34:48', '2026-03-12 11:26:44'),
(1037, 202, 163, 'A', 84.20, 3, '2026-03-11 09:34:48', '2026-03-12 11:26:44'),
(1038, 202, 164, 'A', 82.00, 3, '2026-03-11 09:34:48', '2026-03-12 11:26:44'),
(1039, 202, 165, 'B', 73.30, 3, '2026-03-11 09:34:48', '2026-03-12 11:26:44'),
(1040, 202, 166, 'A', 88.20, 2, '2026-03-11 09:34:48', '2026-03-12 11:26:44'),
(1041, 202, 167, NULL, NULL, 2, '2026-03-11 09:34:48', '2026-03-11 09:34:48'),
(1042, 202, 168, NULL, NULL, 4, '2026-03-11 09:34:48', '2026-03-11 09:34:48'),
(1043, 203, 139, NULL, NULL, 3, '2026-03-11 09:34:48', '2026-03-11 09:34:48'),
(1044, 203, 140, NULL, NULL, 3, '2026-03-11 09:34:48', '2026-03-11 09:34:48'),
(1045, 203, 141, NULL, NULL, 4, '2026-03-11 09:34:48', '2026-03-11 09:34:48'),
(1046, 203, 142, NULL, NULL, 3, '2026-03-11 09:34:48', '2026-03-11 09:34:48'),
(1047, 203, 143, NULL, NULL, 4, '2026-03-11 09:34:48', '2026-03-11 09:34:48'),
(1048, 203, 144, NULL, NULL, 3, '2026-03-11 09:34:48', '2026-03-11 09:34:48'),
(1049, 203, 145, NULL, NULL, 3, '2026-03-11 09:34:48', '2026-03-11 09:34:48'),
(1050, 204, 146, NULL, NULL, 3, '2026-03-11 09:34:48', '2026-03-11 09:34:48'),
(1051, 204, 147, NULL, NULL, 3, '2026-03-11 09:34:48', '2026-03-11 09:34:48'),
(1052, 204, 148, NULL, NULL, 5, '2026-03-11 09:34:48', '2026-03-11 09:34:48'),
(1053, 204, 149, NULL, NULL, 2, '2026-03-11 09:34:48', '2026-03-11 09:34:48'),
(1054, 204, 150, NULL, NULL, 4, '2026-03-11 09:34:48', '2026-03-11 09:34:48'),
(1055, 204, 151, NULL, NULL, 2, '2026-03-11 09:34:48', '2026-03-11 09:34:48'),
(1056, 204, 152, NULL, NULL, 2, '2026-03-11 09:34:48', '2026-03-11 09:34:48'),
(1057, 205, 153, NULL, NULL, 5, '2026-03-11 09:34:48', '2026-03-11 09:34:48'),
(1058, 205, 154, NULL, NULL, 3, '2026-03-11 09:34:48', '2026-03-11 09:34:48'),
(1059, 205, 155, NULL, NULL, 5, '2026-03-11 09:34:48', '2026-03-11 09:34:48'),
(1060, 205, 156, NULL, NULL, 4, '2026-03-11 09:34:48', '2026-03-11 09:34:48'),
(1061, 205, 157, NULL, NULL, 6, '2026-03-11 09:34:48', '2026-03-11 09:34:48'),
(1062, 206, 158, NULL, NULL, 4, '2026-03-11 09:34:48', '2026-03-11 09:34:48'),
(1063, 206, 159, NULL, NULL, 4, '2026-03-11 09:34:48', '2026-03-11 09:34:48'),
(1064, 206, 160, NULL, NULL, 6, '2026-03-11 09:34:48', '2026-03-11 09:34:48'),
(1065, 206, 161, NULL, NULL, 3, '2026-03-11 09:34:48', '2026-03-11 09:34:48'),
(1066, 206, 162, NULL, NULL, 3, '2026-03-11 09:34:48', '2026-03-11 09:34:48'),
(1067, 207, 163, NULL, NULL, 3, '2026-03-11 09:34:48', '2026-03-11 09:34:48'),
(1068, 207, 164, NULL, NULL, 3, '2026-03-11 09:34:48', '2026-03-11 09:34:48'),
(1069, 207, 165, NULL, NULL, 3, '2026-03-11 09:34:48', '2026-03-11 09:34:48'),
(1070, 207, 166, NULL, NULL, 2, '2026-03-11 09:34:48', '2026-03-11 09:34:48'),
(1071, 207, 167, NULL, NULL, 2, '2026-03-11 09:34:48', '2026-03-11 09:34:48'),
(1072, 207, 168, NULL, NULL, 4, '2026-03-11 09:34:48', '2026-03-11 09:34:48'),
(1103, 213, 139, 'B', 79.00, 3, '2026-03-11 09:34:48', '2026-03-12 11:26:44'),
(1104, 213, 140, 'A', 88.00, 3, '2026-03-11 09:34:48', '2026-03-12 11:26:44'),
(1105, 213, 141, 'B', 76.00, 4, '2026-03-11 09:34:48', '2026-03-12 11:26:44'),
(1106, 213, 142, 'A', 82.00, 3, '2026-03-11 09:34:48', '2026-03-12 11:26:44'),
(1107, 213, 143, 'B', 78.00, 4, '2026-03-11 09:34:48', '2026-03-12 11:26:44'),
(1108, 213, 144, 'B', 79.00, 3, '2026-03-11 09:34:48', '2026-03-12 11:26:44'),
(1109, 213, 145, NULL, NULL, 3, '2026-03-11 09:34:48', '2026-03-11 09:34:48'),
(1110, 214, 146, 'C', 60.00, 3, '2026-03-11 09:34:48', '2026-03-12 11:26:44'),
(1111, 214, 147, 'C', 65.00, 3, '2026-03-11 09:34:48', '2026-03-12 11:26:44'),
(1112, 214, 148, 'C', 60.00, 5, '2026-03-11 09:34:48', '2026-03-12 11:26:44'),
(1113, 214, 149, 'C', 60.50, 2, '2026-03-11 09:34:48', '2026-03-12 11:26:44'),
(1114, 214, 150, 'C', 64.50, 4, '2026-03-11 09:34:48', '2026-03-12 11:26:44'),
(1115, 214, 151, 'C', 65.00, 2, '2026-03-11 09:34:48', '2026-03-12 11:26:44'),
(1116, 214, 152, 'C', 60.00, 2, '2026-03-11 09:34:48', '2026-03-12 11:26:44'),
(1117, 215, 153, 'C', 68.00, 5, '2026-03-11 09:34:48', '2026-03-12 11:26:44'),
(1118, 215, 154, 'C', 67.00, 3, '2026-03-11 09:34:48', '2026-03-12 11:26:44'),
(1119, 215, 155, NULL, NULL, 5, '2026-03-11 09:34:48', '2026-03-11 09:34:48'),
(1120, 215, 156, NULL, NULL, 4, '2026-03-11 09:34:48', '2026-03-11 09:34:48'),
(1121, 215, 157, 'C', 67.00, 6, '2026-03-11 09:34:48', '2026-03-12 11:26:44'),
(1122, 216, 158, 'C', 69.00, 4, '2026-03-11 09:34:48', '2026-03-12 11:26:44'),
(1123, 216, 159, 'B', 72.00, 4, '2026-03-11 09:34:48', '2026-03-12 11:26:44'),
(1124, 216, 160, 'C', 65.90, 6, '2026-03-11 09:34:48', '2026-03-12 11:26:44'),
(1125, 216, 161, 'C', 68.00, 3, '2026-03-11 09:34:48', '2026-03-12 11:26:44'),
(1126, 216, 162, 'C', 68.00, 3, '2026-03-11 09:34:48', '2026-03-12 11:26:44'),
(1127, 217, 163, NULL, NULL, 3, '2026-03-11 09:34:48', '2026-03-11 09:34:48'),
(1128, 217, 164, 'B', 75.00, 3, '2026-03-11 09:34:48', '2026-03-12 11:26:44'),
(1129, 217, 165, NULL, NULL, 3, '2026-03-11 09:34:48', '2026-03-11 09:34:48'),
(1130, 217, 166, NULL, NULL, 2, '2026-03-11 09:34:48', '2026-03-11 09:34:48'),
(1131, 217, 167, NULL, NULL, 2, '2026-03-11 09:34:48', '2026-03-11 09:34:48'),
(1132, 217, 168, NULL, NULL, 4, '2026-03-11 09:34:48', '2026-03-11 09:34:48'),
(1133, 218, 139, 'B', 78.00, 3, '2026-03-11 09:34:48', '2026-03-12 11:26:44'),
(1134, 218, 140, 'A', 86.00, 3, '2026-03-11 09:34:48', '2026-03-12 11:26:44'),
(1135, 218, 141, 'B', 74.00, 4, '2026-03-11 09:34:48', '2026-03-12 11:26:44'),
(1136, 218, 142, 'A', 82.00, 3, '2026-03-11 09:34:48', '2026-03-12 11:26:44'),
(1137, 218, 143, 'B', 79.00, 4, '2026-03-11 09:34:48', '2026-03-12 11:26:44'),
(1138, 218, 144, 'A', 86.00, 3, '2026-03-11 09:34:48', '2026-03-12 11:26:44'),
(1139, 218, 145, 'A', 90.00, 3, '2026-03-11 09:34:48', '2026-03-12 11:26:44'),
(1140, 219, 146, 'A', 81.50, 3, '2026-03-11 09:34:48', '2026-03-12 11:26:44'),
(1141, 219, 147, 'A', 88.50, 3, '2026-03-11 09:34:48', '2026-03-12 11:26:44'),
(1142, 219, 148, 'A', 86.60, 5, '2026-03-11 09:34:48', '2026-03-12 11:26:44'),
(1143, 219, 149, 'A', 88.50, 2, '2026-03-11 09:34:48', '2026-03-12 11:26:44'),
(1144, 219, 150, 'A', 90.80, 4, '2026-03-11 09:34:48', '2026-03-12 11:26:44'),
(1145, 219, 151, 'A', 91.50, 2, '2026-03-11 09:34:48', '2026-03-12 11:26:44'),
(1146, 219, 152, 'A', 89.00, 2, '2026-03-11 09:34:48', '2026-03-12 11:26:44'),
(1147, 220, 153, 'A', 90.50, 5, '2026-03-11 09:34:48', '2026-03-12 11:26:44'),
(1148, 220, 154, 'A', 88.00, 3, '2026-03-11 09:34:48', '2026-03-12 11:26:44'),
(1149, 220, 155, NULL, NULL, 5, '2026-03-11 09:34:48', '2026-03-11 09:34:48'),
(1150, 220, 156, NULL, NULL, 4, '2026-03-11 09:34:48', '2026-03-11 09:34:48'),
(1151, 220, 157, 'A', 89.60, 6, '2026-03-11 09:34:48', '2026-03-12 11:26:44'),
(1152, 221, 158, 'A', 85.10, 4, '2026-03-11 09:34:48', '2026-03-12 11:26:44'),
(1153, 221, 159, 'A', 85.10, 4, '2026-03-11 09:34:48', '2026-03-12 11:26:44'),
(1154, 221, 160, 'A', 88.90, 6, '2026-03-11 09:34:48', '2026-03-12 11:26:44'),
(1155, 221, 161, 'A', 85.10, 3, '2026-03-11 09:34:48', '2026-03-12 11:26:44'),
(1156, 221, 162, 'A', 85.10, 3, '2026-03-11 09:34:48', '2026-03-12 11:26:44'),
(1157, 222, 163, 'A', 86.20, 3, '2026-03-11 09:34:48', '2026-03-12 11:26:44'),
(1158, 222, 164, 'B', 74.00, 3, '2026-03-11 09:34:48', '2026-03-12 11:26:44'),
(1159, 222, 165, 'A', 85.20, 3, '2026-03-11 09:34:48', '2026-03-12 11:26:44'),
(1160, 222, 166, 'A', 92.00, 2, '2026-03-11 09:34:48', '2026-03-12 11:26:44'),
(1161, 222, 167, NULL, NULL, 2, '2026-03-11 09:34:48', '2026-03-11 09:34:48'),
(1162, 222, 168, NULL, NULL, 4, '2026-03-11 09:34:48', '2026-03-11 09:34:48'),
(1163, 223, 139, 'B', 78.00, 3, '2026-03-11 09:34:48', '2026-03-12 11:26:44'),
(1164, 223, 140, 'A', 86.00, 3, '2026-03-11 09:34:48', '2026-03-12 11:26:44'),
(1165, 223, 141, 'B', 78.00, 4, '2026-03-11 09:34:48', '2026-03-12 11:26:44'),
(1166, 223, 142, 'B', 78.00, 3, '2026-03-11 09:34:48', '2026-03-12 11:26:44'),
(1167, 223, 143, 'B', 79.00, 4, '2026-03-11 09:34:48', '2026-03-12 11:26:44'),
(1168, 223, 144, 'B', 79.00, 3, '2026-03-11 09:34:48', '2026-03-12 11:26:44'),
(1169, 223, 145, NULL, NULL, 3, '2026-03-11 09:34:48', '2026-03-11 09:34:48'),
(1170, 224, 146, 'C', 62.00, 3, '2026-03-11 09:34:48', '2026-03-12 11:26:44'),
(1171, 224, 147, 'C', 69.00, 3, '2026-03-11 09:34:48', '2026-03-12 11:26:44'),
(1172, 224, 148, 'C', 60.00, 5, '2026-03-11 09:34:48', '2026-03-12 11:26:44'),
(1173, 224, 149, 'C', 60.00, 2, '2026-03-11 09:34:48', '2026-03-12 11:26:44'),
(1174, 224, 150, 'C', 60.00, 4, '2026-03-11 09:34:48', '2026-03-12 11:26:44'),
(1175, 224, 151, 'C', 65.00, 2, '2026-03-11 09:34:48', '2026-03-12 11:26:44'),
(1176, 224, 152, 'C', 64.00, 2, '2026-03-11 09:34:48', '2026-03-12 11:26:44'),
(1177, 225, 153, 'C', 60.00, 5, '2026-03-11 09:34:48', '2026-03-12 11:26:44'),
(1178, 225, 154, 'C', 64.00, 3, '2026-03-11 09:34:48', '2026-03-12 11:26:44'),
(1179, 225, 155, NULL, NULL, 5, '2026-03-11 09:34:48', '2026-03-11 09:34:48'),
(1180, 225, 156, NULL, NULL, 4, '2026-03-11 09:34:48', '2026-03-11 09:34:48'),
(1181, 225, 157, 'C', 68.00, 6, '2026-03-11 09:34:48', '2026-03-12 11:26:44'),
(1182, 226, 158, 'B', 70.00, 4, '2026-03-11 09:34:48', '2026-03-12 11:26:44'),
(1183, 226, 159, 'C', 68.00, 4, '2026-03-11 09:34:48', '2026-03-12 11:26:44'),
(1184, 226, 160, 'C', 68.00, 6, '2026-03-11 09:34:48', '2026-03-12 11:26:44'),
(1185, 226, 161, 'C', 65.00, 3, '2026-03-11 09:34:48', '2026-03-12 11:26:44'),
(1186, 226, 162, 'C', 69.00, 3, '2026-03-11 09:34:48', '2026-03-12 11:26:44'),
(1187, 227, 163, NULL, NULL, 3, '2026-03-11 09:34:48', '2026-03-11 09:34:48'),
(1188, 227, 164, 'B', 76.00, 3, '2026-03-11 09:34:48', '2026-03-12 11:26:44'),
(1189, 227, 165, NULL, NULL, 3, '2026-03-11 09:34:48', '2026-03-11 09:34:48'),
(1190, 227, 166, NULL, NULL, 2, '2026-03-11 09:34:48', '2026-03-11 09:34:48'),
(1191, 227, 167, NULL, NULL, 2, '2026-03-11 09:34:48', '2026-03-11 09:34:48'),
(1192, 227, 168, NULL, NULL, 4, '2026-03-11 09:34:48', '2026-03-11 09:34:48'),
(1193, 228, 139, 'A', 80.00, 3, '2026-03-11 09:34:48', '2026-03-12 11:26:44'),
(1194, 228, 140, 'A', 86.00, 3, '2026-03-11 09:34:48', '2026-03-12 11:26:44'),
(1195, 228, 141, 'B', 76.00, 4, '2026-03-11 09:34:48', '2026-03-12 11:26:44'),
(1196, 228, 142, 'B', 77.00, 3, '2026-03-11 09:34:48', '2026-03-12 11:26:44'),
(1197, 228, 143, 'B', 72.00, 4, '2026-03-11 09:34:48', '2026-03-12 11:26:44'),
(1198, 228, 144, 'B', 77.00, 3, '2026-03-11 09:34:48', '2026-03-12 11:26:44'),
(1199, 228, 145, NULL, NULL, 3, '2026-03-11 09:34:48', '2026-03-11 09:34:48'),
(1200, 229, 146, 'B', 69.80, 3, '2026-03-11 09:34:48', '2026-03-12 11:26:44'),
(1201, 229, 147, 'A', 79.70, 3, '2026-03-11 09:34:48', '2026-03-12 11:26:44'),
(1202, 229, 148, 'C', 65.00, 5, '2026-03-11 09:34:48', '2026-03-12 11:26:44'),
(1203, 229, 149, 'A', 79.70, 2, '2026-03-11 09:34:48', '2026-03-12 11:26:44'),
(1204, 229, 150, 'B', 78.50, 4, '2026-03-11 09:34:48', '2026-03-12 11:26:44'),
(1205, 229, 151, 'B', 77.50, 2, '2026-03-11 09:34:48', '2026-03-12 11:26:44'),
(1206, 229, 152, 'B', 75.00, 2, '2026-03-11 09:34:48', '2026-03-12 11:26:44'),
(1207, 230, 153, 'C', 66.50, 5, '2026-03-11 09:34:48', '2026-03-12 11:26:44'),
(1208, 230, 154, 'C', 65.00, 3, '2026-03-11 09:34:48', '2026-03-12 11:26:44'),
(1209, 230, 155, NULL, NULL, 5, '2026-03-11 09:34:48', '2026-03-11 09:34:48'),
(1210, 230, 156, NULL, NULL, 4, '2026-03-11 09:34:48', '2026-03-11 09:34:48'),
(1211, 230, 157, 'C', 66.00, 6, '2026-03-11 09:34:48', '2026-03-12 11:26:44'),
(1212, 231, 158, 'C', 68.00, 4, '2026-03-11 09:34:48', '2026-03-12 11:26:44'),
(1213, 231, 159, 'C', 67.00, 4, '2026-03-11 09:34:48', '2026-03-12 11:26:44'),
(1214, 231, 160, 'C', 65.90, 6, '2026-03-11 09:34:48', '2026-03-12 11:26:44'),
(1215, 231, 161, 'C', 62.00, 3, '2026-03-11 09:34:48', '2026-03-12 11:26:44'),
(1216, 231, 162, 'C', 60.00, 3, '2026-03-11 09:34:48', '2026-03-12 11:26:44'),
(1217, 232, 163, NULL, NULL, 3, '2026-03-11 09:34:48', '2026-03-11 09:34:48'),
(1218, 232, 164, 'B', 78.00, 3, '2026-03-11 09:34:48', '2026-03-12 11:26:44'),
(1219, 232, 165, NULL, NULL, 3, '2026-03-11 09:34:48', '2026-03-11 09:34:48'),
(1220, 232, 166, NULL, NULL, 2, '2026-03-11 09:34:48', '2026-03-11 09:34:48'),
(1221, 232, 167, NULL, NULL, 2, '2026-03-11 09:34:48', '2026-03-11 09:34:48'),
(1222, 232, 168, NULL, NULL, 4, '2026-03-11 09:34:48', '2026-03-11 09:34:48'),
(1223, 233, 139, 'A', 80.00, 3, '2026-03-11 09:34:48', '2026-03-12 11:26:44'),
(1224, 233, 140, 'A', 86.00, 3, '2026-03-11 09:34:48', '2026-03-12 11:26:44'),
(1225, 233, 141, 'C', 66.00, 4, '2026-03-11 09:34:48', '2026-03-12 11:26:44'),
(1226, 233, 142, 'C', 67.00, 3, '2026-03-11 09:34:48', '2026-03-12 11:26:44'),
(1227, 233, 143, 'C', 64.00, 4, '2026-03-11 09:34:48', '2026-03-12 11:26:44'),
(1228, 233, 144, 'B', 70.00, 3, '2026-03-11 09:34:48', '2026-03-12 11:26:44'),
(1229, 233, 145, NULL, NULL, 3, '2026-03-11 09:34:48', '2026-03-11 09:34:48'),
(1230, 234, 146, 'C', 60.00, 3, '2026-03-11 09:34:48', '2026-03-12 11:26:44'),
(1231, 234, 147, 'C', 64.00, 3, '2026-03-11 09:34:48', '2026-03-12 11:26:44'),
(1232, 234, 148, 'C', 65.00, 5, '2026-03-11 09:34:48', '2026-03-12 11:26:44'),
(1233, 234, 149, 'C', 60.00, 2, '2026-03-11 09:34:48', '2026-03-12 11:26:44'),
(1234, 234, 150, 'C', 60.00, 4, '2026-03-11 09:34:48', '2026-03-12 11:26:44'),
(1235, 234, 151, 'C', 65.00, 2, '2026-03-11 09:34:48', '2026-03-12 11:26:44'),
(1236, 234, 152, 'C', 60.00, 2, '2026-03-11 09:34:48', '2026-03-12 11:26:44'),
(1237, 235, 153, 'C', 60.50, 5, '2026-03-11 09:34:48', '2026-03-12 11:26:44'),
(1238, 235, 154, 'C', 66.00, 3, '2026-03-11 09:34:48', '2026-03-12 11:26:44'),
(1239, 235, 155, NULL, NULL, 5, '2026-03-11 09:34:48', '2026-03-11 09:34:48'),
(1240, 235, 156, NULL, NULL, 4, '2026-03-11 09:34:48', '2026-03-11 09:34:48'),
(1241, 235, 157, 'C', 67.00, 6, '2026-03-11 09:34:48', '2026-03-12 11:26:44'),
(1242, 236, 158, 'C', 65.00, 4, '2026-03-11 09:34:48', '2026-03-12 11:26:44'),
(1243, 236, 159, 'B', 72.00, 4, '2026-03-11 09:34:48', '2026-03-12 11:26:44'),
(1244, 236, 160, 'C', 60.50, 6, '2026-03-11 09:34:48', '2026-03-12 11:26:44'),
(1245, 236, 161, 'C', 69.00, 3, '2026-03-11 09:34:48', '2026-03-12 11:26:44'),
(1246, 236, 162, 'C', 64.00, 3, '2026-03-11 09:34:48', '2026-03-12 11:26:44'),
(1247, 237, 163, NULL, NULL, 3, '2026-03-11 09:34:48', '2026-03-11 09:34:48'),
(1248, 237, 164, 'B', 75.00, 3, '2026-03-11 09:34:48', '2026-03-12 11:26:44'),
(1249, 237, 165, NULL, NULL, 3, '2026-03-11 09:34:48', '2026-03-11 09:34:48'),
(1250, 237, 166, NULL, NULL, 2, '2026-03-11 09:34:48', '2026-03-11 09:34:48'),
(1251, 237, 167, NULL, NULL, 2, '2026-03-11 09:34:48', '2026-03-11 09:34:48'),
(1252, 237, 168, NULL, NULL, 4, '2026-03-11 09:34:48', '2026-03-11 09:34:48'),
(1253, 238, 139, 'B', 78.00, 3, '2026-03-11 09:34:48', '2026-03-12 11:26:44'),
(1254, 238, 140, 'A', 86.00, 3, '2026-03-11 09:34:48', '2026-03-12 11:26:44'),
(1255, 238, 141, 'A', 83.00, 4, '2026-03-11 09:34:48', '2026-03-12 11:26:44'),
(1256, 238, 142, 'A', 84.00, 3, '2026-03-11 09:34:48', '2026-03-12 11:26:44'),
(1257, 238, 143, 'A', 81.00, 4, '2026-03-11 09:34:48', '2026-03-12 11:26:44'),
(1258, 238, 144, 'B', 74.00, 3, '2026-03-11 09:34:48', '2026-03-12 11:26:44'),
(1259, 238, 145, 'B', 72.40, 3, '2026-03-11 09:34:48', '2026-03-12 11:26:44'),
(1260, 239, 146, 'C', 65.00, 3, '2026-03-11 09:34:48', '2026-03-12 11:26:44'),
(1261, 239, 147, 'B', 78.30, 3, '2026-03-11 09:34:48', '2026-03-12 11:26:44'),
(1262, 239, 148, 'C', 69.00, 5, '2026-03-11 09:34:48', '2026-03-12 11:26:44'),
(1263, 239, 149, 'B', 78.30, 2, '2026-03-11 09:34:48', '2026-03-12 11:26:44'),
(1264, 239, 150, 'B', 78.80, 4, '2026-03-11 09:34:48', '2026-03-12 11:26:44'),
(1265, 239, 151, 'B', 78.50, 2, '2026-03-11 09:34:48', '2026-03-12 11:26:44'),
(1266, 239, 152, 'B', 77.20, 2, '2026-03-11 09:34:48', '2026-03-12 11:26:44'),
(1267, 240, 153, 'B', 79.00, 5, '2026-03-11 09:34:48', '2026-03-12 11:26:44'),
(1268, 240, 154, 'A', 80.00, 3, '2026-03-11 09:34:48', '2026-03-12 11:26:44'),
(1269, 240, 155, NULL, NULL, 5, '2026-03-11 09:34:48', '2026-03-11 09:34:48'),
(1270, 240, 156, NULL, NULL, 4, '2026-03-11 09:34:48', '2026-03-11 09:34:48'),
(1271, 240, 157, 'B', 79.00, 6, '2026-03-11 09:34:48', '2026-03-12 11:26:44'),
(1272, 241, 158, 'B', 79.00, 4, '2026-03-11 09:34:48', '2026-03-12 11:26:44'),
(1273, 241, 159, 'B', 79.00, 4, '2026-03-11 09:34:48', '2026-03-12 11:26:44'),
(1274, 241, 160, 'B', 70.50, 6, '2026-03-11 09:34:48', '2026-03-12 11:26:44'),
(1275, 241, 161, 'B', 79.00, 3, '2026-03-11 09:34:48', '2026-03-12 11:26:44'),
(1276, 241, 162, 'B', 79.00, 3, '2026-03-11 09:34:48', '2026-03-12 11:26:44'),
(1277, 242, 163, 'A', 84.30, 3, '2026-03-11 09:34:48', '2026-03-12 11:26:44'),
(1278, 242, 164, 'B', 70.00, 3, '2026-03-11 09:34:48', '2026-03-12 11:26:44'),
(1279, 242, 165, 'B', 72.50, 3, '2026-03-11 09:34:48', '2026-03-12 11:26:44'),
(1280, 242, 166, 'A', 84.60, 2, '2026-03-11 09:34:48', '2026-03-12 11:26:44'),
(1281, 242, 167, NULL, NULL, 2, '2026-03-11 09:34:48', '2026-03-11 09:34:48'),
(1282, 242, 168, NULL, NULL, 4, '2026-03-11 09:34:48', '2026-03-11 09:34:48'),
(1283, 243, 139, 'A', 82.00, 3, '2026-03-11 09:34:48', '2026-03-12 11:26:44'),
(1284, 243, 140, 'A', 88.00, 3, '2026-03-11 09:34:48', '2026-03-12 11:26:44'),
(1285, 243, 141, 'C', 68.00, 4, '2026-03-11 09:34:48', '2026-03-12 11:26:44'),
(1286, 243, 142, 'B', 70.00, 3, '2026-03-11 09:34:48', '2026-03-12 11:26:44'),
(1287, 243, 143, 'B', 71.00, 4, '2026-03-11 09:34:48', '2026-03-12 11:26:44'),
(1288, 243, 144, 'B', 73.00, 3, '2026-03-11 09:34:48', '2026-03-12 11:26:44'),
(1289, 243, 145, NULL, NULL, 3, '2026-03-11 09:34:48', '2026-03-11 09:34:48'),
(1290, 244, 146, 'C', 66.60, 3, '2026-03-11 09:34:48', '2026-03-12 11:26:44'),
(1291, 244, 147, 'B', 82.40, 3, '2026-03-11 09:34:48', '2026-03-12 11:26:44'),
(1292, 244, 148, 'C', 69.00, 5, '2026-03-11 09:34:48', '2026-03-12 11:26:44'),
(1293, 244, 149, 'A', 82.40, 2, '2026-03-11 09:34:48', '2026-03-12 11:26:44'),
(1294, 244, 150, 'C', 64.50, 4, '2026-03-11 09:34:48', '2026-03-12 11:26:44'),
(1295, 244, 151, 'B', 78.50, 2, '2026-03-11 09:34:48', '2026-03-12 11:26:44'),
(1296, 244, 152, 'B', 76.50, 2, '2026-03-11 09:34:48', '2026-03-12 11:26:44'),
(1297, 245, 153, 'C', 69.00, 5, '2026-03-11 09:34:48', '2026-03-12 11:26:44'),
(1298, 245, 154, 'C', 67.00, 3, '2026-03-11 09:34:48', '2026-03-12 11:26:44'),
(1299, 245, 155, NULL, NULL, 5, '2026-03-11 09:34:48', '2026-03-11 09:34:48'),
(1300, 245, 156, NULL, NULL, 4, '2026-03-11 09:34:48', '2026-03-11 09:34:48'),
(1301, 245, 157, 'C', 60.00, 6, '2026-03-11 09:34:48', '2026-03-12 11:26:44'),
(1302, 246, 158, 'B', 72.00, 4, '2026-03-11 09:34:48', '2026-03-12 11:26:44'),
(1303, 246, 159, 'C', 65.00, 4, '2026-03-11 09:34:48', '2026-03-12 11:26:44'),
(1304, 246, 160, 'C', 68.00, 6, '2026-03-11 09:34:48', '2026-03-12 11:26:44'),
(1305, 246, 161, 'C', 60.00, 3, '2026-03-11 09:34:48', '2026-03-12 11:26:44'),
(1306, 246, 162, 'C', 65.00, 3, '2026-03-11 09:34:48', '2026-03-12 11:26:44'),
(1307, 247, 163, NULL, NULL, 3, '2026-03-11 09:34:48', '2026-03-11 09:34:48'),
(1308, 247, 164, 'B', 75.00, 3, '2026-03-11 09:34:48', '2026-03-12 11:26:44'),
(1309, 247, 165, NULL, NULL, 3, '2026-03-11 09:34:48', '2026-03-11 09:34:48'),
(1310, 247, 166, NULL, NULL, 2, '2026-03-11 09:34:48', '2026-03-11 09:34:48'),
(1311, 247, 167, NULL, NULL, 2, '2026-03-11 09:34:48', '2026-03-11 09:34:48'),
(1312, 247, 168, NULL, NULL, 4, '2026-03-11 09:34:48', '2026-03-11 09:34:48'),
(1313, 248, 139, 'B', 76.00, 3, '2026-03-11 09:34:48', '2026-03-12 11:26:44'),
(1314, 248, 140, 'A', 88.00, 3, '2026-03-11 09:34:48', '2026-03-12 11:26:44'),
(1315, 248, 141, 'B', 75.00, 4, '2026-03-11 09:34:48', '2026-03-12 11:26:44'),
(1316, 248, 142, 'B', 78.00, 3, '2026-03-11 09:34:48', '2026-03-12 11:26:44'),
(1317, 248, 143, 'B', 79.00, 4, '2026-03-11 09:34:48', '2026-03-12 11:26:44'),
(1318, 248, 144, 'A', 82.00, 3, '2026-03-11 09:34:48', '2026-03-12 11:26:44'),
(1319, 248, 145, NULL, NULL, 3, '2026-03-11 09:34:48', '2026-03-11 09:34:48'),
(1320, 249, 146, 'C', 60.00, 3, '2026-03-11 09:34:48', '2026-03-12 11:26:44'),
(1321, 249, 147, 'B', 78.70, 3, '2026-03-11 09:34:48', '2026-03-12 11:26:44'),
(1322, 249, 148, 'C', 69.00, 5, '2026-03-11 09:34:48', '2026-03-12 11:26:44'),
(1323, 249, 149, 'B', 78.70, 2, '2026-03-11 09:34:48', '2026-03-12 11:26:44'),
(1324, 249, 150, 'B', 73.00, 4, '2026-03-11 09:34:48', '2026-03-12 11:26:44'),
(1325, 249, 151, 'B', 75.00, 2, '2026-03-11 09:34:48', '2026-03-12 11:26:44'),
(1326, 249, 152, 'A', 82.50, 2, '2026-03-11 09:34:48', '2026-03-12 11:26:44'),
(1327, 250, 153, 'C', 67.00, 5, '2026-03-11 09:34:48', '2026-03-12 11:26:44'),
(1328, 250, 154, 'C', 68.50, 3, '2026-03-11 09:34:48', '2026-03-12 11:26:44'),
(1329, 250, 155, NULL, NULL, 5, '2026-03-11 09:34:48', '2026-03-11 09:34:48'),
(1330, 250, 156, NULL, NULL, 4, '2026-03-11 09:34:48', '2026-03-11 09:34:48'),
(1331, 250, 157, 'C', 68.60, 6, '2026-03-11 09:34:48', '2026-03-12 11:26:44'),
(1332, 251, 158, 'C', 68.00, 4, '2026-03-11 09:34:48', '2026-03-12 11:26:44'),
(1333, 251, 159, 'C', 69.00, 4, '2026-03-11 09:34:48', '2026-03-12 11:26:44'),
(1334, 251, 160, 'C', 65.90, 6, '2026-03-11 09:34:48', '2026-03-12 11:26:44'),
(1335, 251, 161, 'C', 65.00, 3, '2026-03-11 09:34:48', '2026-03-12 11:26:44'),
(1336, 251, 162, 'C', 69.00, 3, '2026-03-11 09:34:48', '2026-03-12 11:26:44'),
(1337, 252, 163, NULL, NULL, 3, '2026-03-11 09:34:48', '2026-03-11 09:34:48'),
(1338, 252, 164, 'B', 74.00, 3, '2026-03-11 09:34:48', '2026-03-12 11:26:44'),
(1339, 252, 165, NULL, NULL, 3, '2026-03-11 09:34:48', '2026-03-11 09:34:48'),
(1340, 252, 166, NULL, NULL, 2, '2026-03-11 09:34:48', '2026-03-11 09:34:48'),
(1341, 252, 167, NULL, NULL, 2, '2026-03-11 09:34:48', '2026-03-11 09:34:48'),
(1342, 252, 168, NULL, NULL, 4, '2026-03-11 09:34:48', '2026-03-11 09:34:48'),
(1343, 253, 139, 'A', 81.00, 3, '2026-03-11 09:34:48', '2026-03-12 11:26:44'),
(1344, 253, 140, 'A', 88.00, 3, '2026-03-11 09:34:48', '2026-03-12 11:26:44'),
(1345, 253, 141, 'C', 66.00, 4, '2026-03-11 09:34:48', '2026-03-12 11:26:44'),
(1346, 253, 142, 'B', 74.00, 3, '2026-03-11 09:34:48', '2026-03-12 11:26:44'),
(1347, 253, 143, 'B', 73.00, 4, '2026-03-11 09:34:48', '2026-03-12 11:26:44'),
(1348, 253, 144, 'B', 79.00, 3, '2026-03-11 09:34:48', '2026-03-12 11:26:44'),
(1349, 253, 145, NULL, NULL, 3, '2026-03-11 09:34:48', '2026-03-11 09:34:48'),
(1350, 254, 146, 'B', 74.90, 3, '2026-03-11 09:34:48', '2026-03-12 11:26:44'),
(1351, 254, 147, 'A', 85.40, 3, '2026-03-11 09:34:48', '2026-03-12 11:26:44'),
(1352, 254, 148, 'B', 79.00, 5, '2026-03-11 09:34:48', '2026-03-12 11:26:44'),
(1353, 254, 149, 'A', 85.40, 2, '2026-03-11 09:34:48', '2026-03-12 11:26:44'),
(1354, 254, 150, 'B', 72.40, 4, '2026-03-11 09:34:48', '2026-03-12 11:26:44'),
(1355, 254, 151, 'A', 85.00, 2, '2026-03-11 09:34:48', '2026-03-12 11:26:44'),
(1356, 254, 152, 'A', 85.00, 2, '2026-03-11 09:34:48', '2026-03-12 11:26:44'),
(1357, 255, 153, 'C', 60.00, 5, '2026-03-11 09:34:48', '2026-03-12 11:26:44'),
(1358, 255, 154, 'C', 66.00, 3, '2026-03-11 09:34:48', '2026-03-12 11:26:44'),
(1359, 255, 155, NULL, NULL, 5, '2026-03-11 09:34:48', '2026-03-11 09:34:48'),
(1360, 255, 156, NULL, NULL, 4, '2026-03-11 09:34:48', '2026-03-11 09:34:48'),
(1361, 255, 157, 'C', 67.00, 6, '2026-03-11 09:34:48', '2026-03-12 11:26:44'),
(1362, 256, 158, 'C', 69.00, 4, '2026-03-11 09:34:48', '2026-03-12 11:26:44'),
(1363, 256, 159, 'B', 71.00, 4, '2026-03-11 09:34:48', '2026-03-12 11:26:44'),
(1364, 256, 160, 'C', 68.00, 6, '2026-03-11 09:34:48', '2026-03-12 11:26:44'),
(1365, 256, 161, 'C', 68.00, 3, '2026-03-11 09:34:48', '2026-03-12 11:26:44'),
(1366, 256, 162, 'C', 67.00, 3, '2026-03-11 09:34:48', '2026-03-12 11:26:44'),
(1367, 257, 163, NULL, NULL, 3, '2026-03-11 09:34:48', '2026-03-11 09:34:48'),
(1368, 257, 164, 'B', 74.00, 3, '2026-03-11 09:34:48', '2026-03-12 11:26:44'),
(1369, 257, 165, NULL, NULL, 3, '2026-03-11 09:34:48', '2026-03-11 09:34:48'),
(1370, 257, 166, NULL, NULL, 2, '2026-03-11 09:34:48', '2026-03-11 09:34:48'),
(1371, 257, 167, NULL, NULL, 2, '2026-03-11 09:34:48', '2026-03-11 09:34:48'),
(1372, 257, 168, NULL, NULL, 4, '2026-03-11 09:34:48', '2026-03-11 09:34:48'),
(1373, 258, 139, 'A', 80.00, 3, '2026-03-11 09:34:48', '2026-03-12 11:26:44'),
(1374, 258, 140, 'A', 86.00, 3, '2026-03-11 09:34:48', '2026-03-12 11:26:44'),
(1375, 258, 141, 'E', 41.00, 4, '2026-03-11 09:34:48', '2026-03-12 11:26:44'),
(1376, 258, 142, 'C', 65.00, 3, '2026-03-11 09:34:48', '2026-03-12 11:26:44'),
(1377, 258, 143, 'E', 42.00, 4, '2026-03-11 09:34:48', '2026-03-12 11:26:44'),
(1378, 258, 144, 'E', 43.00, 3, '2026-03-11 09:34:48', '2026-03-12 11:26:44'),
(1379, 258, 145, NULL, NULL, 3, '2026-03-11 09:34:48', '2026-03-11 09:34:48'),
(1380, 259, 146, 'C', 61.00, 3, '2026-03-11 09:34:48', '2026-03-12 11:26:44'),
(1381, 259, 147, 'C', 66.00, 3, '2026-03-11 09:34:48', '2026-03-12 11:26:44'),
(1382, 259, 148, 'C', 60.00, 5, '2026-03-11 09:34:48', '2026-03-12 11:26:44'),
(1383, 259, 149, 'C', 60.00, 2, '2026-03-11 09:34:48', '2026-03-12 11:26:44'),
(1384, 259, 150, 'C', 60.00, 4, '2026-03-11 09:34:48', '2026-03-12 11:26:44'),
(1385, 259, 151, 'C', 64.00, 2, '2026-03-11 09:34:48', '2026-03-12 11:26:44'),
(1386, 259, 152, 'C', 60.00, 2, '2026-03-11 09:34:48', '2026-03-12 11:26:44'),
(1387, 260, 153, 'C', 65.00, 5, '2026-03-11 09:34:48', '2026-03-12 11:26:44'),
(1388, 260, 154, 'C', 65.00, 3, '2026-03-11 09:34:48', '2026-03-12 11:26:44'),
(1389, 260, 155, NULL, NULL, 5, '2026-03-11 09:34:48', '2026-03-11 09:34:48'),
(1390, 260, 156, NULL, NULL, 4, '2026-03-11 09:34:48', '2026-03-11 09:34:48'),
(1391, 260, 157, 'C', 65.00, 6, '2026-03-11 09:34:48', '2026-03-12 11:26:44'),
(1392, 261, 158, 'B', 70.00, 4, '2026-03-11 09:34:48', '2026-03-12 11:26:44'),
(1393, 261, 159, 'C', 68.00, 4, '2026-03-11 09:34:48', '2026-03-12 11:26:44'),
(1394, 261, 160, 'C', 60.90, 6, '2026-03-11 09:34:48', '2026-03-12 11:26:44'),
(1395, 261, 161, 'C', 62.00, 3, '2026-03-11 09:34:48', '2026-03-12 11:26:44'),
(1396, 261, 162, 'C', 65.00, 3, '2026-03-11 09:34:48', '2026-03-12 11:26:44'),
(1397, 262, 163, NULL, NULL, 3, '2026-03-11 09:34:48', '2026-03-11 09:34:48'),
(1398, 262, 164, 'B', 75.00, 3, '2026-03-11 09:34:48', '2026-03-12 11:26:44'),
(1399, 262, 165, NULL, NULL, 3, '2026-03-11 09:34:48', '2026-03-11 09:34:48'),
(1400, 262, 166, NULL, NULL, 2, '2026-03-11 09:34:48', '2026-03-11 09:34:48'),
(1401, 262, 167, NULL, NULL, 2, '2026-03-11 09:34:48', '2026-03-11 09:34:48'),
(1402, 262, 168, NULL, NULL, 4, '2026-03-11 09:34:48', '2026-03-11 09:34:48'),
(1403, 263, 139, 'A', 82.00, 3, '2026-03-11 09:34:48', '2026-03-12 11:26:44'),
(1404, 263, 140, 'A', 88.00, 3, '2026-03-11 09:34:48', '2026-03-12 11:26:44'),
(1405, 263, 141, 'B', 77.00, 4, '2026-03-11 09:34:48', '2026-03-12 11:26:44'),
(1406, 263, 142, 'B', 79.00, 3, '2026-03-11 09:34:48', '2026-03-12 11:26:44'),
(1407, 263, 143, 'B', 75.00, 4, '2026-03-11 09:34:48', '2026-03-12 11:26:44'),
(1408, 263, 144, 'A', 82.00, 3, '2026-03-11 09:34:48', '2026-03-12 11:26:44'),
(1409, 263, 145, 'A', 86.80, 3, '2026-03-11 09:34:48', '2026-03-12 11:26:44'),
(1410, 264, 146, 'A', 81.10, 3, '2026-03-11 09:34:48', '2026-03-12 11:26:44'),
(1411, 264, 147, 'A', 87.70, 3, '2026-03-11 09:34:48', '2026-03-12 11:26:44'),
(1412, 264, 148, 'A', 82.90, 5, '2026-03-11 09:34:48', '2026-03-12 11:26:44'),
(1413, 264, 149, 'A', 87.70, 2, '2026-03-11 09:34:48', '2026-03-12 11:26:44'),
(1414, 264, 150, 'B', 77.20, 4, '2026-03-11 09:34:48', '2026-03-12 11:26:44'),
(1415, 264, 151, 'A', 88.50, 2, '2026-03-11 09:34:48', '2026-03-12 11:26:44'),
(1416, 264, 152, 'A', 90.50, 2, '2026-03-11 09:34:48', '2026-03-12 11:26:44'),
(1417, 265, 153, 'A', 90.50, 5, '2026-03-11 09:34:48', '2026-03-12 11:26:44'),
(1418, 265, 154, 'A', 87.30, 3, '2026-03-11 09:34:48', '2026-03-12 11:26:44'),
(1419, 265, 155, NULL, NULL, 5, '2026-03-11 09:34:48', '2026-03-11 09:34:48'),
(1420, 265, 156, NULL, NULL, 4, '2026-03-11 09:34:48', '2026-03-11 09:34:48'),
(1421, 265, 157, 'B', 79.00, 6, '2026-03-11 09:34:48', '2026-03-12 11:26:44'),
(1422, 266, 158, 'A', 84.00, 4, '2026-03-11 09:34:48', '2026-03-12 11:26:44'),
(1423, 266, 159, 'A', 84.00, 4, '2026-03-11 09:34:48', '2026-03-12 11:26:44'),
(1424, 266, 160, 'C', 68.00, 6, '2026-03-11 09:34:48', '2026-03-12 11:26:44'),
(1425, 266, 161, 'A', 84.00, 3, '2026-03-11 09:34:48', '2026-03-12 11:26:44'),
(1426, 266, 162, 'A', 84.00, 3, '2026-03-11 09:34:48', '2026-03-12 11:26:44'),
(1427, 267, 163, 'A', 84.10, 3, '2026-03-11 09:34:48', '2026-03-12 11:26:44'),
(1428, 267, 164, 'B', 78.00, 3, '2026-03-11 09:34:48', '2026-03-12 11:26:44'),
(1429, 267, 165, 'B', 77.20, 3, '2026-03-11 09:34:48', '2026-03-12 11:26:44'),
(1430, 267, 166, 'A', 89.40, 2, '2026-03-11 09:34:48', '2026-03-12 11:26:44'),
(1431, 267, 167, NULL, NULL, 2, '2026-03-11 09:34:48', '2026-03-11 09:34:48'),
(1432, 267, 168, NULL, NULL, 4, '2026-03-11 09:34:48', '2026-03-11 09:34:48'),
(1433, 268, 139, 'A', 82.00, 3, '2026-03-11 09:34:48', '2026-03-12 11:26:44'),
(1434, 268, 140, 'A', 86.00, 3, '2026-03-11 09:34:48', '2026-03-12 11:26:44'),
(1435, 268, 141, 'C', 65.00, 4, '2026-03-11 09:34:48', '2026-03-12 11:26:44'),
(1436, 268, 142, 'C', 60.00, 3, '2026-03-11 09:34:48', '2026-03-12 11:26:44'),
(1437, 268, 143, 'C', 60.00, 4, '2026-03-11 09:34:48', '2026-03-12 11:26:44'),
(1438, 268, 144, 'C', 65.00, 3, '2026-03-11 09:34:48', '2026-03-12 11:26:44'),
(1439, 268, 145, NULL, NULL, 3, '2026-03-11 09:34:48', '2026-03-11 09:34:48'),
(1440, 269, 146, 'C', 60.00, 3, '2026-03-11 09:34:48', '2026-03-12 11:26:44'),
(1441, 269, 147, 'C', 68.00, 3, '2026-03-11 09:34:48', '2026-03-12 11:26:44'),
(1442, 269, 148, 'C', 60.00, 5, '2026-03-11 09:34:48', '2026-03-12 11:26:44'),
(1443, 269, 149, 'C', 60.00, 2, '2026-03-11 09:34:48', '2026-03-12 11:26:44'),
(1444, 269, 150, 'C', 60.00, 4, '2026-03-11 09:34:48', '2026-03-12 11:26:44'),
(1445, 269, 151, 'C', 65.00, 2, '2026-03-11 09:34:48', '2026-03-12 11:26:44'),
(1446, 269, 152, 'C', 60.00, 2, '2026-03-11 09:34:48', '2026-03-12 11:26:44'),
(1447, 270, 153, 'C', 66.00, 5, '2026-03-11 09:34:48', '2026-03-12 11:26:44'),
(1448, 270, 154, 'C', 67.00, 3, '2026-03-11 09:34:48', '2026-03-12 11:26:44'),
(1449, 270, 155, NULL, NULL, 5, '2026-03-11 09:34:48', '2026-03-11 09:34:48'),
(1450, 270, 156, NULL, NULL, 4, '2026-03-11 09:34:48', '2026-03-11 09:34:48'),
(1451, 270, 157, 'C', 69.00, 6, '2026-03-11 09:34:48', '2026-03-12 11:26:44'),
(1452, 271, 158, 'C', 65.00, 4, '2026-03-11 09:34:48', '2026-03-12 11:26:44'),
(1453, 271, 159, 'B', 70.00, 4, '2026-03-11 09:34:48', '2026-03-12 11:26:44'),
(1454, 271, 160, 'C', 65.90, 6, '2026-03-11 09:34:48', '2026-03-12 11:26:44'),
(1455, 271, 161, 'C', 60.00, 3, '2026-03-11 09:34:48', '2026-03-12 11:26:44'),
(1456, 271, 162, 'C', 60.00, 3, '2026-03-11 09:34:48', '2026-03-12 11:26:44'),
(1457, 272, 163, NULL, NULL, 3, '2026-03-11 09:34:48', '2026-03-11 09:34:48'),
(1458, 272, 164, 'B', 75.00, 3, '2026-03-11 09:34:48', '2026-03-12 11:26:44'),
(1459, 272, 165, NULL, NULL, 3, '2026-03-11 09:34:48', '2026-03-11 09:34:48'),
(1460, 272, 166, NULL, NULL, 2, '2026-03-11 09:34:48', '2026-03-11 09:34:48'),
(1461, 272, 167, NULL, NULL, 2, '2026-03-11 09:34:48', '2026-03-11 09:34:48'),
(1462, 272, 168, NULL, NULL, 4, '2026-03-11 09:34:48', '2026-03-11 09:34:48'),
(1463, 273, 139, 'A', 82.00, 3, '2026-03-11 09:34:48', '2026-03-12 11:26:44'),
(1464, 273, 140, 'A', 86.00, 3, '2026-03-11 09:34:48', '2026-03-12 11:26:44'),
(1465, 273, 141, 'B', 75.00, 4, '2026-03-11 09:34:48', '2026-03-12 11:26:44'),
(1466, 273, 142, 'B', 79.00, 3, '2026-03-11 09:34:48', '2026-03-12 11:26:44'),
(1467, 273, 143, 'B', 76.00, 4, '2026-03-11 09:34:48', '2026-03-12 11:26:44'),
(1468, 273, 144, 'B', 75.00, 3, '2026-03-11 09:34:48', '2026-03-12 11:26:44'),
(1469, 273, 145, NULL, NULL, 3, '2026-03-11 09:34:48', '2026-03-11 09:34:48'),
(1470, 274, 146, 'C', 62.00, 3, '2026-03-11 09:34:48', '2026-03-12 11:26:44'),
(1471, 274, 147, 'C', 65.00, 3, '2026-03-11 09:34:48', '2026-03-12 11:26:44'),
(1472, 274, 148, 'C', 60.00, 5, '2026-03-11 09:34:48', '2026-03-12 11:26:44'),
(1473, 274, 149, 'C', 69.00, 2, '2026-03-11 09:34:48', '2026-03-12 11:26:44'),
(1474, 274, 150, 'C', 60.50, 4, '2026-03-11 09:34:48', '2026-03-12 11:26:44'),
(1475, 274, 151, 'C', 63.00, 2, '2026-03-11 09:34:48', '2026-03-12 11:26:44'),
(1476, 274, 152, 'C', 65.00, 2, '2026-03-11 09:34:48', '2026-03-12 11:26:44'),
(1477, 275, 153, 'C', 68.00, 5, '2026-03-11 09:34:48', '2026-03-12 11:26:44'),
(1478, 275, 154, 'C', 64.00, 3, '2026-03-11 09:34:48', '2026-03-12 11:26:44'),
(1479, 275, 155, NULL, NULL, 5, '2026-03-11 09:34:48', '2026-03-11 09:34:48'),
(1480, 275, 156, NULL, NULL, 4, '2026-03-11 09:34:48', '2026-03-11 09:34:48'),
(1481, 275, 157, 'C', 60.00, 6, '2026-03-11 09:34:48', '2026-03-12 11:26:44'),
(1482, 276, 158, 'C', 68.00, 4, '2026-03-11 09:34:48', '2026-03-12 11:26:44'),
(1483, 276, 159, 'C', 67.00, 4, '2026-03-11 09:34:48', '2026-03-12 11:26:44'),
(1484, 276, 160, 'C', 68.00, 6, '2026-03-11 09:34:48', '2026-03-12 11:26:44'),
(1485, 276, 161, 'C', 68.00, 3, '2026-03-11 09:34:48', '2026-03-12 11:26:44'),
(1486, 276, 162, 'C', 60.00, 3, '2026-03-11 09:34:48', '2026-03-12 11:26:44'),
(1487, 277, 163, NULL, NULL, 3, '2026-03-11 09:34:48', '2026-03-11 09:34:48'),
(1488, 277, 164, 'B', 75.00, 3, '2026-03-11 09:34:48', '2026-03-12 11:26:44'),
(1489, 277, 165, NULL, NULL, 3, '2026-03-11 09:34:48', '2026-03-11 09:34:48'),
(1490, 277, 166, NULL, NULL, 2, '2026-03-11 09:34:48', '2026-03-11 09:34:48'),
(1491, 277, 167, NULL, NULL, 2, '2026-03-11 09:34:48', '2026-03-11 09:34:48'),
(1492, 277, 168, NULL, NULL, 4, '2026-03-11 09:34:48', '2026-03-11 09:34:48'),
(1493, 278, 139, 'A', 81.00, 3, '2026-03-11 09:34:48', '2026-03-12 11:26:44'),
(1494, 278, 140, 'A', 86.00, 3, '2026-03-11 09:34:48', '2026-03-12 11:26:44'),
(1495, 278, 141, 'C', 65.00, 4, '2026-03-11 09:34:48', '2026-03-12 11:26:44'),
(1496, 278, 142, 'C', 64.00, 3, '2026-03-11 09:34:48', '2026-03-12 11:26:44'),
(1497, 278, 143, 'C', 60.00, 4, '2026-03-11 09:34:48', '2026-03-12 11:26:44'),
(1498, 278, 144, 'C', 64.00, 3, '2026-03-11 09:34:48', '2026-03-12 11:26:44'),
(1499, 278, 145, NULL, NULL, 3, '2026-03-11 09:34:48', '2026-03-11 09:34:48'),
(1500, 279, 146, 'C', 60.00, 3, '2026-03-11 09:34:48', '2026-03-12 11:26:44'),
(1501, 279, 147, 'C', 65.50, 3, '2026-03-11 09:34:48', '2026-03-12 11:26:44'),
(1502, 279, 148, 'C', 60.00, 5, '2026-03-11 09:34:48', '2026-03-12 11:26:44'),
(1503, 279, 149, 'C', 60.00, 2, '2026-03-11 09:34:48', '2026-03-12 11:26:44'),
(1504, 279, 150, 'C', 60.00, 4, '2026-03-11 09:34:48', '2026-03-12 11:26:44'),
(1505, 279, 151, 'C', 64.00, 2, '2026-03-11 09:34:48', '2026-03-12 11:26:44'),
(1506, 279, 152, 'C', 60.00, 2, '2026-03-11 09:34:48', '2026-03-12 11:26:44'),
(1507, 280, 153, 'C', 60.00, 5, '2026-03-11 09:34:48', '2026-03-12 11:26:44'),
(1508, 280, 154, 'C', 60.00, 3, '2026-03-11 09:34:48', '2026-03-12 11:26:44'),
(1509, 280, 155, NULL, NULL, 5, '2026-03-11 09:34:48', '2026-03-11 09:34:48'),
(1510, 280, 156, NULL, NULL, 4, '2026-03-11 09:34:48', '2026-03-11 09:34:48'),
(1511, 280, 157, 'C', 66.60, 6, '2026-03-11 09:34:48', '2026-03-12 11:26:44'),
(1512, 281, 158, 'C', 67.00, 4, '2026-03-11 09:34:48', '2026-03-12 11:26:44'),
(1513, 281, 159, 'C', 69.00, 4, '2026-03-11 09:34:48', '2026-03-12 11:26:44'),
(1514, 281, 160, 'C', 65.90, 6, '2026-03-11 09:34:48', '2026-03-12 11:26:44'),
(1515, 281, 161, 'C', 69.00, 3, '2026-03-11 09:34:48', '2026-03-12 11:26:44'),
(1516, 281, 162, 'C', 69.00, 3, '2026-03-11 09:34:48', '2026-03-12 11:26:44'),
(1517, 282, 163, NULL, NULL, 3, '2026-03-11 09:34:48', '2026-03-11 09:34:48'),
(1518, 282, 164, 'B', 75.00, 3, '2026-03-11 09:34:48', '2026-03-12 11:26:44'),
(1519, 282, 165, NULL, NULL, 3, '2026-03-11 09:34:48', '2026-03-11 09:34:48'),
(1520, 282, 166, NULL, NULL, 2, '2026-03-11 09:34:48', '2026-03-11 09:34:48'),
(1521, 282, 167, NULL, NULL, 2, '2026-03-11 09:34:48', '2026-03-11 09:34:48'),
(1522, 282, 168, NULL, NULL, 4, '2026-03-11 09:34:48', '2026-03-11 09:34:48'),
(1523, 283, 70, 'A', 82.00, 3, '2026-03-11 10:17:12', '2026-03-11 10:17:12'),
(1524, 283, 71, 'B', 75.00, 3, '2026-03-11 10:17:12', '2026-03-11 10:17:12'),
(1525, 284, 103, 'C', 61.00, 2, '2026-03-12 11:26:43', '2026-03-12 11:26:44'),
(1526, 284, 106, 'C', 60.00, 4, '2026-03-12 11:26:43', '2026-03-12 11:26:44'),
(1527, 284, 107, 'C', 61.00, 3, '2026-03-12 11:26:43', '2026-03-12 11:26:44'),
(1528, 284, 108, 'C', 60.00, 4, '2026-03-12 11:26:43', '2026-03-12 11:26:44'),
(1529, 284, 109, 'C', 60.60, 3, '2026-03-12 11:26:43', '2026-03-12 11:26:44'),
(1530, 284, 110, 'C', 60.00, 2, '2026-03-12 11:26:43', '2026-03-12 11:26:44'),
(1531, 284, 111, 'C', 65.00, 2, '2026-03-12 11:26:43', '2026-03-12 11:26:44'),
(1532, 284, 112, 'C', 62.10, 2, '2026-03-12 11:26:43', '2026-03-12 11:26:44'),
(1533, 285, 113, NULL, NULL, 2, '2026-03-12 11:26:43', '2026-03-12 11:26:43'),
(1534, 285, 114, NULL, NULL, 3, '2026-03-12 11:26:43', '2026-03-12 11:26:43'),
(1535, 285, 115, NULL, NULL, 4, '2026-03-12 11:26:43', '2026-03-12 11:26:43'),
(1536, 285, 116, NULL, NULL, 2, '2026-03-12 11:26:43', '2026-03-12 11:26:43'),
(1537, 285, 117, NULL, NULL, 2, '2026-03-12 11:26:43', '2026-03-12 11:26:43'),
(1538, 285, 118, NULL, NULL, 2, '2026-03-12 11:26:43', '2026-03-12 11:26:43'),
(1539, 285, 119, NULL, NULL, 2, '2026-03-12 11:26:43', '2026-03-12 11:26:43'),
(1540, 285, 120, NULL, NULL, 4, '2026-03-12 11:26:43', '2026-03-12 11:26:43'),
(1541, 286, 121, NULL, NULL, 2, '2026-03-12 11:26:43', '2026-03-12 11:26:43'),
(1542, 286, 122, NULL, NULL, 5, '2026-03-12 11:26:43', '2026-03-12 11:26:43'),
(1543, 286, 123, NULL, NULL, 5, '2026-03-12 11:26:43', '2026-03-12 11:26:43'),
(1544, 286, 124, NULL, NULL, 3, '2026-03-12 11:26:43', '2026-03-12 11:26:43'),
(1545, 286, 125, NULL, NULL, 4, '2026-03-12 11:26:43', '2026-03-12 11:26:43'),
(1546, 286, 126, NULL, NULL, 2, '2026-03-12 11:26:43', '2026-03-12 11:26:43'),
(1547, 287, 103, 'A', 93.20, 2, '2026-03-12 11:26:43', '2026-03-12 11:26:44'),
(1548, 287, 106, 'A', 82.10, 4, '2026-03-12 11:26:43', '2026-03-12 11:26:44'),
(1549, 287, 107, 'B', 72.10, 3, '2026-03-12 11:26:43', '2026-03-12 11:26:44'),
(1550, 287, 108, 'A', 88.20, 4, '2026-03-12 11:26:43', '2026-03-12 11:26:44'),
(1551, 287, 109, 'B', 72.00, 3, '2026-03-12 11:26:43', '2026-03-12 11:26:44'),
(1552, 287, 110, 'A', 87.00, 2, '2026-03-12 11:26:43', '2026-03-12 11:26:44'),
(1553, 287, 111, 'A', 83.80, 2, '2026-03-12 11:26:43', '2026-03-12 11:26:44'),
(1554, 287, 112, 'A', 89.70, 2, '2026-03-12 11:26:43', '2026-03-12 11:26:44'),
(1555, 288, 113, 'A', 82.00, 2, '2026-03-12 11:26:43', '2026-03-12 11:26:44'),
(1556, 288, 114, 'B', 77.00, 3, '2026-03-12 11:26:43', '2026-03-12 11:26:44'),
(1557, 288, 115, 'A', 79.20, 4, '2026-03-12 11:26:43', '2026-03-12 11:26:44'),
(1558, 288, 116, 'A', 85.60, 2, '2026-03-12 11:26:43', '2026-03-12 11:26:44'),
(1559, 288, 117, 'A', 86.30, 2, '2026-03-12 11:26:43', '2026-03-12 11:26:44'),
(1560, 288, 118, 'A', 92.50, 2, '2026-03-12 11:26:43', '2026-03-12 11:26:44'),
(1561, 288, 119, 'A', 79.30, 2, '2026-03-12 11:26:43', '2026-03-12 11:26:44'),
(1562, 288, 120, 'A', 81.80, 4, '2026-03-12 11:26:43', '2026-03-12 11:26:44'),
(1563, 289, 121, 'A', 88.00, 2, '2026-03-12 11:26:43', '2026-03-12 11:26:44'),
(1564, 289, 122, 'A', 90.30, 5, '2026-03-12 11:26:43', '2026-03-12 11:26:44'),
(1565, 289, 123, 'A', 84.80, 5, '2026-03-12 11:26:43', '2026-03-12 11:26:44'),
(1566, 289, 124, 'A', 88.30, 3, '2026-03-12 11:26:43', '2026-03-12 11:26:44'),
(1567, 289, 125, 'A', 84.70, 4, '2026-03-12 11:26:43', '2026-03-12 11:26:44'),
(1568, 289, 126, NULL, NULL, 2, '2026-03-12 11:26:43', '2026-03-12 11:26:43'),
(1569, 290, 103, 'A', 90.80, 2, '2026-03-12 11:26:43', '2026-03-12 11:26:44'),
(1570, 290, 106, 'A', 83.40, 4, '2026-03-12 11:26:43', '2026-03-12 11:26:44'),
(1571, 290, 107, 'B', 74.00, 3, '2026-03-12 11:26:43', '2026-03-12 11:26:44'),
(1572, 290, 108, 'A', 90.20, 4, '2026-03-12 11:26:43', '2026-03-12 11:26:44'),
(1573, 290, 109, 'B', 78.60, 3, '2026-03-12 11:26:43', '2026-03-12 11:26:44'),
(1574, 290, 110, 'A', 85.40, 2, '2026-03-12 11:26:43', '2026-03-12 11:26:44'),
(1575, 290, 111, 'A', 83.90, 2, '2026-03-12 11:26:43', '2026-03-12 11:26:44'),
(1576, 290, 112, 'A', 90.60, 2, '2026-03-12 11:26:43', '2026-03-12 11:26:44'),
(1577, 291, 113, 'A', 84.50, 2, '2026-03-12 11:26:43', '2026-03-12 11:26:44'),
(1578, 291, 114, 'A', 81.00, 3, '2026-03-12 11:26:43', '2026-03-12 11:26:44'),
(1579, 291, 115, 'A', 79.20, 4, '2026-03-12 11:26:43', '2026-03-12 11:26:44'),
(1580, 291, 116, 'A', 85.20, 2, '2026-03-12 11:26:43', '2026-03-12 11:26:44'),
(1581, 291, 117, 'A', 84.00, 2, '2026-03-12 11:26:43', '2026-03-12 11:26:44'),
(1582, 291, 118, 'B', 77.70, 2, '2026-03-12 11:26:43', '2026-03-12 11:26:44'),
(1583, 291, 119, 'A', 79.90, 2, '2026-03-12 11:26:43', '2026-03-12 11:26:44'),
(1584, 291, 120, 'A', 88.20, 4, '2026-03-12 11:26:43', '2026-03-12 11:26:44'),
(1585, 292, 121, 'A', 81.50, 2, '2026-03-12 11:26:43', '2026-03-12 11:26:44'),
(1586, 292, 122, 'A', 89.00, 5, '2026-03-12 11:26:43', '2026-03-12 11:26:44'),
(1587, 292, 123, 'A', 80.30, 5, '2026-03-12 11:26:43', '2026-03-12 11:26:44'),
(1588, 292, 124, 'A', 81.30, 3, '2026-03-12 11:26:43', '2026-03-12 11:26:44'),
(1589, 292, 125, 'A', 81.70, 4, '2026-03-12 11:26:43', '2026-03-12 11:26:44'),
(1590, 292, 126, NULL, NULL, 2, '2026-03-12 11:26:43', '2026-03-12 11:26:43'),
(1591, 293, 103, 'A', 90.80, 2, '2026-03-12 11:26:43', '2026-03-12 11:26:44'),
(1592, 293, 106, 'A', 82.30, 4, '2026-03-12 11:26:43', '2026-03-12 11:26:44'),
(1593, 293, 107, 'C', 63.80, 3, '2026-03-12 11:26:43', '2026-03-12 11:26:44'),
(1594, 293, 108, 'C', 62.20, 4, '2026-03-12 11:26:43', '2026-03-12 11:26:44'),
(1595, 293, 109, 'D', 56.60, 3, '2026-03-12 11:26:43', '2026-03-12 11:26:44'),
(1596, 293, 110, 'B', 75.70, 2, '2026-03-12 11:26:43', '2026-03-12 11:26:44'),
(1597, 293, 111, 'A', 85.50, 2, '2026-03-12 11:26:43', '2026-03-12 11:26:44'),
(1598, 293, 112, 'A', 89.10, 2, '2026-03-12 11:26:43', '2026-03-12 11:26:44'),
(1599, 294, 113, 'C', 66.50, 2, '2026-03-12 11:26:43', '2026-03-12 11:26:44'),
(1600, 294, 114, 'B', 75.50, 3, '2026-03-12 11:26:43', '2026-03-12 11:26:44'),
(1601, 294, 115, 'B', 72.30, 4, '2026-03-12 11:26:43', '2026-03-12 11:26:44'),
(1602, 294, 116, 'A', 85.00, 2, '2026-03-12 11:26:43', '2026-03-12 11:26:44'),
(1603, 294, 117, 'A', 81.70, 2, '2026-03-12 11:26:43', '2026-03-12 11:26:44'),
(1604, 294, 118, 'B', 75.70, 2, '2026-03-12 11:26:43', '2026-03-12 11:26:44'),
(1605, 294, 119, 'B', 75.10, 2, '2026-03-12 11:26:43', '2026-03-12 11:26:44'),
(1606, 294, 120, 'A', 85.00, 4, '2026-03-12 11:26:43', '2026-03-12 11:26:44'),
(1607, 295, 121, 'B', 78.50, 2, '2026-03-12 11:26:43', '2026-03-12 11:26:44'),
(1608, 295, 122, 'A', 80.60, 5, '2026-03-12 11:26:43', '2026-03-12 11:26:44'),
(1609, 295, 123, 'B', 78.70, 5, '2026-03-12 11:26:43', '2026-03-12 11:26:44'),
(1610, 295, 124, 'A', 84.70, 3, '2026-03-12 11:26:43', '2026-03-12 11:26:44'),
(1611, 295, 125, 'B', 78.40, 4, '2026-03-12 11:26:43', '2026-03-12 11:26:44'),
(1612, 295, 126, NULL, NULL, 2, '2026-03-12 11:26:43', '2026-03-12 11:26:43'),
(1613, 296, 103, 'A', 92.20, 2, '2026-03-12 11:26:43', '2026-03-12 11:26:44'),
(1614, 296, 106, 'A', 83.30, 4, '2026-03-12 11:26:43', '2026-03-12 11:26:44'),
(1615, 296, 107, 'A', 81.90, 3, '2026-03-12 11:26:43', '2026-03-12 11:26:44'),
(1616, 296, 108, 'A', 88.20, 4, '2026-03-12 11:26:43', '2026-03-12 11:26:44'),
(1617, 296, 109, 'A', 80.10, 3, '2026-03-12 11:26:43', '2026-03-12 11:26:44'),
(1618, 296, 110, 'A', 89.50, 2, '2026-03-12 11:26:43', '2026-03-12 11:26:44'),
(1619, 296, 111, 'A', 88.60, 2, '2026-03-12 11:26:43', '2026-03-12 11:26:44'),
(1620, 296, 112, 'A', 90.60, 2, '2026-03-12 11:26:43', '2026-03-12 11:26:44'),
(1621, 297, 113, 'A', 82.50, 2, '2026-03-12 11:26:43', '2026-03-12 11:26:44'),
(1622, 297, 114, 'A', 83.00, 3, '2026-03-12 11:26:43', '2026-03-12 11:26:44'),
(1623, 297, 115, 'A', 81.20, 4, '2026-03-12 11:26:43', '2026-03-12 11:26:44'),
(1624, 297, 116, 'A', 81.90, 2, '2026-03-12 11:26:43', '2026-03-12 11:26:44'),
(1625, 297, 117, 'A', 86.30, 2, '2026-03-12 11:26:43', '2026-03-12 11:26:44'),
(1626, 297, 118, 'A', 95.50, 2, '2026-03-12 11:26:43', '2026-03-12 11:26:44'),
(1627, 297, 119, 'A', 79.30, 2, '2026-03-12 11:26:43', '2026-03-12 11:26:44'),
(1628, 297, 120, 'A', 86.20, 4, '2026-03-12 11:26:43', '2026-03-12 11:26:44'),
(1629, 298, 121, 'A', 85.50, 2, '2026-03-12 11:26:43', '2026-03-12 11:26:44'),
(1630, 298, 122, 'A', 90.70, 5, '2026-03-12 11:26:43', '2026-03-12 11:26:44'),
(1631, 298, 123, 'A', 81.70, 5, '2026-03-12 11:26:43', '2026-03-12 11:26:44'),
(1632, 298, 124, 'A', 88.70, 3, '2026-03-12 11:26:43', '2026-03-12 11:26:44'),
(1633, 298, 125, 'A', 86.20, 4, '2026-03-12 11:26:43', '2026-03-12 11:26:44'),
(1634, 298, 126, NULL, NULL, 2, '2026-03-12 11:26:43', '2026-03-12 11:26:43'),
(1635, 299, 103, 'A', 91.00, 2, '2026-03-12 11:26:43', '2026-03-12 11:26:44'),
(1636, 299, 106, 'C', 69.00, 4, '2026-03-12 11:26:43', '2026-03-12 11:26:44'),
(1637, 299, 107, 'C', 67.40, 3, '2026-03-12 11:26:43', '2026-03-12 11:26:44'),
(1638, 299, 108, 'C', 62.10, 4, '2026-03-12 11:26:43', '2026-03-12 11:26:44'),
(1639, 299, 109, 'C', 65.20, 3, '2026-03-12 11:26:43', '2026-03-12 11:26:44'),
(1640, 299, 110, 'C', 68.00, 2, '2026-03-12 11:26:43', '2026-03-12 11:26:44');
INSERT INTO `khs_detail` (`id`, `khs_id`, `mata_kuliah_id`, `nilai_huruf`, `nilai_angka`, `sks`, `created_at`, `updated_at`) VALUES
(1641, 299, 111, 'A', 83.50, 2, '2026-03-12 11:26:43', '2026-03-12 11:26:44'),
(1642, 299, 112, 'C', 65.00, 2, '2026-03-12 11:26:43', '2026-03-12 11:26:44'),
(1643, 300, 113, NULL, NULL, 2, '2026-03-12 11:26:43', '2026-03-12 11:26:43'),
(1644, 300, 114, NULL, NULL, 3, '2026-03-12 11:26:43', '2026-03-12 11:26:43'),
(1645, 300, 115, NULL, NULL, 4, '2026-03-12 11:26:43', '2026-03-12 11:26:43'),
(1646, 300, 116, NULL, NULL, 2, '2026-03-12 11:26:43', '2026-03-12 11:26:43'),
(1647, 300, 117, NULL, NULL, 2, '2026-03-12 11:26:43', '2026-03-12 11:26:43'),
(1648, 300, 118, NULL, NULL, 2, '2026-03-12 11:26:43', '2026-03-12 11:26:43'),
(1649, 300, 119, NULL, NULL, 2, '2026-03-12 11:26:43', '2026-03-12 11:26:43'),
(1650, 300, 120, NULL, NULL, 4, '2026-03-12 11:26:43', '2026-03-12 11:26:43'),
(1651, 301, 121, NULL, NULL, 2, '2026-03-12 11:26:43', '2026-03-12 11:26:43'),
(1652, 301, 122, NULL, NULL, 5, '2026-03-12 11:26:43', '2026-03-12 11:26:43'),
(1653, 301, 123, NULL, NULL, 5, '2026-03-12 11:26:43', '2026-03-12 11:26:43'),
(1654, 301, 124, NULL, NULL, 3, '2026-03-12 11:26:43', '2026-03-12 11:26:43'),
(1655, 301, 125, NULL, NULL, 4, '2026-03-12 11:26:43', '2026-03-12 11:26:43'),
(1656, 301, 126, NULL, NULL, 2, '2026-03-12 11:26:43', '2026-03-12 11:26:43'),
(1657, 302, 103, 'A', 94.10, 2, '2026-03-12 11:26:43', '2026-03-12 11:26:44'),
(1658, 302, 106, 'A', 82.60, 4, '2026-03-12 11:26:43', '2026-03-12 11:26:44'),
(1659, 302, 107, 'B', 76.90, 3, '2026-03-12 11:26:43', '2026-03-12 11:26:44'),
(1660, 302, 108, 'A', 85.40, 4, '2026-03-12 11:26:43', '2026-03-12 11:26:44'),
(1661, 302, 109, 'B', 75.60, 3, '2026-03-12 11:26:43', '2026-03-12 11:26:44'),
(1662, 302, 110, 'A', 85.00, 2, '2026-03-12 11:26:43', '2026-03-12 11:26:44'),
(1663, 302, 111, 'A', 88.60, 2, '2026-03-12 11:26:43', '2026-03-12 11:26:44'),
(1664, 302, 112, 'A', 92.40, 2, '2026-03-12 11:26:43', '2026-03-12 11:26:44'),
(1665, 303, 113, 'A', 82.00, 2, '2026-03-12 11:26:43', '2026-03-12 11:26:44'),
(1666, 303, 114, 'A', 83.00, 3, '2026-03-12 11:26:43', '2026-03-12 11:26:44'),
(1667, 303, 115, 'A', 84.50, 4, '2026-03-12 11:26:43', '2026-03-12 11:26:44'),
(1668, 303, 116, 'A', 84.80, 2, '2026-03-12 11:26:43', '2026-03-12 11:26:44'),
(1669, 303, 117, 'A', 83.90, 2, '2026-03-12 11:26:43', '2026-03-12 11:26:44'),
(1670, 303, 118, 'A', 95.50, 2, '2026-03-12 11:26:43', '2026-03-12 11:26:44'),
(1671, 303, 119, 'A', 79.80, 2, '2026-03-12 11:26:43', '2026-03-12 11:26:44'),
(1672, 303, 120, 'A', 87.20, 4, '2026-03-12 11:26:43', '2026-03-12 11:26:44'),
(1673, 304, 121, 'A', 83.00, 2, '2026-03-12 11:26:43', '2026-03-12 11:26:44'),
(1674, 304, 122, 'A', 88.60, 5, '2026-03-12 11:26:43', '2026-03-12 11:26:44'),
(1675, 304, 123, 'B', 77.50, 5, '2026-03-12 11:26:43', '2026-03-12 11:26:44'),
(1676, 304, 124, 'A', 87.50, 3, '2026-03-12 11:26:43', '2026-03-12 11:26:44'),
(1677, 304, 125, 'A', 81.20, 4, '2026-03-12 11:26:43', '2026-03-12 11:26:44'),
(1678, 304, 126, NULL, NULL, 2, '2026-03-12 11:26:43', '2026-03-12 11:26:43'),
(1679, 305, 103, 'C', 65.00, 2, '2026-03-12 11:26:43', '2026-03-12 11:26:44'),
(1680, 305, 106, 'C', 61.00, 4, '2026-03-12 11:26:43', '2026-03-12 11:26:44'),
(1681, 305, 107, 'C', 60.00, 3, '2026-03-12 11:26:43', '2026-03-12 11:26:44'),
(1682, 305, 108, 'C', 60.00, 4, '2026-03-12 11:26:43', '2026-03-12 11:26:44'),
(1683, 305, 109, 'C', 60.00, 3, '2026-03-12 11:26:43', '2026-03-12 11:26:44'),
(1684, 305, 110, 'C', 60.00, 2, '2026-03-12 11:26:43', '2026-03-12 11:26:44'),
(1685, 305, 111, 'C', 60.00, 2, '2026-03-12 11:26:43', '2026-03-12 11:26:44'),
(1686, 305, 112, 'C', 68.00, 2, '2026-03-12 11:26:43', '2026-03-12 11:26:44'),
(1687, 306, 113, NULL, NULL, 2, '2026-03-12 11:26:43', '2026-03-12 11:26:43'),
(1688, 306, 114, NULL, NULL, 3, '2026-03-12 11:26:43', '2026-03-12 11:26:43'),
(1689, 306, 115, NULL, NULL, 4, '2026-03-12 11:26:43', '2026-03-12 11:26:43'),
(1690, 306, 116, NULL, NULL, 2, '2026-03-12 11:26:43', '2026-03-12 11:26:43'),
(1691, 306, 117, NULL, NULL, 2, '2026-03-12 11:26:43', '2026-03-12 11:26:43'),
(1692, 306, 118, NULL, NULL, 2, '2026-03-12 11:26:43', '2026-03-12 11:26:43'),
(1693, 306, 119, NULL, NULL, 2, '2026-03-12 11:26:43', '2026-03-12 11:26:43'),
(1694, 306, 120, NULL, NULL, 4, '2026-03-12 11:26:43', '2026-03-12 11:26:43'),
(1695, 307, 121, NULL, NULL, 2, '2026-03-12 11:26:43', '2026-03-12 11:26:43'),
(1696, 307, 122, NULL, NULL, 5, '2026-03-12 11:26:43', '2026-03-12 11:26:43'),
(1697, 307, 123, NULL, NULL, 5, '2026-03-12 11:26:43', '2026-03-12 11:26:43'),
(1698, 307, 124, NULL, NULL, 3, '2026-03-12 11:26:43', '2026-03-12 11:26:43'),
(1699, 307, 125, NULL, NULL, 4, '2026-03-12 11:26:43', '2026-03-12 11:26:43'),
(1700, 307, 126, NULL, NULL, 2, '2026-03-12 11:26:43', '2026-03-12 11:26:43'),
(1701, 308, 103, 'A', 80.50, 2, '2026-03-12 11:26:43', '2026-03-12 11:26:44'),
(1702, 308, 106, 'A', 83.10, 4, '2026-03-12 11:26:43', '2026-03-12 11:26:44'),
(1703, 308, 107, 'A', 80.60, 3, '2026-03-12 11:26:43', '2026-03-12 11:26:44'),
(1704, 308, 108, 'B', 74.30, 4, '2026-03-12 11:26:43', '2026-03-12 11:26:44'),
(1705, 308, 109, 'B', 77.10, 3, '2026-03-12 11:26:43', '2026-03-12 11:26:44'),
(1706, 308, 110, 'A', 81.30, 2, '2026-03-12 11:26:43', '2026-03-12 11:26:44'),
(1707, 308, 111, 'A', 87.10, 2, '2026-03-12 11:26:43', '2026-03-12 11:26:44'),
(1708, 308, 112, 'A', 81.80, 2, '2026-03-12 11:26:43', '2026-03-12 11:26:44'),
(1709, 309, 113, 'A', 81.80, 2, '2026-03-12 11:26:43', '2026-03-12 11:26:44'),
(1710, 309, 114, 'A', 80.90, 3, '2026-03-12 11:26:43', '2026-03-12 11:26:44'),
(1711, 309, 115, 'A', 83.70, 4, '2026-03-12 11:26:43', '2026-03-12 11:26:44'),
(1712, 309, 116, 'A', 86.90, 2, '2026-03-12 11:26:43', '2026-03-12 11:26:44'),
(1713, 309, 117, 'B', 74.00, 2, '2026-03-12 11:26:43', '2026-03-12 11:26:44'),
(1714, 309, 118, 'A', 83.40, 2, '2026-03-12 11:26:43', '2026-03-12 11:26:44'),
(1715, 309, 119, 'B', 76.30, 2, '2026-03-12 11:26:43', '2026-03-12 11:26:44'),
(1716, 309, 120, 'A', 91.20, 4, '2026-03-12 11:26:43', '2026-03-12 11:26:44'),
(1717, 310, 121, 'B', 74.30, 2, '2026-03-12 11:26:43', '2026-03-12 11:26:44'),
(1718, 310, 122, 'B', 76.90, 5, '2026-03-12 11:26:43', '2026-03-12 11:26:44'),
(1719, 310, 123, 'A', 80.40, 5, '2026-03-12 11:26:43', '2026-03-12 11:26:44'),
(1720, 310, 124, 'A', 80.10, 3, '2026-03-12 11:26:43', '2026-03-12 11:26:44'),
(1721, 310, 125, 'B', 76.50, 4, '2026-03-12 11:26:43', '2026-03-12 11:26:44'),
(1722, 310, 126, NULL, NULL, 2, '2026-03-12 11:26:43', '2026-03-12 11:26:43'),
(1723, 311, 103, 'A', 82.00, 2, '2026-03-12 11:26:43', '2026-03-12 11:26:44'),
(1724, 311, 106, 'A', 83.60, 4, '2026-03-12 11:26:43', '2026-03-12 11:26:44'),
(1725, 311, 107, 'A', 82.10, 3, '2026-03-12 11:26:43', '2026-03-12 11:26:44'),
(1726, 311, 108, 'A', 83.70, 4, '2026-03-12 11:26:43', '2026-03-12 11:26:44'),
(1727, 311, 109, 'B', 77.40, 3, '2026-03-12 11:26:43', '2026-03-12 11:26:44'),
(1728, 311, 110, 'A', 81.80, 2, '2026-03-12 11:26:43', '2026-03-12 11:26:44'),
(1729, 311, 111, 'A', 90.10, 2, '2026-03-12 11:26:43', '2026-03-12 11:26:44'),
(1730, 311, 112, 'A', 85.20, 2, '2026-03-12 11:26:43', '2026-03-12 11:26:44'),
(1731, 312, 113, 'A', 83.20, 2, '2026-03-12 11:26:43', '2026-03-12 11:26:44'),
(1732, 312, 114, 'A', 82.60, 3, '2026-03-12 11:26:43', '2026-03-12 11:26:44'),
(1733, 312, 115, 'A', 82.90, 4, '2026-03-12 11:26:43', '2026-03-12 11:26:44'),
(1734, 312, 116, 'A', 88.10, 2, '2026-03-12 11:26:43', '2026-03-12 11:26:44'),
(1735, 312, 117, 'A', 82.40, 2, '2026-03-12 11:26:43', '2026-03-12 11:26:44'),
(1736, 312, 118, 'A', 85.80, 2, '2026-03-12 11:26:43', '2026-03-12 11:26:44'),
(1737, 312, 119, 'B', 76.60, 2, '2026-03-12 11:26:43', '2026-03-12 11:26:44'),
(1738, 312, 120, 'A', 92.50, 4, '2026-03-12 11:26:43', '2026-03-12 11:26:44'),
(1739, 313, 121, 'A', 88.00, 2, '2026-03-12 11:26:43', '2026-03-12 11:26:44'),
(1740, 313, 122, 'A', 80.00, 5, '2026-03-12 11:26:43', '2026-03-12 11:26:44'),
(1741, 313, 123, 'A', 80.20, 5, '2026-03-12 11:26:43', '2026-03-12 11:26:44'),
(1742, 313, 124, 'A', 85.30, 3, '2026-03-12 11:26:43', '2026-03-12 11:26:44'),
(1743, 313, 125, 'A', 83.50, 4, '2026-03-12 11:26:43', '2026-03-12 11:26:44'),
(1744, 313, 126, NULL, NULL, 2, '2026-03-12 11:26:43', '2026-03-12 11:26:43'),
(1745, 314, 103, 'B', 78.80, 2, '2026-03-12 11:26:43', '2026-03-12 11:26:44'),
(1746, 314, 106, 'A', 83.00, 4, '2026-03-12 11:26:43', '2026-03-12 11:26:44'),
(1747, 314, 107, 'B', 73.70, 3, '2026-03-12 11:26:43', '2026-03-12 11:26:44'),
(1748, 314, 108, 'B', 73.10, 4, '2026-03-12 11:26:43', '2026-03-12 11:26:44'),
(1749, 314, 109, 'B', 77.10, 3, '2026-03-12 11:26:43', '2026-03-12 11:26:44'),
(1750, 314, 110, 'A', 81.20, 2, '2026-03-12 11:26:43', '2026-03-12 11:26:44'),
(1751, 314, 111, 'A', 89.70, 2, '2026-03-12 11:26:43', '2026-03-12 11:26:44'),
(1752, 314, 112, 'A', 82.30, 2, '2026-03-12 11:26:43', '2026-03-12 11:26:44'),
(1753, 315, 113, 'A', 82.30, 2, '2026-03-12 11:26:43', '2026-03-12 11:26:44'),
(1754, 315, 114, 'B', 72.50, 3, '2026-03-12 11:26:43', '2026-03-12 11:26:44'),
(1755, 315, 115, 'A', 80.10, 4, '2026-03-12 11:26:43', '2026-03-12 11:26:44'),
(1756, 315, 116, 'A', 87.20, 2, '2026-03-12 11:26:43', '2026-03-12 11:26:44'),
(1757, 315, 117, 'B', 70.40, 2, '2026-03-12 11:26:43', '2026-03-12 11:26:44'),
(1758, 315, 118, 'A', 82.40, 2, '2026-03-12 11:26:43', '2026-03-12 11:26:44'),
(1759, 315, 119, 'B', 76.40, 2, '2026-03-12 11:26:43', '2026-03-12 11:26:44'),
(1760, 315, 120, 'A', 91.50, 4, '2026-03-12 11:26:43', '2026-03-12 11:26:44'),
(1761, 316, 121, 'A', 83.40, 2, '2026-03-12 11:26:43', '2026-03-12 11:26:44'),
(1762, 316, 122, 'B', 74.90, 5, '2026-03-12 11:26:43', '2026-03-12 11:26:44'),
(1763, 316, 123, 'B', 78.30, 5, '2026-03-12 11:26:43', '2026-03-12 11:26:44'),
(1764, 316, 124, 'A', 80.10, 3, '2026-03-12 11:26:43', '2026-03-12 11:26:44'),
(1765, 316, 125, 'B', 75.90, 4, '2026-03-12 11:26:43', '2026-03-12 11:26:44'),
(1766, 316, 126, NULL, NULL, 2, '2026-03-12 11:26:43', '2026-03-12 11:26:43'),
(1767, 317, 103, 'C', 61.00, 2, '2026-03-12 11:26:43', '2026-03-12 11:26:44'),
(1768, 317, 106, 'C', 60.00, 4, '2026-03-12 11:26:43', '2026-03-12 11:26:44'),
(1769, 317, 107, 'C', 60.00, 3, '2026-03-12 11:26:43', '2026-03-12 11:26:44'),
(1770, 317, 108, 'C', 60.00, 4, '2026-03-12 11:26:43', '2026-03-12 11:26:44'),
(1771, 317, 109, 'C', 60.80, 3, '2026-03-12 11:26:43', '2026-03-12 11:26:44'),
(1772, 317, 110, 'C', 61.00, 2, '2026-03-12 11:26:43', '2026-03-12 11:26:44'),
(1773, 317, 111, 'C', 65.00, 2, '2026-03-12 11:26:43', '2026-03-12 11:26:44'),
(1774, 317, 112, 'C', 60.10, 2, '2026-03-12 11:26:43', '2026-03-12 11:26:44'),
(1775, 318, 113, NULL, NULL, 2, '2026-03-12 11:26:43', '2026-03-12 11:26:43'),
(1776, 318, 114, NULL, NULL, 3, '2026-03-12 11:26:43', '2026-03-12 11:26:43'),
(1777, 318, 115, NULL, NULL, 4, '2026-03-12 11:26:43', '2026-03-12 11:26:43'),
(1778, 318, 116, NULL, NULL, 2, '2026-03-12 11:26:43', '2026-03-12 11:26:43'),
(1779, 318, 117, NULL, NULL, 2, '2026-03-12 11:26:43', '2026-03-12 11:26:43'),
(1780, 318, 118, NULL, NULL, 2, '2026-03-12 11:26:43', '2026-03-12 11:26:43'),
(1781, 318, 119, NULL, NULL, 2, '2026-03-12 11:26:43', '2026-03-12 11:26:43'),
(1782, 318, 120, NULL, NULL, 4, '2026-03-12 11:26:43', '2026-03-12 11:26:43'),
(1783, 319, 121, NULL, NULL, 2, '2026-03-12 11:26:43', '2026-03-12 11:26:43'),
(1784, 319, 122, NULL, NULL, 5, '2026-03-12 11:26:43', '2026-03-12 11:26:43'),
(1785, 319, 123, NULL, NULL, 5, '2026-03-12 11:26:43', '2026-03-12 11:26:43'),
(1786, 319, 124, NULL, NULL, 3, '2026-03-12 11:26:43', '2026-03-12 11:26:43'),
(1787, 319, 125, NULL, NULL, 4, '2026-03-12 11:26:43', '2026-03-12 11:26:43'),
(1788, 319, 126, NULL, NULL, 2, '2026-03-12 11:26:43', '2026-03-12 11:26:43'),
(1789, 320, 103, 'C', 69.00, 2, '2026-03-12 11:26:43', '2026-03-12 11:26:44'),
(1790, 320, 106, 'B', 76.20, 4, '2026-03-12 11:26:43', '2026-03-12 11:26:44'),
(1791, 320, 107, 'B', 78.90, 3, '2026-03-12 11:26:43', '2026-03-12 11:26:44'),
(1792, 320, 108, 'C', 61.10, 4, '2026-03-12 11:26:43', '2026-03-12 11:26:44'),
(1793, 320, 109, 'C', 65.50, 3, '2026-03-12 11:26:43', '2026-03-12 11:26:44'),
(1794, 320, 110, 'A', 82.00, 2, '2026-03-12 11:26:43', '2026-03-12 11:26:44'),
(1795, 320, 111, 'A', 80.90, 2, '2026-03-12 11:26:43', '2026-03-12 11:26:44'),
(1796, 320, 112, 'A', 81.30, 2, '2026-03-12 11:26:43', '2026-03-12 11:26:44'),
(1797, 321, 113, NULL, NULL, 2, '2026-03-12 11:26:43', '2026-03-12 11:26:43'),
(1798, 321, 114, NULL, NULL, 3, '2026-03-12 11:26:43', '2026-03-12 11:26:43'),
(1799, 321, 115, NULL, NULL, 4, '2026-03-12 11:26:43', '2026-03-12 11:26:43'),
(1800, 321, 116, NULL, NULL, 2, '2026-03-12 11:26:43', '2026-03-12 11:26:43'),
(1801, 321, 117, NULL, NULL, 2, '2026-03-12 11:26:43', '2026-03-12 11:26:43'),
(1802, 321, 118, NULL, NULL, 2, '2026-03-12 11:26:43', '2026-03-12 11:26:43'),
(1803, 321, 119, NULL, NULL, 2, '2026-03-12 11:26:43', '2026-03-12 11:26:43'),
(1804, 321, 120, NULL, NULL, 4, '2026-03-12 11:26:43', '2026-03-12 11:26:43'),
(1805, 322, 121, NULL, NULL, 2, '2026-03-12 11:26:43', '2026-03-12 11:26:43'),
(1806, 322, 122, NULL, NULL, 5, '2026-03-12 11:26:43', '2026-03-12 11:26:43'),
(1807, 322, 123, NULL, NULL, 5, '2026-03-12 11:26:43', '2026-03-12 11:26:43'),
(1808, 322, 124, NULL, NULL, 3, '2026-03-12 11:26:43', '2026-03-12 11:26:43'),
(1809, 322, 125, NULL, NULL, 4, '2026-03-12 11:26:43', '2026-03-12 11:26:43'),
(1810, 322, 126, NULL, NULL, 2, '2026-03-12 11:26:43', '2026-03-12 11:26:43'),
(1811, 323, 103, 'A', 90.50, 2, '2026-03-12 11:26:43', '2026-03-12 11:26:44'),
(1812, 323, 106, 'A', 85.30, 4, '2026-03-12 11:26:43', '2026-03-12 11:26:44'),
(1813, 323, 107, 'A', 82.30, 3, '2026-03-12 11:26:43', '2026-03-12 11:26:44'),
(1814, 323, 108, 'A', 81.00, 4, '2026-03-12 11:26:43', '2026-03-12 11:26:44'),
(1815, 323, 109, 'A', 86.50, 3, '2026-03-12 11:26:43', '2026-03-12 11:26:44'),
(1816, 323, 110, 'A', 86.80, 2, '2026-03-12 11:26:43', '2026-03-12 11:26:44'),
(1817, 323, 111, 'A', 86.50, 2, '2026-03-12 11:26:43', '2026-03-12 11:26:44'),
(1818, 323, 112, 'A', 90.40, 2, '2026-03-12 11:26:43', '2026-03-12 11:26:44'),
(1819, 324, 113, 'A', 82.30, 2, '2026-03-12 11:26:43', '2026-03-12 11:26:44'),
(1820, 324, 114, 'A', 82.00, 3, '2026-03-12 11:26:43', '2026-03-12 11:26:44'),
(1821, 324, 115, 'A', 79.20, 4, '2026-03-12 11:26:43', '2026-03-12 11:26:44'),
(1822, 324, 116, 'A', 88.90, 2, '2026-03-12 11:26:43', '2026-03-12 11:26:44'),
(1823, 324, 117, 'A', 80.00, 2, '2026-03-12 11:26:43', '2026-03-12 11:26:44'),
(1824, 324, 118, 'A', 82.30, 2, '2026-03-12 11:26:43', '2026-03-12 11:26:44'),
(1825, 324, 119, 'A', 84.30, 2, '2026-03-12 11:26:43', '2026-03-12 11:26:44'),
(1826, 324, 120, 'A', 89.80, 4, '2026-03-12 11:26:43', '2026-03-12 11:26:44'),
(1827, 325, 121, 'B', 76.50, 2, '2026-03-12 11:26:43', '2026-03-12 11:26:44'),
(1828, 325, 122, 'A', 86.10, 5, '2026-03-12 11:26:43', '2026-03-12 11:26:44'),
(1829, 325, 123, 'B', 75.30, 5, '2026-03-12 11:26:43', '2026-03-12 11:26:44'),
(1830, 325, 124, 'B', 74.30, 3, '2026-03-12 11:26:43', '2026-03-12 11:26:44'),
(1831, 325, 125, 'B', 78.80, 4, '2026-03-12 11:26:43', '2026-03-12 11:26:44'),
(1832, 325, 126, NULL, NULL, 2, '2026-03-12 11:26:43', '2026-03-12 11:26:43'),
(1833, 326, 103, 'C', 60.00, 2, '2026-03-12 11:26:43', '2026-03-12 11:26:44'),
(1834, 326, 106, 'C', 61.00, 4, '2026-03-12 11:26:43', '2026-03-12 11:26:44'),
(1835, 326, 107, 'C', 60.00, 3, '2026-03-12 11:26:43', '2026-03-12 11:26:44'),
(1836, 326, 108, 'C', 60.00, 4, '2026-03-12 11:26:43', '2026-03-12 11:26:44'),
(1837, 326, 109, 'C', 60.20, 3, '2026-03-12 11:26:43', '2026-03-12 11:26:44'),
(1838, 326, 110, 'C', 62.00, 2, '2026-03-12 11:26:43', '2026-03-12 11:26:44'),
(1839, 326, 111, 'C', 60.00, 2, '2026-03-12 11:26:43', '2026-03-12 11:26:44'),
(1840, 326, 112, 'C', 60.20, 2, '2026-03-12 11:26:43', '2026-03-12 11:26:44'),
(1841, 327, 113, NULL, NULL, 2, '2026-03-12 11:26:43', '2026-03-12 11:26:43'),
(1842, 327, 114, NULL, NULL, 3, '2026-03-12 11:26:43', '2026-03-12 11:26:43'),
(1843, 327, 115, NULL, NULL, 4, '2026-03-12 11:26:43', '2026-03-12 11:26:43'),
(1844, 327, 116, NULL, NULL, 2, '2026-03-12 11:26:43', '2026-03-12 11:26:43'),
(1845, 327, 117, NULL, NULL, 2, '2026-03-12 11:26:43', '2026-03-12 11:26:43'),
(1846, 327, 118, NULL, NULL, 2, '2026-03-12 11:26:43', '2026-03-12 11:26:43'),
(1847, 327, 119, NULL, NULL, 2, '2026-03-12 11:26:43', '2026-03-12 11:26:43'),
(1848, 327, 120, NULL, NULL, 4, '2026-03-12 11:26:43', '2026-03-12 11:26:43'),
(1849, 328, 121, NULL, NULL, 2, '2026-03-12 11:26:43', '2026-03-12 11:26:43'),
(1850, 328, 122, NULL, NULL, 5, '2026-03-12 11:26:43', '2026-03-12 11:26:43'),
(1851, 328, 123, NULL, NULL, 5, '2026-03-12 11:26:43', '2026-03-12 11:26:43'),
(1852, 328, 124, NULL, NULL, 3, '2026-03-12 11:26:43', '2026-03-12 11:26:43'),
(1853, 328, 125, NULL, NULL, 4, '2026-03-12 11:26:43', '2026-03-12 11:26:43'),
(1854, 328, 126, NULL, NULL, 2, '2026-03-12 11:26:43', '2026-03-12 11:26:43'),
(1855, 329, 103, 'A', 82.70, 2, '2026-03-12 11:26:43', '2026-03-12 11:26:44'),
(1856, 329, 106, 'B', 79.00, 4, '2026-03-12 11:26:43', '2026-03-12 11:26:44'),
(1857, 329, 107, 'B', 76.50, 3, '2026-03-12 11:26:43', '2026-03-12 11:26:44'),
(1858, 329, 108, 'B', 73.00, 4, '2026-03-12 11:26:43', '2026-03-12 11:26:44'),
(1859, 329, 109, 'B', 73.00, 3, '2026-03-12 11:26:43', '2026-03-12 11:26:44'),
(1860, 329, 110, 'C', 64.10, 2, '2026-03-12 11:26:43', '2026-03-12 11:26:44'),
(1861, 329, 111, 'A', 82.90, 2, '2026-03-12 11:26:43', '2026-03-12 11:26:44'),
(1862, 329, 112, 'B', 79.00, 2, '2026-03-12 11:26:43', '2026-03-12 11:26:44'),
(1863, 330, 113, 'A', 80.20, 2, '2026-03-12 11:26:43', '2026-03-12 11:26:44'),
(1864, 330, 114, 'B', 78.00, 3, '2026-03-12 11:26:43', '2026-03-12 11:26:44'),
(1865, 330, 115, 'B', 75.00, 4, '2026-03-12 11:26:43', '2026-03-12 11:26:44'),
(1866, 330, 116, 'A', 85.70, 2, '2026-03-12 11:26:43', '2026-03-12 11:26:44'),
(1867, 330, 117, 'B', 77.20, 2, '2026-03-12 11:26:43', '2026-03-12 11:26:44'),
(1868, 330, 118, 'A', 85.20, 2, '2026-03-12 11:26:43', '2026-03-12 11:26:44'),
(1869, 330, 119, 'B', 77.50, 2, '2026-03-12 11:26:43', '2026-03-12 11:26:44'),
(1870, 330, 120, 'A', 85.60, 4, '2026-03-12 11:26:43', '2026-03-12 11:26:44'),
(1871, 331, 121, 'A', 80.90, 2, '2026-03-12 11:26:43', '2026-03-12 11:26:44'),
(1872, 331, 122, 'A', 81.50, 5, '2026-03-12 11:26:43', '2026-03-12 11:26:44'),
(1873, 331, 123, 'B', 74.90, 5, '2026-03-12 11:26:43', '2026-03-12 11:26:44'),
(1874, 331, 124, 'B', 78.50, 3, '2026-03-12 11:26:43', '2026-03-12 11:26:44'),
(1875, 331, 125, 'B', 78.00, 4, '2026-03-12 11:26:43', '2026-03-12 11:26:44'),
(1876, 331, 126, NULL, NULL, 2, '2026-03-12 11:26:43', '2026-03-12 11:26:43'),
(1877, 332, 103, 'A', 91.50, 2, '2026-03-12 11:26:43', '2026-03-12 11:26:44'),
(1878, 332, 106, 'C', 60.00, 4, '2026-03-12 11:26:43', '2026-03-12 11:26:44'),
(1879, 332, 107, 'B', 76.20, 3, '2026-03-12 11:26:43', '2026-03-12 11:26:44'),
(1880, 332, 108, 'C', 62.00, 4, '2026-03-12 11:26:43', '2026-03-12 11:26:44'),
(1881, 332, 109, 'C', 66.70, 3, '2026-03-12 11:26:43', '2026-03-12 11:26:44'),
(1882, 332, 110, 'A', 83.10, 2, '2026-03-12 11:26:43', '2026-03-12 11:26:44'),
(1883, 332, 111, 'A', 87.30, 2, '2026-03-12 11:26:43', '2026-03-12 11:26:44'),
(1884, 332, 112, 'C', 65.00, 2, '2026-03-12 11:26:43', '2026-03-12 11:26:44'),
(1885, 333, 113, NULL, NULL, 2, '2026-03-12 11:26:43', '2026-03-12 11:26:43'),
(1886, 333, 114, NULL, NULL, 3, '2026-03-12 11:26:43', '2026-03-12 11:26:43'),
(1887, 333, 115, NULL, NULL, 4, '2026-03-12 11:26:43', '2026-03-12 11:26:43'),
(1888, 333, 116, NULL, NULL, 2, '2026-03-12 11:26:43', '2026-03-12 11:26:43'),
(1889, 333, 117, NULL, NULL, 2, '2026-03-12 11:26:43', '2026-03-12 11:26:43'),
(1890, 333, 118, NULL, NULL, 2, '2026-03-12 11:26:43', '2026-03-12 11:26:43'),
(1891, 333, 119, NULL, NULL, 2, '2026-03-12 11:26:43', '2026-03-12 11:26:43'),
(1892, 333, 120, NULL, NULL, 4, '2026-03-12 11:26:43', '2026-03-12 11:26:43'),
(1893, 334, 121, NULL, NULL, 2, '2026-03-12 11:26:43', '2026-03-12 11:26:43'),
(1894, 334, 122, NULL, NULL, 5, '2026-03-12 11:26:43', '2026-03-12 11:26:43'),
(1895, 334, 123, NULL, NULL, 5, '2026-03-12 11:26:43', '2026-03-12 11:26:43'),
(1896, 334, 124, NULL, NULL, 3, '2026-03-12 11:26:43', '2026-03-12 11:26:43'),
(1897, 334, 125, NULL, NULL, 4, '2026-03-12 11:26:43', '2026-03-12 11:26:43'),
(1898, 334, 126, NULL, NULL, 2, '2026-03-12 11:26:43', '2026-03-12 11:26:43'),
(1899, 335, 103, 'C', 69.00, 2, '2026-03-12 11:26:43', '2026-03-12 11:26:44'),
(1900, 335, 106, 'A', 81.70, 4, '2026-03-12 11:26:43', '2026-03-12 11:26:44'),
(1901, 335, 107, 'B', 77.40, 3, '2026-03-12 11:26:43', '2026-03-12 11:26:44'),
(1902, 335, 108, 'B', 70.00, 4, '2026-03-12 11:26:43', '2026-03-12 11:26:44'),
(1903, 335, 109, 'C', 67.80, 3, '2026-03-12 11:26:43', '2026-03-12 11:26:44'),
(1904, 335, 110, 'C', 65.00, 2, '2026-03-12 11:26:43', '2026-03-12 11:26:44'),
(1905, 335, 111, 'B', 79.80, 2, '2026-03-12 11:26:43', '2026-03-12 11:26:44'),
(1906, 335, 112, 'B', 76.00, 2, '2026-03-12 11:26:43', '2026-03-12 11:26:44'),
(1907, 336, 113, 'B', 75.50, 2, '2026-03-12 11:26:43', '2026-03-12 11:26:44'),
(1908, 336, 114, 'B', 72.60, 3, '2026-03-12 11:26:43', '2026-03-12 11:26:44'),
(1909, 336, 115, 'B', 72.00, 4, '2026-03-12 11:26:43', '2026-03-12 11:26:44'),
(1910, 336, 116, 'A', 79.50, 2, '2026-03-12 11:26:43', '2026-03-12 11:26:44'),
(1911, 336, 117, 'B', 74.60, 2, '2026-03-12 11:26:43', '2026-03-12 11:26:44'),
(1912, 336, 118, 'A', 82.70, 2, '2026-03-12 11:26:43', '2026-03-12 11:26:44'),
(1913, 336, 119, 'B', 72.00, 2, '2026-03-12 11:26:43', '2026-03-12 11:26:44'),
(1914, 336, 120, 'A', 88.20, 4, '2026-03-12 11:26:43', '2026-03-12 11:26:44'),
(1915, 337, 121, 'B', 78.30, 2, '2026-03-12 11:26:43', '2026-03-12 11:26:44'),
(1916, 337, 122, 'A', 80.60, 5, '2026-03-12 11:26:43', '2026-03-12 11:26:44'),
(1917, 337, 123, 'B', 73.60, 5, '2026-03-12 11:26:43', '2026-03-12 11:26:44'),
(1918, 337, 124, 'B', 70.70, 3, '2026-03-12 11:26:43', '2026-03-12 11:26:44'),
(1919, 337, 125, 'B', 72.80, 4, '2026-03-12 11:26:43', '2026-03-12 11:26:44'),
(1920, 337, 126, NULL, NULL, 2, '2026-03-12 11:26:43', '2026-03-12 11:26:43'),
(1921, 338, 103, 'C', 60.00, 2, '2026-03-12 11:26:43', '2026-03-12 11:26:44'),
(1922, 338, 106, 'C', 62.00, 4, '2026-03-12 11:26:43', '2026-03-12 11:26:44'),
(1923, 338, 107, 'C', 61.00, 3, '2026-03-12 11:26:43', '2026-03-12 11:26:44'),
(1924, 338, 108, 'C', 60.00, 4, '2026-03-12 11:26:43', '2026-03-12 11:26:44'),
(1925, 338, 109, 'C', 60.00, 3, '2026-03-12 11:26:43', '2026-03-12 11:26:44'),
(1926, 338, 110, 'C', 60.00, 2, '2026-03-12 11:26:43', '2026-03-12 11:26:44'),
(1927, 338, 111, 'C', 60.00, 2, '2026-03-12 11:26:43', '2026-03-12 11:26:44'),
(1928, 338, 112, 'C', 60.00, 2, '2026-03-12 11:26:43', '2026-03-12 11:26:44'),
(1929, 339, 113, NULL, NULL, 2, '2026-03-12 11:26:43', '2026-03-12 11:26:43'),
(1930, 339, 114, NULL, NULL, 3, '2026-03-12 11:26:43', '2026-03-12 11:26:43'),
(1931, 339, 115, NULL, NULL, 4, '2026-03-12 11:26:43', '2026-03-12 11:26:43'),
(1932, 339, 116, NULL, NULL, 2, '2026-03-12 11:26:43', '2026-03-12 11:26:43'),
(1933, 339, 117, NULL, NULL, 2, '2026-03-12 11:26:43', '2026-03-12 11:26:43'),
(1934, 339, 118, NULL, NULL, 2, '2026-03-12 11:26:43', '2026-03-12 11:26:43'),
(1935, 339, 119, NULL, NULL, 2, '2026-03-12 11:26:43', '2026-03-12 11:26:43'),
(1936, 339, 120, NULL, NULL, 4, '2026-03-12 11:26:43', '2026-03-12 11:26:43'),
(1937, 340, 121, NULL, NULL, 2, '2026-03-12 11:26:43', '2026-03-12 11:26:43'),
(1938, 340, 122, NULL, NULL, 5, '2026-03-12 11:26:43', '2026-03-12 11:26:43'),
(1939, 340, 123, NULL, NULL, 5, '2026-03-12 11:26:43', '2026-03-12 11:26:43'),
(1940, 340, 124, NULL, NULL, 3, '2026-03-12 11:26:43', '2026-03-12 11:26:43'),
(1941, 340, 125, NULL, NULL, 4, '2026-03-12 11:26:43', '2026-03-12 11:26:43'),
(1942, 340, 126, NULL, NULL, 2, '2026-03-12 11:26:43', '2026-03-12 11:26:43'),
(1943, 341, 103, 'C', 60.00, 2, '2026-03-12 11:26:43', '2026-03-12 11:26:44'),
(1944, 341, 106, 'C', 63.00, 4, '2026-03-12 11:26:43', '2026-03-12 11:26:44'),
(1945, 341, 107, 'C', 62.00, 3, '2026-03-12 11:26:43', '2026-03-12 11:26:44'),
(1946, 341, 108, 'C', 60.00, 4, '2026-03-12 11:26:43', '2026-03-12 11:26:44'),
(1947, 341, 109, 'C', 60.40, 3, '2026-03-12 11:26:43', '2026-03-12 11:26:44'),
(1948, 341, 110, 'C', 61.00, 2, '2026-03-12 11:26:43', '2026-03-12 11:26:44'),
(1949, 341, 111, 'C', 60.00, 2, '2026-03-12 11:26:43', '2026-03-12 11:26:44'),
(1950, 341, 112, 'C', 60.40, 2, '2026-03-12 11:26:43', '2026-03-12 11:26:44'),
(1951, 342, 113, NULL, NULL, 2, '2026-03-12 11:26:43', '2026-03-12 11:26:43'),
(1952, 342, 114, NULL, NULL, 3, '2026-03-12 11:26:43', '2026-03-12 11:26:43'),
(1953, 342, 115, NULL, NULL, 4, '2026-03-12 11:26:43', '2026-03-12 11:26:43'),
(1954, 342, 116, NULL, NULL, 2, '2026-03-12 11:26:43', '2026-03-12 11:26:43'),
(1955, 342, 117, NULL, NULL, 2, '2026-03-12 11:26:43', '2026-03-12 11:26:43'),
(1956, 342, 118, NULL, NULL, 2, '2026-03-12 11:26:43', '2026-03-12 11:26:43'),
(1957, 342, 119, NULL, NULL, 2, '2026-03-12 11:26:43', '2026-03-12 11:26:43'),
(1958, 342, 120, NULL, NULL, 4, '2026-03-12 11:26:43', '2026-03-12 11:26:43'),
(1959, 343, 121, NULL, NULL, 2, '2026-03-12 11:26:43', '2026-03-12 11:26:43'),
(1960, 343, 122, NULL, NULL, 5, '2026-03-12 11:26:43', '2026-03-12 11:26:43'),
(1961, 343, 123, NULL, NULL, 5, '2026-03-12 11:26:43', '2026-03-12 11:26:43'),
(1962, 343, 124, NULL, NULL, 3, '2026-03-12 11:26:43', '2026-03-12 11:26:43'),
(1963, 343, 125, NULL, NULL, 4, '2026-03-12 11:26:43', '2026-03-12 11:26:43'),
(1964, 343, 126, NULL, NULL, 2, '2026-03-12 11:26:43', '2026-03-12 11:26:43'),
(1965, 344, 103, 'A', 87.50, 2, '2026-03-12 11:26:43', '2026-03-12 11:26:44'),
(1966, 344, 106, 'A', 83.40, 4, '2026-03-12 11:26:43', '2026-03-12 11:26:44'),
(1967, 344, 107, 'A', 82.80, 3, '2026-03-12 11:26:43', '2026-03-12 11:26:44'),
(1968, 344, 108, 'B', 75.00, 4, '2026-03-12 11:26:43', '2026-03-12 11:26:44'),
(1969, 344, 109, 'B', 78.30, 3, '2026-03-12 11:26:43', '2026-03-12 11:26:44'),
(1970, 344, 110, 'B', 76.00, 2, '2026-03-12 11:26:43', '2026-03-12 11:26:44'),
(1971, 344, 111, 'A', 88.20, 2, '2026-03-12 11:26:43', '2026-03-12 11:26:44'),
(1972, 344, 112, 'A', 82.80, 2, '2026-03-12 11:26:43', '2026-03-12 11:26:44'),
(1973, 345, 113, 'A', 80.70, 2, '2026-03-12 11:26:43', '2026-03-12 11:26:44'),
(1974, 345, 114, 'B', 78.00, 3, '2026-03-12 11:26:43', '2026-03-12 11:26:44'),
(1975, 345, 115, 'A', 80.90, 4, '2026-03-12 11:26:43', '2026-03-12 11:26:44'),
(1976, 345, 116, 'A', 82.60, 2, '2026-03-12 11:26:43', '2026-03-12 11:26:44'),
(1977, 345, 117, 'A', 80.80, 2, '2026-03-12 11:26:43', '2026-03-12 11:26:44'),
(1978, 345, 118, 'A', 79.80, 2, '2026-03-12 11:26:43', '2026-03-12 11:26:44'),
(1979, 345, 119, 'B', 74.30, 2, '2026-03-12 11:26:43', '2026-03-12 11:26:44'),
(1980, 345, 120, 'A', 89.70, 4, '2026-03-12 11:26:43', '2026-03-12 11:26:44'),
(1981, 346, 121, 'A', 83.90, 2, '2026-03-12 11:26:43', '2026-03-12 11:26:44'),
(1982, 346, 122, 'A', 80.10, 5, '2026-03-12 11:26:43', '2026-03-12 11:26:44'),
(1983, 346, 123, 'A', 81.50, 5, '2026-03-12 11:26:43', '2026-03-12 11:26:44'),
(1984, 346, 124, 'A', 84.70, 3, '2026-03-12 11:26:43', '2026-03-12 11:26:44'),
(1985, 346, 125, 'A', 82.10, 4, '2026-03-12 11:26:43', '2026-03-12 11:26:44'),
(1986, 346, 126, NULL, NULL, 2, '2026-03-12 11:26:43', '2026-03-12 11:26:43'),
(1987, 347, 103, 'A', 88.00, 2, '2026-03-12 11:26:43', '2026-03-12 11:26:44'),
(1988, 347, 106, 'A', 83.30, 4, '2026-03-12 11:26:43', '2026-03-12 11:26:44'),
(1989, 347, 107, 'B', 77.00, 3, '2026-03-12 11:26:43', '2026-03-12 11:26:44'),
(1990, 347, 108, 'B', 76.50, 4, '2026-03-12 11:26:43', '2026-03-12 11:26:44'),
(1991, 347, 109, 'B', 77.20, 3, '2026-03-12 11:26:43', '2026-03-12 11:26:44'),
(1992, 347, 110, 'A', 80.30, 2, '2026-03-12 11:26:43', '2026-03-12 11:26:44'),
(1993, 347, 111, 'A', 92.00, 2, '2026-03-12 11:26:43', '2026-03-12 11:26:44'),
(1994, 347, 112, 'A', 85.50, 2, '2026-03-12 11:26:43', '2026-03-12 11:26:44'),
(1995, 348, 113, 'A', 83.50, 2, '2026-03-12 11:26:43', '2026-03-12 11:26:44'),
(1996, 348, 114, 'B', 78.70, 3, '2026-03-12 11:26:43', '2026-03-12 11:26:44'),
(1997, 348, 115, 'A', 83.60, 4, '2026-03-12 11:26:43', '2026-03-12 11:26:44'),
(1998, 348, 116, 'A', 86.20, 2, '2026-03-12 11:26:43', '2026-03-12 11:26:44'),
(1999, 348, 117, 'A', 79.60, 2, '2026-03-12 11:26:43', '2026-03-12 11:26:44'),
(2000, 348, 118, 'A', 81.30, 2, '2026-03-12 11:26:43', '2026-03-12 11:26:44'),
(2001, 348, 119, 'B', 76.80, 2, '2026-03-12 11:26:43', '2026-03-12 11:26:44'),
(2002, 348, 120, 'A', 89.00, 4, '2026-03-12 11:26:43', '2026-03-12 11:26:44'),
(2003, 349, 121, 'A', 92.50, 2, '2026-03-12 11:26:43', '2026-03-12 11:26:44'),
(2004, 349, 122, 'A', 79.80, 5, '2026-03-12 11:26:43', '2026-03-12 11:26:44'),
(2005, 349, 123, 'A', 89.90, 5, '2026-03-12 11:26:43', '2026-03-12 11:26:44'),
(2006, 349, 124, 'A', 85.50, 3, '2026-03-12 11:26:43', '2026-03-12 11:26:44'),
(2007, 349, 125, 'A', 83.40, 4, '2026-03-12 11:26:43', '2026-03-12 11:26:44'),
(2008, 349, 126, NULL, NULL, 2, '2026-03-12 11:26:43', '2026-03-12 11:26:43'),
(2009, 350, 103, 'A', 82.50, 2, '2026-03-12 11:26:43', '2026-03-12 11:26:44'),
(2010, 350, 106, 'A', 82.80, 4, '2026-03-12 11:26:43', '2026-03-12 11:26:44'),
(2011, 350, 107, 'A', 82.90, 3, '2026-03-12 11:26:43', '2026-03-12 11:26:44'),
(2012, 350, 108, 'A', 85.70, 4, '2026-03-12 11:26:43', '2026-03-12 11:26:44'),
(2013, 350, 109, 'A', 80.30, 3, '2026-03-12 11:26:43', '2026-03-12 11:26:44'),
(2014, 350, 110, 'A', 85.10, 2, '2026-03-12 11:26:43', '2026-03-12 11:26:44'),
(2015, 350, 111, 'A', 87.20, 2, '2026-03-12 11:26:43', '2026-03-12 11:26:44'),
(2016, 350, 112, 'A', 83.50, 2, '2026-03-12 11:26:43', '2026-03-12 11:26:44'),
(2017, 351, 113, 'A', 83.50, 2, '2026-03-12 11:26:43', '2026-03-12 11:26:44'),
(2018, 351, 114, 'A', 81.00, 3, '2026-03-12 11:26:43', '2026-03-12 11:26:44'),
(2019, 351, 115, 'A', 93.90, 4, '2026-03-12 11:26:43', '2026-03-12 11:26:44'),
(2020, 351, 116, 'A', 88.00, 2, '2026-03-12 11:26:43', '2026-03-12 11:26:44'),
(2021, 351, 117, 'A', 80.00, 2, '2026-03-12 11:26:43', '2026-03-12 11:26:44'),
(2022, 351, 118, 'A', 86.20, 2, '2026-03-12 11:26:43', '2026-03-12 11:26:44'),
(2023, 351, 119, 'B', 76.80, 2, '2026-03-12 11:26:43', '2026-03-12 11:26:44'),
(2024, 351, 120, 'A', 92.50, 4, '2026-03-12 11:26:43', '2026-03-12 11:26:44'),
(2025, 352, 121, 'A', 93.10, 2, '2026-03-12 11:26:43', '2026-03-12 11:26:44'),
(2026, 352, 122, 'A', 84.30, 5, '2026-03-12 11:26:43', '2026-03-12 11:26:44'),
(2027, 352, 123, 'A', 91.90, 5, '2026-03-12 11:26:43', '2026-03-12 11:26:44'),
(2028, 352, 124, 'A', 87.90, 3, '2026-03-12 11:26:43', '2026-03-12 11:26:44'),
(2029, 352, 125, 'A', 86.70, 4, '2026-03-12 11:26:43', '2026-03-12 11:26:44'),
(2030, 352, 126, NULL, NULL, 2, '2026-03-12 11:26:43', '2026-03-12 11:26:43'),
(2031, 353, 103, 'C', 62.00, 2, '2026-03-12 11:26:43', '2026-03-12 11:26:44'),
(2032, 353, 106, 'C', 62.00, 4, '2026-03-12 11:26:43', '2026-03-12 11:26:44'),
(2033, 353, 107, 'C', 60.00, 3, '2026-03-12 11:26:43', '2026-03-12 11:26:44'),
(2034, 353, 108, 'C', 62.00, 4, '2026-03-12 11:26:43', '2026-03-12 11:26:44'),
(2035, 353, 109, 'C', 60.40, 3, '2026-03-12 11:26:43', '2026-03-12 11:26:44'),
(2036, 353, 110, 'C', 60.00, 2, '2026-03-12 11:26:43', '2026-03-12 11:26:44'),
(2037, 353, 111, 'C', 60.00, 2, '2026-03-12 11:26:43', '2026-03-12 11:26:44'),
(2038, 353, 112, 'C', 60.40, 2, '2026-03-12 11:26:43', '2026-03-12 11:26:44'),
(2039, 354, 113, NULL, NULL, 2, '2026-03-12 11:26:43', '2026-03-12 11:26:43'),
(2040, 354, 114, NULL, NULL, 3, '2026-03-12 11:26:43', '2026-03-12 11:26:43'),
(2041, 354, 115, NULL, NULL, 4, '2026-03-12 11:26:43', '2026-03-12 11:26:43'),
(2042, 354, 116, NULL, NULL, 2, '2026-03-12 11:26:43', '2026-03-12 11:26:43'),
(2043, 354, 117, NULL, NULL, 2, '2026-03-12 11:26:43', '2026-03-12 11:26:43'),
(2044, 354, 118, NULL, NULL, 2, '2026-03-12 11:26:43', '2026-03-12 11:26:43'),
(2045, 354, 119, NULL, NULL, 2, '2026-03-12 11:26:43', '2026-03-12 11:26:43'),
(2046, 354, 120, NULL, NULL, 4, '2026-03-12 11:26:43', '2026-03-12 11:26:43'),
(2047, 355, 121, NULL, NULL, 2, '2026-03-12 11:26:43', '2026-03-12 11:26:43'),
(2048, 355, 122, NULL, NULL, 5, '2026-03-12 11:26:43', '2026-03-12 11:26:43'),
(2049, 355, 123, NULL, NULL, 5, '2026-03-12 11:26:43', '2026-03-12 11:26:43'),
(2050, 355, 124, NULL, NULL, 3, '2026-03-12 11:26:43', '2026-03-12 11:26:43'),
(2051, 355, 125, NULL, NULL, 4, '2026-03-12 11:26:43', '2026-03-12 11:26:43'),
(2052, 355, 126, NULL, NULL, 2, '2026-03-12 11:26:43', '2026-03-12 11:26:43'),
(2053, 356, 103, 'A', 92.40, 2, '2026-03-12 11:26:43', '2026-03-12 11:26:44'),
(2054, 356, 106, 'A', 85.00, 4, '2026-03-12 11:26:43', '2026-03-12 11:26:44'),
(2055, 356, 107, 'A', 86.60, 3, '2026-03-12 11:26:43', '2026-03-12 11:26:44'),
(2056, 356, 108, 'A', 81.00, 4, '2026-03-12 11:26:43', '2026-03-12 11:26:44'),
(2057, 356, 109, 'A', 82.00, 3, '2026-03-12 11:26:43', '2026-03-12 11:26:44'),
(2058, 356, 110, 'A', 92.50, 2, '2026-03-12 11:26:43', '2026-03-12 11:26:44'),
(2059, 356, 111, 'A', 89.70, 2, '2026-03-12 11:26:43', '2026-03-12 11:26:44'),
(2060, 356, 112, 'A', 85.10, 2, '2026-03-12 11:26:43', '2026-03-12 11:26:44'),
(2061, 357, 113, NULL, NULL, 2, '2026-03-12 11:26:43', '2026-03-12 11:26:43'),
(2062, 357, 114, NULL, NULL, 3, '2026-03-12 11:26:43', '2026-03-12 11:26:43'),
(2063, 357, 115, NULL, NULL, 4, '2026-03-12 11:26:43', '2026-03-12 11:26:43'),
(2064, 357, 116, NULL, NULL, 2, '2026-03-12 11:26:43', '2026-03-12 11:26:43'),
(2065, 357, 117, NULL, NULL, 2, '2026-03-12 11:26:43', '2026-03-12 11:26:43'),
(2066, 357, 118, NULL, NULL, 2, '2026-03-12 11:26:43', '2026-03-12 11:26:43'),
(2067, 357, 119, NULL, NULL, 2, '2026-03-12 11:26:43', '2026-03-12 11:26:43'),
(2068, 357, 120, NULL, NULL, 4, '2026-03-12 11:26:43', '2026-03-12 11:26:43'),
(2069, 358, 121, NULL, NULL, 2, '2026-03-12 11:26:43', '2026-03-12 11:26:43'),
(2070, 358, 122, NULL, NULL, 5, '2026-03-12 11:26:43', '2026-03-12 11:26:43'),
(2071, 358, 123, NULL, NULL, 5, '2026-03-12 11:26:43', '2026-03-12 11:26:43'),
(2072, 358, 124, NULL, NULL, 3, '2026-03-12 11:26:43', '2026-03-12 11:26:43'),
(2073, 358, 125, NULL, NULL, 4, '2026-03-12 11:26:43', '2026-03-12 11:26:43'),
(2074, 358, 126, NULL, NULL, 2, '2026-03-12 11:26:43', '2026-03-12 11:26:43'),
(2075, 359, 103, 'C', 65.00, 2, '2026-03-12 11:26:43', '2026-03-12 11:26:44'),
(2076, 359, 106, 'C', 65.00, 4, '2026-03-12 11:26:43', '2026-03-12 11:26:44'),
(2077, 359, 107, 'C', 62.00, 3, '2026-03-12 11:26:43', '2026-03-12 11:26:44'),
(2078, 359, 108, 'C', 61.00, 4, '2026-03-12 11:26:43', '2026-03-12 11:26:44'),
(2079, 359, 109, 'C', 61.60, 3, '2026-03-12 11:26:43', '2026-03-12 11:26:44'),
(2080, 359, 110, 'C', 65.00, 2, '2026-03-12 11:26:43', '2026-03-12 11:26:44'),
(2081, 359, 111, 'C', 65.00, 2, '2026-03-12 11:26:43', '2026-03-12 11:26:44'),
(2082, 359, 112, 'C', 65.10, 2, '2026-03-12 11:26:43', '2026-03-12 11:26:44'),
(2083, 360, 113, NULL, NULL, 2, '2026-03-12 11:26:43', '2026-03-12 11:26:43'),
(2084, 360, 114, NULL, NULL, 3, '2026-03-12 11:26:43', '2026-03-12 11:26:43'),
(2085, 360, 115, NULL, NULL, 4, '2026-03-12 11:26:43', '2026-03-12 11:26:43'),
(2086, 360, 116, NULL, NULL, 2, '2026-03-12 11:26:43', '2026-03-12 11:26:43'),
(2087, 360, 117, NULL, NULL, 2, '2026-03-12 11:26:43', '2026-03-12 11:26:43'),
(2088, 360, 118, NULL, NULL, 2, '2026-03-12 11:26:43', '2026-03-12 11:26:43'),
(2089, 360, 119, NULL, NULL, 2, '2026-03-12 11:26:43', '2026-03-12 11:26:43'),
(2090, 360, 120, NULL, NULL, 4, '2026-03-12 11:26:43', '2026-03-12 11:26:43'),
(2091, 361, 121, NULL, NULL, 2, '2026-03-12 11:26:43', '2026-03-12 11:26:43'),
(2092, 361, 122, NULL, NULL, 5, '2026-03-12 11:26:43', '2026-03-12 11:26:43'),
(2093, 361, 123, NULL, NULL, 5, '2026-03-12 11:26:43', '2026-03-12 11:26:43'),
(2094, 361, 124, NULL, NULL, 3, '2026-03-12 11:26:43', '2026-03-12 11:26:43'),
(2095, 361, 125, NULL, NULL, 4, '2026-03-12 11:26:43', '2026-03-12 11:26:43'),
(2096, 361, 126, NULL, NULL, 2, '2026-03-12 11:26:43', '2026-03-12 11:26:43'),
(2097, 362, 103, 'A', 85.10, 2, '2026-03-12 11:26:43', '2026-03-12 11:26:44'),
(2098, 362, 106, 'A', 81.80, 4, '2026-03-12 11:26:43', '2026-03-12 11:26:44'),
(2099, 362, 107, 'A', 80.10, 3, '2026-03-12 11:26:43', '2026-03-12 11:26:44'),
(2100, 362, 108, 'B', 79.00, 4, '2026-03-12 11:26:43', '2026-03-12 11:26:44'),
(2101, 362, 109, 'A', 82.00, 3, '2026-03-12 11:26:43', '2026-03-12 11:26:44'),
(2102, 362, 110, 'C', 69.00, 2, '2026-03-12 11:26:43', '2026-03-12 11:26:44'),
(2103, 362, 111, 'A', 83.70, 2, '2026-03-12 11:26:43', '2026-03-12 11:26:44'),
(2104, 362, 112, 'B', 78.70, 2, '2026-03-12 11:26:43', '2026-03-12 11:26:44'),
(2105, 363, 113, 'A', 83.50, 2, '2026-03-12 11:26:43', '2026-03-12 11:26:44'),
(2106, 363, 114, 'B', 78.80, 3, '2026-03-12 11:26:43', '2026-03-12 11:26:44'),
(2107, 363, 115, 'B', 77.50, 4, '2026-03-12 11:26:43', '2026-03-12 11:26:44'),
(2108, 363, 116, 'A', 84.00, 2, '2026-03-12 11:26:43', '2026-03-12 11:26:44'),
(2109, 363, 117, 'A', 80.00, 2, '2026-03-12 11:26:43', '2026-03-12 11:26:44'),
(2110, 363, 118, 'A', 83.50, 2, '2026-03-12 11:26:43', '2026-03-12 11:26:44'),
(2111, 363, 119, 'B', 77.50, 2, '2026-03-12 11:26:43', '2026-03-12 11:26:44'),
(2112, 363, 120, 'A', 85.20, 4, '2026-03-12 11:26:43', '2026-03-12 11:26:44'),
(2113, 364, 121, 'B', 70.00, 2, '2026-03-12 11:26:43', '2026-03-12 11:26:44'),
(2114, 364, 122, 'B', 72.30, 5, '2026-03-12 11:26:43', '2026-03-12 11:26:44'),
(2115, 364, 123, 'B', 70.00, 5, '2026-03-12 11:26:43', '2026-03-12 11:26:44'),
(2116, 364, 124, 'B', 70.00, 3, '2026-03-12 11:26:43', '2026-03-12 11:26:44'),
(2117, 364, 125, 'B', 70.20, 4, '2026-03-12 11:26:43', '2026-03-12 11:26:44'),
(2118, 364, 126, NULL, NULL, 2, '2026-03-12 11:26:43', '2026-03-12 11:26:43'),
(2119, 365, 103, 'A', 80.50, 2, '2026-03-12 11:26:43', '2026-03-12 11:26:44'),
(2120, 365, 106, 'A', 81.20, 4, '2026-03-12 11:26:43', '2026-03-12 11:26:44'),
(2121, 365, 107, 'A', 86.40, 3, '2026-03-12 11:26:43', '2026-03-12 11:26:44'),
(2122, 365, 108, 'C', 63.60, 4, '2026-03-12 11:26:43', '2026-03-12 11:26:44'),
(2123, 365, 109, 'C', 69.00, 3, '2026-03-12 11:26:43', '2026-03-12 11:26:44'),
(2124, 365, 110, 'C', 65.00, 2, '2026-03-12 11:26:43', '2026-03-12 11:26:44'),
(2125, 365, 111, 'A', 81.70, 2, '2026-03-12 11:26:43', '2026-03-12 11:26:44'),
(2126, 365, 112, 'A', 81.70, 2, '2026-03-12 11:26:43', '2026-03-12 11:26:44'),
(2127, 366, 113, 'B', 72.30, 2, '2026-03-12 11:26:43', '2026-03-12 11:26:44'),
(2128, 366, 114, 'B', 76.40, 3, '2026-03-12 11:26:43', '2026-03-12 11:26:44'),
(2129, 366, 115, 'B', 72.00, 4, '2026-03-12 11:26:43', '2026-03-12 11:26:44'),
(2130, 366, 116, 'B', 77.00, 2, '2026-03-12 11:26:43', '2026-03-12 11:26:44'),
(2131, 366, 117, 'B', 74.60, 2, '2026-03-12 11:26:43', '2026-03-12 11:26:44'),
(2132, 366, 118, 'A', 81.80, 2, '2026-03-12 11:26:43', '2026-03-12 11:26:44'),
(2133, 366, 119, 'C', 68.50, 2, '2026-03-12 11:26:43', '2026-03-12 11:26:44'),
(2134, 366, 120, 'A', 86.80, 4, '2026-03-12 11:26:43', '2026-03-12 11:26:44'),
(2135, 367, 121, 'B', 70.20, 2, '2026-03-12 11:26:43', '2026-03-12 11:26:44'),
(2136, 367, 122, 'B', 78.90, 5, '2026-03-12 11:26:43', '2026-03-12 11:26:44'),
(2137, 367, 123, 'B', 75.30, 5, '2026-03-12 11:26:43', '2026-03-12 11:26:44'),
(2138, 367, 124, 'B', 78.60, 3, '2026-03-12 11:26:43', '2026-03-12 11:26:44'),
(2139, 367, 125, 'B', 72.20, 4, '2026-03-12 11:26:43', '2026-03-12 11:26:44'),
(2140, 367, 126, NULL, NULL, 2, '2026-03-12 11:26:43', '2026-03-12 11:26:43'),
(2141, 368, 103, 'A', 84.00, 2, '2026-03-12 11:26:43', '2026-03-12 11:26:44'),
(2142, 368, 106, 'A', 83.00, 4, '2026-03-12 11:26:43', '2026-03-12 11:26:44'),
(2143, 368, 107, 'B', 74.10, 3, '2026-03-12 11:26:43', '2026-03-12 11:26:44'),
(2144, 368, 108, 'B', 74.10, 4, '2026-03-12 11:26:43', '2026-03-12 11:26:44'),
(2145, 368, 109, 'B', 77.70, 3, '2026-03-12 11:26:43', '2026-03-12 11:26:44'),
(2146, 368, 110, 'B', 79.00, 2, '2026-03-12 11:26:43', '2026-03-12 11:26:44'),
(2147, 368, 111, 'A', 86.50, 2, '2026-03-12 11:26:43', '2026-03-12 11:26:44'),
(2148, 368, 112, 'A', 82.00, 2, '2026-03-12 11:26:43', '2026-03-12 11:26:44'),
(2149, 369, 113, NULL, NULL, 2, '2026-03-12 11:26:43', '2026-03-12 11:26:43'),
(2150, 369, 114, NULL, NULL, 3, '2026-03-12 11:26:43', '2026-03-12 11:26:43'),
(2151, 369, 115, NULL, NULL, 4, '2026-03-12 11:26:43', '2026-03-12 11:26:43'),
(2152, 369, 116, NULL, NULL, 2, '2026-03-12 11:26:43', '2026-03-12 11:26:43'),
(2153, 369, 117, NULL, NULL, 2, '2026-03-12 11:26:43', '2026-03-12 11:26:43'),
(2154, 369, 118, NULL, NULL, 2, '2026-03-12 11:26:43', '2026-03-12 11:26:43'),
(2155, 369, 119, NULL, NULL, 2, '2026-03-12 11:26:43', '2026-03-12 11:26:43'),
(2156, 369, 120, NULL, NULL, 4, '2026-03-12 11:26:43', '2026-03-12 11:26:43'),
(2157, 370, 121, NULL, NULL, 2, '2026-03-12 11:26:43', '2026-03-12 11:26:43'),
(2158, 370, 122, NULL, NULL, 5, '2026-03-12 11:26:43', '2026-03-12 11:26:43'),
(2159, 370, 123, NULL, NULL, 5, '2026-03-12 11:26:43', '2026-03-12 11:26:43'),
(2160, 370, 124, NULL, NULL, 3, '2026-03-12 11:26:43', '2026-03-12 11:26:43'),
(2161, 370, 125, NULL, NULL, 4, '2026-03-12 11:26:43', '2026-03-12 11:26:43'),
(2162, 370, 126, NULL, NULL, 2, '2026-03-12 11:26:43', '2026-03-12 11:26:43'),
(2163, 371, 103, 'C', 65.00, 2, '2026-03-12 11:26:43', '2026-03-12 11:26:44'),
(2164, 371, 106, 'C', 65.00, 4, '2026-03-12 11:26:43', '2026-03-12 11:26:44'),
(2165, 371, 107, 'C', 62.00, 3, '2026-03-12 11:26:43', '2026-03-12 11:26:44'),
(2166, 371, 108, 'C', 61.00, 4, '2026-03-12 11:26:43', '2026-03-12 11:26:44'),
(2167, 371, 109, 'C', 62.70, 3, '2026-03-12 11:26:43', '2026-03-12 11:26:44'),
(2168, 371, 110, 'C', 65.00, 2, '2026-03-12 11:26:43', '2026-03-12 11:26:44'),
(2169, 371, 111, 'C', 65.00, 2, '2026-03-12 11:26:43', '2026-03-12 11:26:44'),
(2170, 371, 112, 'C', 65.70, 2, '2026-03-12 11:26:43', '2026-03-12 11:26:44'),
(2171, 372, 113, NULL, NULL, 2, '2026-03-12 11:26:43', '2026-03-12 11:26:43'),
(2172, 372, 114, NULL, NULL, 3, '2026-03-12 11:26:43', '2026-03-12 11:26:43'),
(2173, 372, 115, NULL, NULL, 4, '2026-03-12 11:26:43', '2026-03-12 11:26:43'),
(2174, 372, 116, NULL, NULL, 2, '2026-03-12 11:26:43', '2026-03-12 11:26:43'),
(2175, 372, 117, NULL, NULL, 2, '2026-03-12 11:26:43', '2026-03-12 11:26:43'),
(2176, 372, 118, NULL, NULL, 2, '2026-03-12 11:26:43', '2026-03-12 11:26:43'),
(2177, 372, 119, NULL, NULL, 2, '2026-03-12 11:26:43', '2026-03-12 11:26:43'),
(2178, 372, 120, NULL, NULL, 4, '2026-03-12 11:26:43', '2026-03-12 11:26:43'),
(2179, 373, 121, NULL, NULL, 2, '2026-03-12 11:26:43', '2026-03-12 11:26:43'),
(2180, 373, 122, NULL, NULL, 5, '2026-03-12 11:26:43', '2026-03-12 11:26:43'),
(2181, 373, 123, NULL, NULL, 5, '2026-03-12 11:26:43', '2026-03-12 11:26:43'),
(2182, 373, 124, NULL, NULL, 3, '2026-03-12 11:26:43', '2026-03-12 11:26:43'),
(2183, 373, 125, NULL, NULL, 4, '2026-03-12 11:26:43', '2026-03-12 11:26:43'),
(2184, 373, 126, NULL, NULL, 2, '2026-03-12 11:26:43', '2026-03-12 11:26:43'),
(2185, 374, 103, 'A', 88.40, 2, '2026-03-12 11:26:43', '2026-03-12 11:26:44'),
(2186, 374, 106, 'A', 87.00, 4, '2026-03-12 11:26:43', '2026-03-12 11:26:44'),
(2187, 374, 107, 'A', 79.10, 3, '2026-03-12 11:26:43', '2026-03-12 11:26:44'),
(2188, 374, 108, 'A', 83.40, 4, '2026-03-12 11:26:43', '2026-03-12 11:26:44'),
(2189, 374, 109, 'B', 77.40, 3, '2026-03-12 11:26:43', '2026-03-12 11:26:44'),
(2190, 374, 110, 'A', 90.50, 2, '2026-03-12 11:26:43', '2026-03-12 11:26:44'),
(2191, 374, 111, 'A', 90.40, 2, '2026-03-12 11:26:43', '2026-03-12 11:26:44'),
(2192, 374, 112, 'A', 88.50, 2, '2026-03-12 11:26:43', '2026-03-12 11:26:44'),
(2193, 375, 103, NULL, NULL, 2, '2026-03-12 11:26:43', '2026-03-12 11:26:43'),
(2194, 375, 106, NULL, NULL, 4, '2026-03-12 11:26:43', '2026-03-12 11:26:43'),
(2195, 375, 107, NULL, NULL, 3, '2026-03-12 11:26:43', '2026-03-12 11:26:43'),
(2196, 375, 108, NULL, NULL, 4, '2026-03-12 11:26:43', '2026-03-12 11:26:43'),
(2197, 375, 109, NULL, NULL, 3, '2026-03-12 11:26:43', '2026-03-12 11:26:43'),
(2198, 375, 110, NULL, NULL, 2, '2026-03-12 11:26:43', '2026-03-12 11:26:43'),
(2199, 375, 111, NULL, NULL, 2, '2026-03-12 11:26:43', '2026-03-12 11:26:43'),
(2200, 375, 112, NULL, NULL, 2, '2026-03-12 11:26:43', '2026-03-12 11:26:43'),
(2201, 376, 103, 'B', 77.50, 2, '2026-03-12 11:26:43', '2026-03-12 11:26:44'),
(2202, 376, 106, 'B', 78.60, 4, '2026-03-12 11:26:43', '2026-03-12 11:26:44'),
(2203, 376, 107, 'B', 75.80, 3, '2026-03-12 11:26:43', '2026-03-12 11:26:44'),
(2204, 376, 108, 'B', 77.80, 4, '2026-03-12 11:26:43', '2026-03-12 11:26:44'),
(2205, 376, 109, 'B', 73.90, 3, '2026-03-12 11:26:43', '2026-03-12 11:26:44'),
(2206, 376, 110, 'A', 82.00, 2, '2026-03-12 11:26:43', '2026-03-12 11:26:44'),
(2207, 376, 111, 'B', 74.00, 2, '2026-03-12 11:26:43', '2026-03-12 11:26:44'),
(2208, 376, 112, 'B', 77.40, 2, '2026-03-12 11:26:43', '2026-03-12 11:26:44'),
(2209, 377, 103, 'B', 70.20, 2, '2026-03-12 11:26:43', '2026-03-12 11:26:44'),
(2210, 377, 106, 'B', 70.00, 4, '2026-03-12 11:26:43', '2026-03-12 11:26:44'),
(2211, 377, 107, 'B', 70.10, 3, '2026-03-12 11:26:43', '2026-03-12 11:26:44'),
(2212, 377, 108, 'B', 70.20, 4, '2026-03-12 11:26:43', '2026-03-12 11:26:44'),
(2213, 377, 109, 'B', 70.20, 3, '2026-03-12 11:26:43', '2026-03-12 11:26:44'),
(2214, 377, 110, 'B', 70.00, 2, '2026-03-12 11:26:43', '2026-03-12 11:26:44'),
(2215, 377, 111, 'B', 70.00, 2, '2026-03-12 11:26:43', '2026-03-12 11:26:44'),
(2216, 377, 112, 'B', 70.00, 2, '2026-03-12 11:26:43', '2026-03-12 11:26:44'),
(2217, 378, 103, 'A', 83.70, 2, '2026-03-12 11:26:43', '2026-03-12 11:26:44'),
(2218, 378, 106, 'B', 77.90, 4, '2026-03-12 11:26:43', '2026-03-12 11:26:44'),
(2219, 378, 107, 'A', 80.20, 3, '2026-03-12 11:26:43', '2026-03-12 11:26:44'),
(2220, 378, 108, 'B', 74.30, 4, '2026-03-12 11:26:43', '2026-03-12 11:26:44'),
(2221, 378, 109, 'B', 75.50, 3, '2026-03-12 11:26:43', '2026-03-12 11:26:44'),
(2222, 378, 110, 'A', 79.70, 2, '2026-03-12 11:26:43', '2026-03-12 11:26:44'),
(2223, 378, 111, 'A', 82.00, 2, '2026-03-12 11:26:43', '2026-03-12 11:26:44'),
(2224, 378, 112, 'B', 73.40, 2, '2026-03-12 11:26:43', '2026-03-12 11:26:44'),
(2225, 379, 103, 'A', 82.60, 2, '2026-03-12 11:26:43', '2026-03-12 11:26:44'),
(2226, 379, 106, 'B', 79.00, 4, '2026-03-12 11:26:43', '2026-03-12 11:26:44'),
(2227, 379, 107, 'B', 76.70, 3, '2026-03-12 11:26:43', '2026-03-12 11:26:44'),
(2228, 379, 108, 'B', 75.20, 4, '2026-03-12 11:26:43', '2026-03-12 11:26:44'),
(2229, 379, 109, 'B', 72.20, 3, '2026-03-12 11:26:43', '2026-03-12 11:26:44'),
(2230, 379, 110, 'A', 79.30, 2, '2026-03-12 11:26:43', '2026-03-12 11:26:44'),
(2231, 379, 111, 'A', 79.40, 2, '2026-03-12 11:26:43', '2026-03-12 11:26:44'),
(2232, 379, 112, 'A', 79.20, 2, '2026-03-12 11:26:43', '2026-03-12 11:26:44'),
(2233, 380, 103, 'A', 84.30, 2, '2026-03-12 11:26:43', '2026-03-12 11:26:44'),
(2234, 380, 106, 'A', 83.20, 4, '2026-03-12 11:26:43', '2026-03-12 11:26:44'),
(2235, 380, 107, 'A', 79.10, 3, '2026-03-12 11:26:43', '2026-03-12 11:26:44'),
(2236, 380, 108, 'B', 76.10, 4, '2026-03-12 11:26:43', '2026-03-12 11:26:44'),
(2237, 380, 109, 'B', 77.50, 3, '2026-03-12 11:26:43', '2026-03-12 11:26:44'),
(2238, 380, 110, 'A', 81.50, 2, '2026-03-12 11:26:43', '2026-03-12 11:26:44'),
(2239, 380, 111, 'A', 80.60, 2, '2026-03-12 11:26:43', '2026-03-12 11:26:44'),
(2240, 380, 112, 'A', 79.40, 2, '2026-03-12 11:26:43', '2026-03-12 11:26:44'),
(2241, 381, 103, 'B', 78.10, 2, '2026-03-12 11:26:43', '2026-03-12 11:26:44'),
(2242, 381, 106, 'B', 75.60, 4, '2026-03-12 11:26:43', '2026-03-12 11:26:44'),
(2243, 381, 107, 'B', 75.90, 3, '2026-03-12 11:26:43', '2026-03-12 11:26:44'),
(2244, 381, 108, 'A', 79.80, 4, '2026-03-12 11:26:43', '2026-03-12 11:26:44'),
(2245, 381, 109, 'A', 81.80, 3, '2026-03-12 11:26:43', '2026-03-12 11:26:44'),
(2246, 381, 110, 'B', 77.20, 2, '2026-03-12 11:26:43', '2026-03-12 11:26:44'),
(2247, 381, 111, 'B', 72.00, 2, '2026-03-12 11:26:43', '2026-03-12 11:26:44'),
(2248, 381, 112, 'B', 76.50, 2, '2026-03-12 11:26:43', '2026-03-12 11:26:44'),
(2249, 382, 103, 'A', 80.10, 2, '2026-03-12 11:26:43', '2026-03-12 11:26:44'),
(2250, 382, 106, 'A', 81.50, 4, '2026-03-12 11:26:43', '2026-03-12 11:26:44'),
(2251, 382, 107, 'A', 87.80, 3, '2026-03-12 11:26:43', '2026-03-12 11:26:44'),
(2252, 382, 108, 'A', 81.20, 4, '2026-03-12 11:26:43', '2026-03-12 11:26:44'),
(2253, 382, 109, 'A', 84.80, 3, '2026-03-12 11:26:43', '2026-03-12 11:26:44'),
(2254, 382, 110, 'A', 86.20, 2, '2026-03-12 11:26:43', '2026-03-12 11:26:44'),
(2255, 382, 111, 'A', 79.40, 2, '2026-03-12 11:26:43', '2026-03-12 11:26:44'),
(2256, 382, 112, 'A', 80.00, 2, '2026-03-12 11:26:43', '2026-03-12 11:26:44'),
(2257, 383, 103, 'A', 84.10, 2, '2026-03-12 11:26:43', '2026-03-12 11:26:44'),
(2258, 383, 106, 'B', 77.40, 4, '2026-03-12 11:26:43', '2026-03-12 11:26:44'),
(2259, 383, 107, 'B', 78.20, 3, '2026-03-12 11:26:43', '2026-03-12 11:26:44'),
(2260, 383, 108, 'B', 77.00, 4, '2026-03-12 11:26:43', '2026-03-12 11:26:44'),
(2261, 383, 109, 'B', 74.30, 3, '2026-03-12 11:26:43', '2026-03-12 11:26:44'),
(2262, 383, 110, 'A', 81.10, 2, '2026-03-12 11:26:43', '2026-03-12 11:26:44'),
(2263, 383, 111, 'A', 82.10, 2, '2026-03-12 11:26:43', '2026-03-12 11:26:44'),
(2264, 383, 112, 'B', 74.90, 2, '2026-03-12 11:26:43', '2026-03-12 11:26:44'),
(2265, 384, 103, 'A', 80.10, 2, '2026-03-12 11:26:43', '2026-03-12 11:26:44'),
(2266, 384, 106, 'B', 78.20, 4, '2026-03-12 11:26:43', '2026-03-12 11:26:44'),
(2267, 384, 107, 'A', 86.00, 3, '2026-03-12 11:26:43', '2026-03-12 11:26:44'),
(2268, 384, 108, 'A', 82.70, 4, '2026-03-12 11:26:43', '2026-03-12 11:26:44'),
(2269, 384, 109, 'A', 79.50, 3, '2026-03-12 11:26:43', '2026-03-12 11:26:44'),
(2270, 384, 110, 'A', 79.60, 2, '2026-03-12 11:26:43', '2026-03-12 11:26:44'),
(2271, 384, 111, 'B', 74.80, 2, '2026-03-12 11:26:43', '2026-03-12 11:26:44'),
(2272, 384, 112, 'A', 79.30, 2, '2026-03-12 11:26:43', '2026-03-12 11:26:44'),
(2273, 385, 103, 'A', 84.80, 2, '2026-03-12 11:26:43', '2026-03-12 11:26:44'),
(2274, 385, 106, 'A', 84.10, 4, '2026-03-12 11:26:43', '2026-03-12 11:26:44'),
(2275, 385, 107, 'A', 80.80, 3, '2026-03-12 11:26:43', '2026-03-12 11:26:44'),
(2276, 385, 108, 'B', 77.50, 4, '2026-03-12 11:26:43', '2026-03-12 11:26:44'),
(2277, 385, 109, 'A', 80.30, 3, '2026-03-12 11:26:43', '2026-03-12 11:26:44'),
(2278, 385, 110, 'A', 87.70, 2, '2026-03-12 11:26:43', '2026-03-12 11:26:44'),
(2279, 385, 111, 'A', 83.50, 2, '2026-03-12 11:26:43', '2026-03-12 11:26:44'),
(2280, 385, 112, 'A', 79.50, 2, '2026-03-12 11:26:43', '2026-03-12 11:26:44'),
(2281, 386, 103, NULL, NULL, 2, '2026-03-12 11:26:43', '2026-03-12 11:26:43'),
(2282, 386, 106, NULL, NULL, 4, '2026-03-12 11:26:43', '2026-03-12 11:26:43'),
(2283, 386, 107, NULL, NULL, 3, '2026-03-12 11:26:43', '2026-03-12 11:26:43'),
(2284, 386, 108, NULL, NULL, 4, '2026-03-12 11:26:43', '2026-03-12 11:26:43'),
(2285, 386, 109, NULL, NULL, 3, '2026-03-12 11:26:43', '2026-03-12 11:26:43'),
(2286, 386, 110, NULL, NULL, 2, '2026-03-12 11:26:43', '2026-03-12 11:26:43'),
(2287, 386, 111, NULL, NULL, 2, '2026-03-12 11:26:43', '2026-03-12 11:26:43');
INSERT INTO `khs_detail` (`id`, `khs_id`, `mata_kuliah_id`, `nilai_huruf`, `nilai_angka`, `sks`, `created_at`, `updated_at`) VALUES
(2288, 386, 112, NULL, NULL, 2, '2026-03-12 11:26:43', '2026-03-12 11:26:43'),
(2289, 387, 103, 'A', 80.30, 2, '2026-03-12 11:26:43', '2026-03-12 11:26:44'),
(2290, 387, 106, 'B', 78.20, 4, '2026-03-12 11:26:43', '2026-03-12 11:26:44'),
(2291, 387, 107, 'A', 86.00, 3, '2026-03-12 11:26:43', '2026-03-12 11:26:44'),
(2292, 387, 108, 'A', 82.40, 4, '2026-03-12 11:26:43', '2026-03-12 11:26:44'),
(2293, 387, 109, 'A', 81.30, 3, '2026-03-12 11:26:43', '2026-03-12 11:26:44'),
(2294, 387, 110, 'A', 84.50, 2, '2026-03-12 11:26:43', '2026-03-12 11:26:44'),
(2295, 387, 111, 'A', 80.50, 2, '2026-03-12 11:26:43', '2026-03-12 11:26:44'),
(2296, 387, 112, 'B', 77.50, 2, '2026-03-12 11:26:43', '2026-03-12 11:26:44'),
(2297, 388, 103, 'A', 85.00, 2, '2026-03-12 11:26:43', '2026-03-12 11:26:44'),
(2298, 388, 106, 'A', 82.50, 4, '2026-03-12 11:26:43', '2026-03-12 11:26:44'),
(2299, 388, 107, 'A', 80.80, 3, '2026-03-12 11:26:43', '2026-03-12 11:26:44'),
(2300, 388, 108, 'B', 78.50, 4, '2026-03-12 11:26:43', '2026-03-12 11:26:44'),
(2301, 388, 109, 'B', 78.60, 3, '2026-03-12 11:26:43', '2026-03-12 11:26:44'),
(2302, 388, 110, 'A', 85.70, 2, '2026-03-12 11:26:43', '2026-03-12 11:26:44'),
(2303, 388, 111, 'A', 80.00, 2, '2026-03-12 11:26:43', '2026-03-12 11:26:44'),
(2304, 388, 112, 'A', 84.00, 2, '2026-03-12 11:26:43', '2026-03-12 11:26:44'),
(2305, 389, 103, NULL, NULL, 2, '2026-03-12 11:26:43', '2026-03-12 11:26:43'),
(2306, 389, 106, NULL, NULL, 4, '2026-03-12 11:26:43', '2026-03-12 11:26:43'),
(2307, 389, 107, NULL, NULL, 3, '2026-03-12 11:26:43', '2026-03-12 11:26:43'),
(2308, 389, 108, NULL, NULL, 4, '2026-03-12 11:26:43', '2026-03-12 11:26:43'),
(2309, 389, 109, NULL, NULL, 3, '2026-03-12 11:26:43', '2026-03-12 11:26:43'),
(2310, 389, 110, NULL, NULL, 2, '2026-03-12 11:26:43', '2026-03-12 11:26:43'),
(2311, 389, 111, NULL, NULL, 2, '2026-03-12 11:26:43', '2026-03-12 11:26:43'),
(2312, 389, 112, NULL, NULL, 2, '2026-03-12 11:26:43', '2026-03-12 11:26:43'),
(2313, 390, 103, NULL, NULL, 2, '2026-03-12 11:26:43', '2026-03-12 11:26:43'),
(2314, 390, 106, NULL, NULL, 4, '2026-03-12 11:26:43', '2026-03-12 11:26:43'),
(2315, 390, 107, NULL, NULL, 3, '2026-03-12 11:26:43', '2026-03-12 11:26:43'),
(2316, 390, 108, NULL, NULL, 4, '2026-03-12 11:26:43', '2026-03-12 11:26:43'),
(2317, 390, 109, NULL, NULL, 3, '2026-03-12 11:26:43', '2026-03-12 11:26:43'),
(2318, 390, 110, NULL, NULL, 2, '2026-03-12 11:26:43', '2026-03-12 11:26:43'),
(2319, 390, 111, NULL, NULL, 2, '2026-03-12 11:26:43', '2026-03-12 11:26:43'),
(2320, 390, 112, NULL, NULL, 2, '2026-03-12 11:26:43', '2026-03-12 11:26:43'),
(2321, 391, 103, 'A', 82.60, 2, '2026-03-12 11:26:43', '2026-03-12 11:26:44'),
(2322, 391, 106, 'A', 79.50, 4, '2026-03-12 11:26:43', '2026-03-12 11:26:44'),
(2323, 391, 107, 'A', 81.90, 3, '2026-03-12 11:26:43', '2026-03-12 11:26:44'),
(2324, 391, 108, 'B', 76.70, 4, '2026-03-12 11:26:43', '2026-03-12 11:26:44'),
(2325, 391, 109, 'A', 79.40, 3, '2026-03-12 11:26:43', '2026-03-12 11:26:44'),
(2326, 391, 110, 'A', 83.50, 2, '2026-03-12 11:26:43', '2026-03-12 11:26:44'),
(2327, 391, 111, 'A', 82.00, 2, '2026-03-12 11:26:43', '2026-03-12 11:26:44'),
(2328, 391, 112, 'B', 75.40, 2, '2026-03-12 11:26:43', '2026-03-12 11:26:44'),
(2329, 392, 103, 'A', 79.50, 2, '2026-03-12 11:26:43', '2026-03-12 11:26:44'),
(2330, 392, 106, 'B', 77.40, 4, '2026-03-12 11:26:43', '2026-03-12 11:26:44'),
(2331, 392, 107, 'A', 84.40, 3, '2026-03-12 11:26:43', '2026-03-12 11:26:44'),
(2332, 392, 108, 'A', 82.30, 4, '2026-03-12 11:26:43', '2026-03-12 11:26:44'),
(2333, 392, 109, 'A', 83.30, 3, '2026-03-12 11:26:43', '2026-03-12 11:26:44'),
(2334, 392, 110, 'A', 80.00, 2, '2026-03-12 11:26:43', '2026-03-12 11:26:44'),
(2335, 392, 111, 'B', 78.00, 2, '2026-03-12 11:26:43', '2026-03-12 11:26:44'),
(2336, 392, 112, 'A', 79.40, 2, '2026-03-12 11:26:43', '2026-03-12 11:26:44'),
(2337, 393, 103, NULL, NULL, 2, '2026-03-12 11:26:43', '2026-03-12 11:26:43'),
(2338, 393, 106, NULL, NULL, 4, '2026-03-12 11:26:43', '2026-03-12 11:26:43'),
(2339, 393, 107, NULL, NULL, 3, '2026-03-12 11:26:43', '2026-03-12 11:26:43'),
(2340, 393, 108, NULL, NULL, 4, '2026-03-12 11:26:43', '2026-03-12 11:26:43'),
(2341, 393, 109, NULL, NULL, 3, '2026-03-12 11:26:43', '2026-03-12 11:26:43'),
(2342, 393, 110, NULL, NULL, 2, '2026-03-12 11:26:43', '2026-03-12 11:26:43'),
(2343, 393, 111, NULL, NULL, 2, '2026-03-12 11:26:43', '2026-03-12 11:26:43'),
(2344, 393, 112, NULL, NULL, 2, '2026-03-12 11:26:43', '2026-03-12 11:26:43'),
(2345, 394, 103, 'B', 77.50, 2, '2026-03-12 11:26:43', '2026-03-12 11:26:44'),
(2346, 394, 106, 'A', 79.80, 4, '2026-03-12 11:26:43', '2026-03-12 11:26:44'),
(2347, 394, 107, 'A', 89.50, 3, '2026-03-12 11:26:43', '2026-03-12 11:26:44'),
(2348, 394, 108, 'A', 82.70, 4, '2026-03-12 11:26:43', '2026-03-12 11:26:44'),
(2349, 394, 109, 'A', 80.90, 3, '2026-03-12 11:26:43', '2026-03-12 11:26:44'),
(2350, 394, 110, 'A', 82.50, 2, '2026-03-12 11:26:43', '2026-03-12 11:26:44'),
(2351, 394, 111, 'B', 76.20, 2, '2026-03-12 11:26:43', '2026-03-12 11:26:44'),
(2352, 394, 112, 'B', 78.50, 2, '2026-03-12 11:26:43', '2026-03-12 11:26:44'),
(2353, 395, 103, 'B', 70.00, 2, '2026-03-12 11:26:43', '2026-03-12 11:26:44'),
(2354, 395, 106, 'B', 70.50, 4, '2026-03-12 11:26:43', '2026-03-12 11:26:44'),
(2355, 395, 107, 'B', 70.00, 3, '2026-03-12 11:26:43', '2026-03-12 11:26:44'),
(2356, 395, 108, 'B', 70.20, 4, '2026-03-12 11:26:43', '2026-03-12 11:26:44'),
(2357, 395, 109, 'B', 70.20, 3, '2026-03-12 11:26:43', '2026-03-12 11:26:44'),
(2358, 395, 110, 'B', 70.00, 2, '2026-03-12 11:26:43', '2026-03-12 11:26:44'),
(2359, 395, 111, 'B', 70.20, 2, '2026-03-12 11:26:43', '2026-03-12 11:26:44'),
(2360, 395, 112, 'B', 70.00, 2, '2026-03-12 11:26:43', '2026-03-12 11:26:44'),
(2361, 396, 103, 'B', 78.90, 2, '2026-03-12 11:26:43', '2026-03-12 11:26:44'),
(2362, 396, 106, 'A', 80.10, 4, '2026-03-12 11:26:43', '2026-03-12 11:26:44'),
(2363, 396, 107, 'A', 82.70, 3, '2026-03-12 11:26:43', '2026-03-12 11:26:44'),
(2364, 396, 108, 'A', 82.40, 4, '2026-03-12 11:26:43', '2026-03-12 11:26:44'),
(2365, 396, 109, 'A', 84.20, 3, '2026-03-12 11:26:43', '2026-03-12 11:26:44'),
(2366, 396, 110, 'A', 86.20, 2, '2026-03-12 11:26:43', '2026-03-12 11:26:44'),
(2367, 396, 111, 'B', 75.20, 2, '2026-03-12 11:26:43', '2026-03-12 11:26:44'),
(2368, 396, 112, 'B', 76.50, 2, '2026-03-12 11:26:43', '2026-03-12 11:26:44'),
(2369, 397, 103, 'A', 80.30, 2, '2026-03-12 11:26:43', '2026-03-12 11:26:44'),
(2370, 397, 106, 'A', 82.10, 4, '2026-03-12 11:26:43', '2026-03-12 11:26:44'),
(2371, 397, 107, 'A', 89.70, 3, '2026-03-12 11:26:43', '2026-03-12 11:26:44'),
(2372, 397, 108, 'B', 78.30, 4, '2026-03-12 11:26:43', '2026-03-12 11:26:44'),
(2373, 397, 109, 'A', 82.60, 3, '2026-03-12 11:26:43', '2026-03-12 11:26:44'),
(2374, 397, 110, 'A', 83.20, 2, '2026-03-12 11:26:43', '2026-03-12 11:26:44'),
(2375, 397, 111, 'B', 76.00, 2, '2026-03-12 11:26:43', '2026-03-12 11:26:44'),
(2376, 397, 112, 'B', 75.30, 2, '2026-03-12 11:26:43', '2026-03-12 11:26:44'),
(2377, 398, 103, 'A', 85.20, 2, '2026-03-12 11:26:43', '2026-03-12 11:26:44'),
(2378, 398, 106, 'A', 83.20, 4, '2026-03-12 11:26:43', '2026-03-12 11:26:44'),
(2379, 398, 107, 'B', 78.40, 3, '2026-03-12 11:26:43', '2026-03-12 11:26:44'),
(2380, 398, 108, 'B', 76.70, 4, '2026-03-12 11:26:43', '2026-03-12 11:26:44'),
(2381, 398, 109, 'B', 73.70, 3, '2026-03-12 11:26:43', '2026-03-12 11:26:44'),
(2382, 398, 110, 'A', 83.50, 2, '2026-03-12 11:26:43', '2026-03-12 11:26:44'),
(2383, 398, 111, 'A', 82.60, 2, '2026-03-12 11:26:43', '2026-03-12 11:26:44'),
(2384, 398, 112, 'A', 85.60, 2, '2026-03-12 11:26:43', '2026-03-12 11:26:44'),
(2385, 399, 103, NULL, NULL, 2, '2026-03-12 11:26:43', '2026-03-12 11:26:43'),
(2386, 399, 106, NULL, NULL, 4, '2026-03-12 11:26:43', '2026-03-12 11:26:43'),
(2387, 399, 107, NULL, NULL, 3, '2026-03-12 11:26:43', '2026-03-12 11:26:43'),
(2388, 399, 108, NULL, NULL, 4, '2026-03-12 11:26:43', '2026-03-12 11:26:43'),
(2389, 399, 109, NULL, NULL, 3, '2026-03-12 11:26:43', '2026-03-12 11:26:43'),
(2390, 399, 110, NULL, NULL, 2, '2026-03-12 11:26:43', '2026-03-12 11:26:43'),
(2391, 399, 111, NULL, NULL, 2, '2026-03-12 11:26:43', '2026-03-12 11:26:43'),
(2392, 399, 112, NULL, NULL, 2, '2026-03-12 11:26:43', '2026-03-12 11:26:43'),
(2393, 400, 103, 'A', 80.30, 2, '2026-03-12 11:26:43', '2026-03-12 11:26:44'),
(2394, 400, 106, 'A', 84.10, 4, '2026-03-12 11:26:43', '2026-03-12 11:26:44'),
(2395, 400, 107, 'A', 83.20, 3, '2026-03-12 11:26:43', '2026-03-12 11:26:44'),
(2396, 400, 108, 'A', 82.40, 4, '2026-03-12 11:26:43', '2026-03-12 11:26:44'),
(2397, 400, 109, 'A', 80.60, 3, '2026-03-12 11:26:43', '2026-03-12 11:26:44'),
(2398, 400, 110, 'A', 79.20, 2, '2026-03-12 11:26:43', '2026-03-12 11:26:44'),
(2399, 400, 111, 'A', 81.80, 2, '2026-03-12 11:26:43', '2026-03-12 11:26:44'),
(2400, 400, 112, 'A', 80.00, 2, '2026-03-12 11:26:43', '2026-03-12 11:26:44');

-- --------------------------------------------------------

--
-- Table structure for table `krs`
--

CREATE TABLE `krs` (
  `id` bigint(20) UNSIGNED NOT NULL,
  `mahasiswa_id` bigint(20) UNSIGNED NOT NULL,
  `kurikulum_id` bigint(20) UNSIGNED NOT NULL,
  `tahun_akademik_id` int(11) DEFAULT NULL,
  `semester` int(11) NOT NULL,
  `is_validated` tinyint(1) NOT NULL DEFAULT 0,
  `created_at` timestamp NULL DEFAULT NULL,
  `updated_at` timestamp NULL DEFAULT NULL
) ENGINE=InnoDB DEFAULT CHARSET=utf8mb4 COLLATE=utf8mb4_unicode_ci;

--
-- Dumping data for table `krs`
--

INSERT INTO `krs` (`id`, `mahasiswa_id`, `kurikulum_id`, `tahun_akademik_id`, `semester`, `is_validated`, `created_at`, `updated_at`) VALUES
(153, 870019, 55, NULL, 1, 1, '2026-01-28 02:18:02', '2026-01-28 02:18:02'),
(154, 870023, 55, NULL, 1, 1, '2026-01-28 02:18:02', '2026-01-28 02:18:02'),
(157, 870018, 55, 13, 2, 0, '2026-01-28 03:06:34', '2026-01-28 03:06:34'),
(158, 870023, 55, NULL, 2, 0, '2026-02-03 04:39:32', '2026-02-03 04:39:32'),
(159, 870046, 57, NULL, 1, 1, '2026-02-04 20:54:45', '2026-02-04 20:54:45'),
(165, 870047, 57, NULL, 1, 1, '2026-02-04 21:14:20', '2026-02-04 21:14:20'),
(168, 870044, 56, NULL, 1, 1, '2026-02-05 00:44:57', '2026-02-05 00:44:57'),
(169, 870059, 58, NULL, 1, 1, '2026-02-09 02:33:59', '2026-02-09 02:33:59'),
(173, 870047, 57, NULL, 2, 1, '2026-02-13 04:03:39', '2026-02-13 04:03:39'),
(175, 870044, 56, NULL, 2, 0, '2026-02-14 06:40:31', '2026-02-14 06:40:31'),
(178, 870075, 59, NULL, 1, 1, '2026-02-14 09:54:15', '2026-02-14 09:54:15'),
(182, 870048, 57, 17, 1, 1, '2026-02-20 03:12:00', '2026-02-20 03:15:02'),
(264, 870165, 61, NULL, 1, 1, '2026-03-10 15:39:31', '2026-03-10 15:39:31'),
(265, 870166, 61, NULL, 1, 1, '2026-03-10 15:39:31', '2026-03-10 15:39:31'),
(266, 870167, 61, NULL, 1, 1, '2026-03-10 15:39:31', '2026-03-10 15:39:31'),
(268, 870169, 61, NULL, 1, 1, '2026-03-10 15:39:31', '2026-03-10 15:39:31'),
(269, 870170, 61, NULL, 1, 1, '2026-03-10 15:39:31', '2026-03-10 15:39:31'),
(270, 870171, 61, NULL, 1, 1, '2026-03-10 15:39:31', '2026-03-10 15:39:31'),
(271, 870172, 61, NULL, 1, 1, '2026-03-10 15:39:31', '2026-03-10 15:39:31'),
(272, 870173, 61, NULL, 1, 1, '2026-03-10 15:39:31', '2026-03-10 15:39:31'),
(273, 870174, 61, NULL, 1, 1, '2026-03-10 15:39:31', '2026-03-10 15:39:31'),
(274, 870175, 61, NULL, 1, 1, '2026-03-10 15:40:29', '2026-03-10 15:40:29'),
(275, 870176, 61, NULL, 1, 1, '2026-03-10 15:40:29', '2026-03-10 15:40:29'),
(276, 870177, 61, NULL, 1, 1, '2026-03-10 15:40:29', '2026-03-10 15:40:29'),
(277, 870178, 61, NULL, 1, 1, '2026-03-10 15:40:29', '2026-03-10 15:40:29'),
(278, 870179, 61, NULL, 1, 1, '2026-03-10 15:40:29', '2026-03-10 15:40:29'),
(279, 870180, 61, NULL, 1, 1, '2026-03-10 15:40:29', '2026-03-10 15:40:29'),
(280, 870181, 61, NULL, 1, 1, '2026-03-10 15:40:29', '2026-03-10 15:40:29'),
(281, 870182, 61, NULL, 1, 1, '2026-03-10 15:40:29', '2026-03-10 15:40:29'),
(282, 870165, 61, NULL, 2, 1, '2026-03-11 09:16:23', '2026-03-11 09:16:23'),
(283, 870165, 61, NULL, 3, 1, '2026-03-11 09:17:06', '2026-03-11 09:17:06'),
(284, 870166, 61, NULL, 2, 1, '2026-03-11 09:20:30', '2026-03-11 09:20:30'),
(285, 870167, 61, NULL, 2, 1, '2026-03-11 09:20:30', '2026-03-11 09:20:30'),
(287, 870169, 61, NULL, 2, 1, '2026-03-11 09:20:30', '2026-03-11 09:20:30'),
(288, 870170, 61, NULL, 2, 1, '2026-03-11 09:20:30', '2026-03-11 09:20:30'),
(289, 870171, 61, NULL, 2, 1, '2026-03-11 09:20:30', '2026-03-11 09:20:30'),
(290, 870172, 61, NULL, 2, 1, '2026-03-11 09:20:30', '2026-03-11 09:20:30'),
(291, 870173, 61, NULL, 2, 1, '2026-03-11 09:20:30', '2026-03-11 09:20:30'),
(292, 870174, 61, NULL, 2, 1, '2026-03-11 09:20:30', '2026-03-11 09:20:30'),
(293, 870175, 61, NULL, 2, 1, '2026-03-11 09:20:30', '2026-03-11 09:20:30'),
(294, 870176, 61, NULL, 2, 1, '2026-03-11 09:20:30', '2026-03-11 09:20:30'),
(295, 870177, 61, NULL, 2, 1, '2026-03-11 09:20:30', '2026-03-11 09:20:30'),
(296, 870178, 61, NULL, 2, 1, '2026-03-11 09:20:30', '2026-03-11 09:20:30'),
(297, 870179, 61, NULL, 2, 1, '2026-03-11 09:20:30', '2026-03-11 09:20:30'),
(298, 870180, 61, NULL, 2, 1, '2026-03-11 09:20:30', '2026-03-11 09:20:30'),
(299, 870181, 61, NULL, 2, 1, '2026-03-11 09:20:30', '2026-03-11 09:20:30'),
(300, 870182, 61, NULL, 2, 1, '2026-03-11 09:20:30', '2026-03-11 09:20:30'),
(301, 870166, 61, NULL, 3, 1, '2026-03-11 09:21:12', '2026-03-11 09:21:12'),
(302, 870167, 61, NULL, 3, 1, '2026-03-11 09:21:12', '2026-03-11 09:21:12'),
(304, 870169, 61, NULL, 3, 1, '2026-03-11 09:21:12', '2026-03-11 09:21:12'),
(305, 870170, 61, NULL, 3, 1, '2026-03-11 09:21:12', '2026-03-11 09:21:12'),
(306, 870171, 61, NULL, 3, 1, '2026-03-11 09:21:12', '2026-03-11 09:21:12'),
(307, 870172, 61, NULL, 3, 1, '2026-03-11 09:21:12', '2026-03-11 09:21:12'),
(308, 870173, 61, NULL, 3, 1, '2026-03-11 09:21:12', '2026-03-11 09:21:12'),
(309, 870174, 61, NULL, 3, 1, '2026-03-11 09:21:12', '2026-03-11 09:21:12'),
(310, 870175, 61, NULL, 3, 1, '2026-03-11 09:21:12', '2026-03-11 09:21:12'),
(311, 870176, 61, NULL, 3, 1, '2026-03-11 09:21:12', '2026-03-11 09:21:12'),
(312, 870177, 61, NULL, 3, 1, '2026-03-11 09:21:12', '2026-03-11 09:21:12'),
(313, 870178, 61, NULL, 3, 1, '2026-03-11 09:21:12', '2026-03-11 09:21:12'),
(314, 870179, 61, NULL, 3, 1, '2026-03-11 09:21:12', '2026-03-11 09:21:12'),
(315, 870180, 61, NULL, 3, 1, '2026-03-11 09:21:12', '2026-03-11 09:21:12'),
(316, 870181, 61, NULL, 3, 1, '2026-03-11 09:21:12', '2026-03-11 09:21:12'),
(317, 870182, 61, NULL, 3, 1, '2026-03-11 09:21:12', '2026-03-11 09:21:12'),
(318, 870165, 61, NULL, 4, 1, '2026-03-11 09:22:02', '2026-03-11 09:22:02'),
(319, 870166, 61, NULL, 4, 1, '2026-03-11 09:22:02', '2026-03-11 09:22:02'),
(320, 870167, 61, NULL, 4, 1, '2026-03-11 09:22:02', '2026-03-11 09:22:02'),
(322, 870169, 61, NULL, 4, 1, '2026-03-11 09:22:02', '2026-03-11 09:22:02'),
(323, 870170, 61, NULL, 4, 1, '2026-03-11 09:22:02', '2026-03-11 09:22:02'),
(324, 870171, 61, NULL, 4, 1, '2026-03-11 09:22:02', '2026-03-11 09:22:02'),
(325, 870172, 61, NULL, 4, 1, '2026-03-11 09:22:02', '2026-03-11 09:22:02'),
(326, 870173, 61, NULL, 4, 1, '2026-03-11 09:22:02', '2026-03-11 09:22:02'),
(327, 870174, 61, NULL, 4, 1, '2026-03-11 09:22:02', '2026-03-11 09:22:02'),
(328, 870175, 61, NULL, 4, 1, '2026-03-11 09:22:02', '2026-03-11 09:22:02'),
(329, 870176, 61, NULL, 4, 1, '2026-03-11 09:22:02', '2026-03-11 09:22:02'),
(330, 870177, 61, NULL, 4, 1, '2026-03-11 09:22:02', '2026-03-11 09:22:02'),
(331, 870178, 61, NULL, 4, 1, '2026-03-11 09:22:02', '2026-03-11 09:22:02'),
(332, 870179, 61, NULL, 4, 1, '2026-03-11 09:22:02', '2026-03-11 09:22:02'),
(333, 870180, 61, NULL, 4, 1, '2026-03-11 09:22:02', '2026-03-11 09:22:02'),
(334, 870181, 61, NULL, 4, 1, '2026-03-11 09:22:02', '2026-03-11 09:22:02'),
(335, 870182, 61, NULL, 4, 1, '2026-03-11 09:22:02', '2026-03-11 09:22:02'),
(336, 870165, 61, NULL, 5, 1, '2026-03-11 09:22:09', '2026-03-11 09:22:09'),
(337, 870166, 61, NULL, 5, 1, '2026-03-11 09:22:09', '2026-03-11 09:22:09'),
(338, 870167, 61, NULL, 5, 1, '2026-03-11 09:22:09', '2026-03-11 09:22:09'),
(340, 870169, 61, NULL, 5, 1, '2026-03-11 09:22:09', '2026-03-11 09:22:09'),
(341, 870170, 61, NULL, 5, 1, '2026-03-11 09:22:09', '2026-03-11 09:22:09'),
(342, 870171, 61, NULL, 5, 1, '2026-03-11 09:22:09', '2026-03-11 09:22:09'),
(343, 870172, 61, NULL, 5, 1, '2026-03-11 09:22:09', '2026-03-11 09:22:09'),
(344, 870173, 61, NULL, 5, 1, '2026-03-11 09:22:09', '2026-03-11 09:22:09'),
(345, 870174, 61, NULL, 5, 1, '2026-03-11 09:22:09', '2026-03-11 09:22:09'),
(346, 870175, 61, NULL, 5, 1, '2026-03-11 09:22:09', '2026-03-11 09:22:09'),
(347, 870176, 61, NULL, 5, 1, '2026-03-11 09:22:09', '2026-03-11 09:22:09'),
(348, 870177, 61, NULL, 5, 1, '2026-03-11 09:22:09', '2026-03-11 09:22:09'),
(349, 870178, 61, NULL, 5, 1, '2026-03-11 09:22:09', '2026-03-11 09:22:09'),
(350, 870179, 61, NULL, 5, 1, '2026-03-11 09:22:09', '2026-03-11 09:22:09'),
(351, 870180, 61, NULL, 5, 1, '2026-03-11 09:22:09', '2026-03-11 09:22:09'),
(352, 870181, 61, NULL, 5, 1, '2026-03-11 09:22:09', '2026-03-11 09:22:09'),
(353, 870182, 61, NULL, 5, 1, '2026-03-11 09:22:09', '2026-03-11 09:22:09'),
(414, 870046, 57, NULL, 2, 1, '2026-03-11 10:15:28', '2026-03-11 10:15:28'),
(415, 870139, 62, NULL, 1, 1, '2026-03-11 12:17:05', '2026-03-11 12:17:05'),
(416, 870100, 60, NULL, 1, 1, '2026-03-11 12:22:24', '2026-03-11 12:22:24'),
(417, 870101, 60, NULL, 1, 1, '2026-03-11 12:22:24', '2026-03-11 12:22:24'),
(418, 870102, 60, NULL, 1, 1, '2026-03-11 12:22:24', '2026-03-11 12:22:24'),
(419, 870103, 60, NULL, 1, 1, '2026-03-11 12:22:24', '2026-03-11 12:22:24'),
(420, 870104, 60, NULL, 1, 1, '2026-03-11 12:22:24', '2026-03-11 12:22:24'),
(421, 870105, 60, NULL, 1, 1, '2026-03-11 12:22:24', '2026-03-11 12:22:24'),
(422, 870106, 60, NULL, 1, 1, '2026-03-11 12:22:24', '2026-03-11 12:22:24'),
(423, 870107, 60, NULL, 1, 1, '2026-03-11 12:22:24', '2026-03-11 12:22:24'),
(424, 870108, 60, NULL, 1, 1, '2026-03-11 12:22:24', '2026-03-11 12:22:24'),
(425, 870109, 60, NULL, 1, 1, '2026-03-11 12:22:24', '2026-03-11 12:22:24'),
(426, 870110, 60, NULL, 1, 1, '2026-03-11 12:22:24', '2026-03-11 12:22:24'),
(427, 870111, 60, NULL, 1, 1, '2026-03-11 12:22:24', '2026-03-11 12:22:24'),
(428, 870112, 60, NULL, 1, 1, '2026-03-11 12:22:24', '2026-03-11 12:22:24'),
(429, 870113, 60, NULL, 1, 1, '2026-03-11 12:22:24', '2026-03-11 12:22:24'),
(430, 870114, 60, NULL, 1, 1, '2026-03-11 12:22:24', '2026-03-11 12:22:24'),
(431, 870115, 60, NULL, 1, 1, '2026-03-11 12:22:24', '2026-03-11 12:22:24'),
(432, 870116, 60, NULL, 1, 1, '2026-03-11 12:22:24', '2026-03-11 12:22:24'),
(433, 870118, 60, NULL, 1, 1, '2026-03-11 12:22:24', '2026-03-11 12:22:24'),
(434, 870119, 60, NULL, 1, 1, '2026-03-11 12:22:24', '2026-03-11 12:22:24'),
(435, 870120, 60, NULL, 1, 1, '2026-03-11 12:22:24', '2026-03-11 12:22:24'),
(436, 870122, 60, NULL, 1, 1, '2026-03-11 12:22:24', '2026-03-11 12:22:24'),
(437, 870123, 60, NULL, 1, 1, '2026-03-11 12:22:24', '2026-03-11 12:22:24'),
(438, 870125, 60, NULL, 1, 1, '2026-03-11 12:22:24', '2026-03-11 12:22:24'),
(439, 870127, 60, NULL, 1, 1, '2026-03-11 12:22:24', '2026-03-11 12:22:24'),
(440, 870128, 60, NULL, 1, 1, '2026-03-11 12:22:24', '2026-03-11 12:22:24'),
(441, 870130, 60, NULL, 1, 1, '2026-03-11 12:22:24', '2026-03-11 12:22:24'),
(442, 870131, 60, NULL, 1, 1, '2026-03-11 12:22:24', '2026-03-11 12:22:24'),
(443, 870132, 60, NULL, 1, 1, '2026-03-11 12:22:24', '2026-03-11 12:22:24'),
(444, 870133, 60, NULL, 1, 1, '2026-03-11 12:22:24', '2026-03-11 12:22:24'),
(445, 870134, 60, NULL, 1, 1, '2026-03-11 12:22:24', '2026-03-11 12:22:24'),
(446, 870100, 60, NULL, 2, 1, '2026-03-11 12:22:31', '2026-03-11 12:22:31'),
(447, 870101, 60, NULL, 2, 1, '2026-03-11 12:22:31', '2026-03-11 12:22:31'),
(448, 870102, 60, NULL, 2, 1, '2026-03-11 12:22:31', '2026-03-11 12:22:31'),
(449, 870103, 60, NULL, 2, 1, '2026-03-11 12:22:31', '2026-03-11 12:22:31'),
(450, 870104, 60, NULL, 2, 1, '2026-03-11 12:22:31', '2026-03-11 12:22:31'),
(451, 870105, 60, NULL, 2, 1, '2026-03-11 12:22:31', '2026-03-11 12:22:31'),
(452, 870106, 60, NULL, 2, 1, '2026-03-11 12:22:31', '2026-03-11 12:22:31'),
(453, 870107, 60, NULL, 2, 1, '2026-03-11 12:22:31', '2026-03-11 12:22:31'),
(454, 870108, 60, NULL, 2, 1, '2026-03-11 12:22:31', '2026-03-11 12:22:31'),
(455, 870109, 60, NULL, 2, 1, '2026-03-11 12:22:31', '2026-03-11 12:22:31'),
(456, 870110, 60, NULL, 2, 1, '2026-03-11 12:22:31', '2026-03-11 12:22:31'),
(457, 870111, 60, NULL, 2, 1, '2026-03-11 12:22:31', '2026-03-11 12:22:31'),
(458, 870112, 60, NULL, 2, 1, '2026-03-11 12:22:31', '2026-03-11 12:22:31'),
(459, 870113, 60, NULL, 2, 1, '2026-03-11 12:22:31', '2026-03-11 12:22:31'),
(460, 870114, 60, NULL, 2, 1, '2026-03-11 12:22:31', '2026-03-11 12:22:31'),
(461, 870115, 60, NULL, 2, 1, '2026-03-11 12:22:31', '2026-03-11 12:22:31'),
(462, 870116, 60, NULL, 2, 1, '2026-03-11 12:22:31', '2026-03-11 12:22:31'),
(463, 870118, 60, NULL, 2, 1, '2026-03-11 12:22:31', '2026-03-11 12:22:31'),
(464, 870119, 60, NULL, 2, 1, '2026-03-11 12:22:31', '2026-03-11 12:22:31'),
(465, 870120, 60, NULL, 2, 1, '2026-03-11 12:22:31', '2026-03-11 12:22:31'),
(466, 870122, 60, NULL, 2, 1, '2026-03-11 12:22:31', '2026-03-11 12:22:31'),
(467, 870123, 60, NULL, 2, 1, '2026-03-11 12:22:31', '2026-03-11 12:22:31'),
(468, 870125, 60, NULL, 2, 1, '2026-03-11 12:22:31', '2026-03-11 12:22:31'),
(469, 870127, 60, NULL, 2, 1, '2026-03-11 12:22:31', '2026-03-11 12:22:31'),
(470, 870128, 60, NULL, 2, 1, '2026-03-11 12:22:31', '2026-03-11 12:22:31'),
(471, 870130, 60, NULL, 2, 1, '2026-03-11 12:22:31', '2026-03-11 12:22:31'),
(472, 870131, 60, NULL, 2, 1, '2026-03-11 12:22:31', '2026-03-11 12:22:31'),
(473, 870132, 60, NULL, 2, 1, '2026-03-11 12:22:31', '2026-03-11 12:22:31'),
(474, 870133, 60, NULL, 2, 1, '2026-03-11 12:22:31', '2026-03-11 12:22:31'),
(475, 870134, 60, NULL, 2, 1, '2026-03-11 12:22:31', '2026-03-11 12:22:31'),
(476, 870100, 60, NULL, 3, 1, '2026-03-11 12:22:37', '2026-03-11 12:22:37'),
(477, 870101, 60, NULL, 3, 1, '2026-03-11 12:22:37', '2026-03-11 12:22:37'),
(478, 870102, 60, NULL, 3, 1, '2026-03-11 12:22:37', '2026-03-11 12:22:37'),
(479, 870103, 60, NULL, 3, 1, '2026-03-11 12:22:37', '2026-03-11 12:22:37'),
(480, 870104, 60, NULL, 3, 1, '2026-03-11 12:22:37', '2026-03-11 12:22:37'),
(481, 870105, 60, NULL, 3, 1, '2026-03-11 12:22:37', '2026-03-11 12:22:37'),
(482, 870106, 60, NULL, 3, 1, '2026-03-11 12:22:37', '2026-03-11 12:22:37'),
(483, 870107, 60, NULL, 3, 1, '2026-03-11 12:22:37', '2026-03-11 12:22:37'),
(484, 870108, 60, NULL, 3, 1, '2026-03-11 12:22:37', '2026-03-11 12:22:37'),
(485, 870109, 60, NULL, 3, 1, '2026-03-11 12:22:37', '2026-03-11 12:22:37'),
(486, 870110, 60, NULL, 3, 1, '2026-03-11 12:22:37', '2026-03-11 12:22:37'),
(487, 870111, 60, NULL, 3, 1, '2026-03-11 12:22:37', '2026-03-11 12:22:37'),
(488, 870112, 60, NULL, 3, 1, '2026-03-11 12:22:37', '2026-03-11 12:22:37'),
(489, 870113, 60, NULL, 3, 1, '2026-03-11 12:22:37', '2026-03-11 12:22:37'),
(490, 870114, 60, NULL, 3, 1, '2026-03-11 12:22:37', '2026-03-11 12:22:37'),
(491, 870115, 60, NULL, 3, 1, '2026-03-11 12:22:37', '2026-03-11 12:22:37'),
(492, 870116, 60, NULL, 3, 1, '2026-03-11 12:22:37', '2026-03-11 12:22:37'),
(493, 870118, 60, NULL, 3, 1, '2026-03-11 12:22:37', '2026-03-11 12:22:37'),
(494, 870119, 60, NULL, 3, 1, '2026-03-11 12:22:37', '2026-03-11 12:22:37'),
(495, 870120, 60, NULL, 3, 1, '2026-03-11 12:22:37', '2026-03-11 12:22:37'),
(496, 870122, 60, NULL, 3, 1, '2026-03-11 12:22:37', '2026-03-11 12:22:37'),
(497, 870123, 60, NULL, 3, 1, '2026-03-11 12:22:37', '2026-03-11 12:22:37'),
(498, 870125, 60, NULL, 3, 1, '2026-03-11 12:22:37', '2026-03-11 12:22:37'),
(499, 870127, 60, NULL, 3, 1, '2026-03-11 12:22:37', '2026-03-11 12:22:37'),
(500, 870128, 60, NULL, 3, 1, '2026-03-11 12:22:37', '2026-03-11 12:22:37'),
(501, 870130, 60, NULL, 3, 1, '2026-03-11 12:22:37', '2026-03-11 12:22:37'),
(502, 870131, 60, NULL, 3, 1, '2026-03-11 12:22:37', '2026-03-11 12:22:37'),
(503, 870132, 60, NULL, 3, 1, '2026-03-11 12:22:37', '2026-03-11 12:22:37'),
(504, 870133, 60, NULL, 3, 1, '2026-03-11 12:22:37', '2026-03-11 12:22:37'),
(505, 870134, 60, NULL, 3, 1, '2026-03-11 12:22:37', '2026-03-11 12:22:37'),
(506, 870138, 62, NULL, 1, 1, '2026-03-11 12:23:12', '2026-03-11 12:23:12'),
(507, 870140, 62, NULL, 1, 1, '2026-03-11 12:23:12', '2026-03-11 12:23:12'),
(508, 870141, 62, NULL, 1, 1, '2026-03-11 12:23:12', '2026-03-11 12:23:12'),
(509, 870142, 62, NULL, 1, 1, '2026-03-11 12:23:12', '2026-03-11 12:23:12'),
(510, 870143, 62, NULL, 1, 1, '2026-03-11 12:23:12', '2026-03-11 12:23:12'),
(511, 870144, 62, NULL, 1, 1, '2026-03-11 12:23:12', '2026-03-11 12:23:12'),
(512, 870145, 62, NULL, 1, 1, '2026-03-11 12:23:12', '2026-03-11 12:23:12'),
(513, 870146, 62, NULL, 1, 1, '2026-03-11 12:23:12', '2026-03-11 12:23:12'),
(514, 870147, 62, NULL, 1, 1, '2026-03-11 12:23:12', '2026-03-11 12:23:12'),
(515, 870148, 62, NULL, 1, 1, '2026-03-11 12:23:12', '2026-03-11 12:23:12'),
(516, 870149, 62, NULL, 1, 1, '2026-03-11 12:23:12', '2026-03-11 12:23:12'),
(517, 870150, 62, NULL, 1, 1, '2026-03-11 12:23:12', '2026-03-11 12:23:12'),
(518, 870151, 62, NULL, 1, 1, '2026-03-11 12:23:12', '2026-03-11 12:23:12'),
(519, 870152, 62, NULL, 1, 1, '2026-03-11 12:23:12', '2026-03-11 12:23:12'),
(520, 870153, 62, NULL, 1, 1, '2026-03-11 12:23:12', '2026-03-11 12:23:12'),
(521, 870154, 62, NULL, 1, 1, '2026-03-11 12:23:12', '2026-03-11 12:23:12'),
(522, 870155, 62, NULL, 1, 1, '2026-03-11 12:23:12', '2026-03-11 12:23:12'),
(523, 870156, 62, NULL, 1, 1, '2026-03-11 12:23:12', '2026-03-11 12:23:12'),
(524, 870157, 62, NULL, 1, 1, '2026-03-11 12:23:12', '2026-03-11 12:23:12'),
(525, 870158, 62, NULL, 1, 1, '2026-03-11 12:23:12', '2026-03-11 12:23:12'),
(526, 870159, 62, NULL, 1, 1, '2026-03-11 12:23:12', '2026-03-11 12:23:12'),
(527, 870160, 62, NULL, 1, 1, '2026-03-11 12:23:12', '2026-03-11 12:23:12'),
(528, 870161, 62, NULL, 1, 1, '2026-03-11 12:23:12', '2026-03-11 12:23:12'),
(529, 870162, 62, NULL, 1, 1, '2026-03-11 12:23:12', '2026-03-11 12:23:12'),
(530, 870163, 62, NULL, 1, 1, '2026-03-11 12:23:12', '2026-03-11 12:23:12'),
(531, 870164, 62, NULL, 1, 1, '2026-03-11 12:23:12', '2026-03-11 12:23:12');

-- --------------------------------------------------------

--
-- Table structure for table `krs_detail`
--

CREATE TABLE `krs_detail` (
  `id` bigint(20) UNSIGNED NOT NULL,
  `krs_id` bigint(20) UNSIGNED NOT NULL,
  `mata_kuliah_id` bigint(20) UNSIGNED NOT NULL
) ENGINE=InnoDB DEFAULT CHARSET=utf8mb4 COLLATE=utf8mb4_unicode_ci;

--
-- Dumping data for table `krs_detail`
--

INSERT INTO `krs_detail` (`id`, `krs_id`, `mata_kuliah_id`) VALUES
(168, 153, 62),
(169, 153, 64),
(170, 153, 66),
(181, 157, 68),
(182, 154, 62),
(183, 154, 64),
(184, 158, 68),
(185, 159, 67),
(186, 159, 69),
(191, 165, 67),
(192, 165, 69),
(197, 168, 62),
(198, 168, 64),
(199, 168, 66),
(200, 169, 74),
(201, 169, 75),
(208, 173, 70),
(209, 173, 71),
(215, 178, 80),
(222, 182, 69),
(223, 182, 67),
(869, 264, 139),
(870, 264, 140),
(871, 264, 141),
(872, 264, 142),
(873, 264, 143),
(874, 264, 144),
(875, 264, 145),
(876, 265, 139),
(877, 265, 140),
(878, 265, 141),
(879, 265, 142),
(880, 265, 143),
(881, 265, 144),
(882, 265, 145),
(883, 266, 139),
(884, 266, 140),
(885, 266, 141),
(886, 266, 142),
(887, 266, 143),
(888, 266, 144),
(889, 266, 145),
(897, 268, 139),
(898, 268, 140),
(899, 268, 141),
(900, 268, 142),
(901, 268, 143),
(902, 268, 144),
(903, 268, 145),
(904, 269, 139),
(905, 269, 140),
(906, 269, 141),
(907, 269, 142),
(908, 269, 143),
(909, 269, 144),
(910, 269, 145),
(911, 270, 139),
(912, 270, 140),
(913, 270, 141),
(914, 270, 142),
(915, 270, 143),
(916, 270, 144),
(917, 270, 145),
(918, 271, 139),
(919, 271, 140),
(920, 271, 141),
(921, 271, 142),
(922, 271, 143),
(923, 271, 144),
(924, 271, 145),
(925, 272, 139),
(926, 272, 140),
(927, 272, 141),
(928, 272, 142),
(929, 272, 143),
(930, 272, 144),
(931, 272, 145),
(932, 273, 139),
(933, 273, 140),
(934, 273, 141),
(935, 273, 142),
(936, 273, 143),
(937, 273, 144),
(938, 273, 145),
(939, 274, 139),
(940, 274, 140),
(941, 274, 141),
(942, 274, 142),
(943, 274, 143),
(944, 274, 144),
(945, 274, 145),
(946, 275, 139),
(947, 275, 140),
(948, 275, 141),
(949, 275, 142),
(950, 275, 143),
(951, 275, 144),
(952, 275, 145),
(953, 276, 139),
(954, 276, 140),
(955, 276, 141),
(956, 276, 142),
(957, 276, 143),
(958, 276, 144),
(959, 276, 145),
(960, 277, 139),
(961, 277, 140),
(962, 277, 141),
(963, 277, 142),
(964, 277, 143),
(965, 277, 144),
(966, 277, 145),
(967, 278, 139),
(968, 278, 140),
(969, 278, 141),
(970, 278, 142),
(971, 278, 143),
(972, 278, 144),
(973, 278, 145),
(974, 279, 139),
(975, 279, 140),
(976, 279, 141),
(977, 279, 142),
(978, 279, 143),
(979, 279, 144),
(980, 279, 145),
(981, 280, 139),
(982, 280, 140),
(983, 280, 141),
(984, 280, 142),
(985, 280, 143),
(986, 280, 144),
(987, 280, 145),
(988, 281, 139),
(989, 281, 140),
(990, 281, 141),
(991, 281, 142),
(992, 281, 143),
(993, 281, 144),
(994, 281, 145),
(995, 282, 146),
(996, 282, 147),
(997, 282, 148),
(998, 282, 149),
(999, 282, 150),
(1000, 282, 151),
(1001, 282, 152),
(1002, 283, 153),
(1003, 283, 154),
(1004, 283, 155),
(1005, 283, 156),
(1006, 283, 157),
(1007, 284, 146),
(1008, 284, 147),
(1009, 284, 148),
(1010, 284, 149),
(1011, 284, 150),
(1012, 284, 151),
(1013, 284, 152),
(1014, 285, 146),
(1015, 285, 147),
(1016, 285, 148),
(1017, 285, 149),
(1018, 285, 150),
(1019, 285, 151),
(1020, 285, 152),
(1028, 287, 146),
(1029, 287, 147),
(1030, 287, 148),
(1031, 287, 149),
(1032, 287, 150),
(1033, 287, 151),
(1034, 287, 152),
(1035, 288, 146),
(1036, 288, 147),
(1037, 288, 148),
(1038, 288, 149),
(1039, 288, 150),
(1040, 288, 151),
(1041, 288, 152),
(1042, 289, 146),
(1043, 289, 147),
(1044, 289, 148),
(1045, 289, 149),
(1046, 289, 150),
(1047, 289, 151),
(1048, 289, 152),
(1049, 290, 146),
(1050, 290, 147),
(1051, 290, 148),
(1052, 290, 149),
(1053, 290, 150),
(1054, 290, 151),
(1055, 290, 152),
(1056, 291, 146),
(1057, 291, 147),
(1058, 291, 148),
(1059, 291, 149),
(1060, 291, 150),
(1061, 291, 151),
(1062, 291, 152),
(1063, 292, 146),
(1064, 292, 147),
(1065, 292, 148),
(1066, 292, 149),
(1067, 292, 150),
(1068, 292, 151),
(1069, 292, 152),
(1070, 293, 146),
(1071, 293, 147),
(1072, 293, 148),
(1073, 293, 149),
(1074, 293, 150),
(1075, 293, 151),
(1076, 293, 152),
(1077, 294, 146),
(1078, 294, 147),
(1079, 294, 148),
(1080, 294, 149),
(1081, 294, 150),
(1082, 294, 151),
(1083, 294, 152),
(1084, 295, 146),
(1085, 295, 147),
(1086, 295, 148),
(1087, 295, 149),
(1088, 295, 150),
(1089, 295, 151),
(1090, 295, 152),
(1091, 296, 146),
(1092, 296, 147),
(1093, 296, 148),
(1094, 296, 149),
(1095, 296, 150),
(1096, 296, 151),
(1097, 296, 152),
(1098, 297, 146),
(1099, 297, 147),
(1100, 297, 148),
(1101, 297, 149),
(1102, 297, 150),
(1103, 297, 151),
(1104, 297, 152),
(1105, 298, 146),
(1106, 298, 147),
(1107, 298, 148),
(1108, 298, 149),
(1109, 298, 150),
(1110, 298, 151),
(1111, 298, 152),
(1112, 299, 146),
(1113, 299, 147),
(1114, 299, 148),
(1115, 299, 149),
(1116, 299, 150),
(1117, 299, 151),
(1118, 299, 152),
(1119, 300, 146),
(1120, 300, 147),
(1121, 300, 148),
(1122, 300, 149),
(1123, 300, 150),
(1124, 300, 151),
(1125, 300, 152),
(1126, 301, 153),
(1127, 301, 154),
(1128, 301, 155),
(1129, 301, 156),
(1130, 301, 157),
(1131, 302, 153),
(1132, 302, 154),
(1133, 302, 155),
(1134, 302, 156),
(1135, 302, 157),
(1141, 304, 153),
(1142, 304, 154),
(1143, 304, 155),
(1144, 304, 156),
(1145, 304, 157),
(1146, 305, 153),
(1147, 305, 154),
(1148, 305, 155),
(1149, 305, 156),
(1150, 305, 157),
(1151, 306, 153),
(1152, 306, 154),
(1153, 306, 155),
(1154, 306, 156),
(1155, 306, 157),
(1156, 307, 153),
(1157, 307, 154),
(1158, 307, 155),
(1159, 307, 156),
(1160, 307, 157),
(1161, 308, 153),
(1162, 308, 154),
(1163, 308, 155),
(1164, 308, 156),
(1165, 308, 157),
(1166, 309, 153),
(1167, 309, 154),
(1168, 309, 155),
(1169, 309, 156),
(1170, 309, 157),
(1171, 310, 153),
(1172, 310, 154),
(1173, 310, 155),
(1174, 310, 156),
(1175, 310, 157),
(1176, 311, 153),
(1177, 311, 154),
(1178, 311, 155),
(1179, 311, 156),
(1180, 311, 157),
(1181, 312, 153),
(1182, 312, 154),
(1183, 312, 155),
(1184, 312, 156),
(1185, 312, 157),
(1186, 313, 153),
(1187, 313, 154),
(1188, 313, 155),
(1189, 313, 156),
(1190, 313, 157),
(1191, 314, 153),
(1192, 314, 154),
(1193, 314, 155),
(1194, 314, 156),
(1195, 314, 157),
(1196, 315, 153),
(1197, 315, 154),
(1198, 315, 155),
(1199, 315, 156),
(1200, 315, 157),
(1201, 316, 153),
(1202, 316, 154),
(1203, 316, 155),
(1204, 316, 156),
(1205, 316, 157),
(1206, 317, 153),
(1207, 317, 154),
(1208, 317, 155),
(1209, 317, 156),
(1210, 317, 157),
(1211, 318, 158),
(1212, 318, 159),
(1213, 318, 160),
(1214, 318, 161),
(1215, 318, 162),
(1216, 319, 158),
(1217, 319, 159),
(1218, 319, 160),
(1219, 319, 161),
(1220, 319, 162),
(1221, 320, 158),
(1222, 320, 159),
(1223, 320, 160),
(1224, 320, 161),
(1225, 320, 162),
(1231, 322, 158),
(1232, 322, 159),
(1233, 322, 160),
(1234, 322, 161),
(1235, 322, 162),
(1236, 323, 158),
(1237, 323, 159),
(1238, 323, 160),
(1239, 323, 161),
(1240, 323, 162),
(1241, 324, 158),
(1242, 324, 159),
(1243, 324, 160),
(1244, 324, 161),
(1245, 324, 162),
(1246, 325, 158),
(1247, 325, 159),
(1248, 325, 160),
(1249, 325, 161),
(1250, 325, 162),
(1251, 326, 158),
(1252, 326, 159),
(1253, 326, 160),
(1254, 326, 161),
(1255, 326, 162),
(1256, 327, 158),
(1257, 327, 159),
(1258, 327, 160),
(1259, 327, 161),
(1260, 327, 162),
(1261, 328, 158),
(1262, 328, 159),
(1263, 328, 160),
(1264, 328, 161),
(1265, 328, 162),
(1266, 329, 158),
(1267, 329, 159),
(1268, 329, 160),
(1269, 329, 161),
(1270, 329, 162),
(1271, 330, 158),
(1272, 330, 159),
(1273, 330, 160),
(1274, 330, 161),
(1275, 330, 162),
(1276, 331, 158),
(1277, 331, 159),
(1278, 331, 160),
(1279, 331, 161),
(1280, 331, 162),
(1281, 332, 158),
(1282, 332, 159),
(1283, 332, 160),
(1284, 332, 161),
(1285, 332, 162),
(1286, 333, 158),
(1287, 333, 159),
(1288, 333, 160),
(1289, 333, 161),
(1290, 333, 162),
(1291, 334, 158),
(1292, 334, 159),
(1293, 334, 160),
(1294, 334, 161),
(1295, 334, 162),
(1296, 335, 158),
(1297, 335, 159),
(1298, 335, 160),
(1299, 335, 161),
(1300, 335, 162),
(1301, 336, 163),
(1302, 336, 164),
(1303, 336, 165),
(1304, 336, 166),
(1305, 336, 167),
(1306, 336, 168),
(1307, 337, 163),
(1308, 337, 164),
(1309, 337, 165),
(1310, 337, 166),
(1311, 337, 167),
(1312, 337, 168),
(1313, 338, 163),
(1314, 338, 164),
(1315, 338, 165),
(1316, 338, 166),
(1317, 338, 167),
(1318, 338, 168),
(1325, 340, 163),
(1326, 340, 164),
(1327, 340, 165),
(1328, 340, 166),
(1329, 340, 167),
(1330, 340, 168),
(1331, 341, 163),
(1332, 341, 164),
(1333, 341, 165),
(1334, 341, 166),
(1335, 341, 167),
(1336, 341, 168),
(1337, 342, 163),
(1338, 342, 164),
(1339, 342, 165),
(1340, 342, 166),
(1341, 342, 167),
(1342, 342, 168),
(1343, 343, 163),
(1344, 343, 164),
(1345, 343, 165),
(1346, 343, 166),
(1347, 343, 167),
(1348, 343, 168),
(1349, 344, 163),
(1350, 344, 164),
(1351, 344, 165),
(1352, 344, 166),
(1353, 344, 167),
(1354, 344, 168),
(1355, 345, 163),
(1356, 345, 164),
(1357, 345, 165),
(1358, 345, 166),
(1359, 345, 167),
(1360, 345, 168),
(1361, 346, 163),
(1362, 346, 164),
(1363, 346, 165),
(1364, 346, 166),
(1365, 346, 167),
(1366, 346, 168),
(1367, 347, 163),
(1368, 347, 164),
(1369, 347, 165),
(1370, 347, 166),
(1371, 347, 167),
(1372, 347, 168),
(1373, 348, 163),
(1374, 348, 164),
(1375, 348, 165),
(1376, 348, 166),
(1377, 348, 167),
(1378, 348, 168),
(1379, 349, 163),
(1380, 349, 164),
(1381, 349, 165),
(1382, 349, 166),
(1383, 349, 167),
(1384, 349, 168),
(1385, 350, 163),
(1386, 350, 164),
(1387, 350, 165),
(1388, 350, 166),
(1389, 350, 167),
(1390, 350, 168),
(1391, 351, 163),
(1392, 351, 164),
(1393, 351, 165),
(1394, 351, 166),
(1395, 351, 167),
(1396, 351, 168),
(1397, 352, 163),
(1398, 352, 164),
(1399, 352, 165),
(1400, 352, 166),
(1401, 352, 167),
(1402, 352, 168),
(1403, 353, 163),
(1404, 353, 164),
(1405, 353, 165),
(1406, 353, 166),
(1407, 353, 167),
(1408, 353, 168),
(1829, 414, 70),
(1830, 414, 71),
(1831, 415, 103),
(1832, 415, 106),
(1833, 415, 107),
(1834, 415, 108),
(1835, 415, 109),
(1836, 415, 110),
(1837, 415, 111),
(1838, 415, 112),
(1839, 416, 103),
(1840, 416, 106),
(1841, 416, 107),
(1842, 416, 108),
(1843, 416, 109),
(1844, 416, 110),
(1845, 416, 111),
(1846, 416, 112),
(1847, 417, 103),
(1848, 417, 106),
(1849, 417, 107),
(1850, 417, 108),
(1851, 417, 109),
(1852, 417, 110),
(1853, 417, 111),
(1854, 417, 112),
(1855, 418, 103),
(1856, 418, 106),
(1857, 418, 107),
(1858, 418, 108),
(1859, 418, 109),
(1860, 418, 110),
(1861, 418, 111),
(1862, 418, 112),
(1863, 419, 103),
(1864, 419, 106),
(1865, 419, 107),
(1866, 419, 108),
(1867, 419, 109),
(1868, 419, 110),
(1869, 419, 111),
(1870, 419, 112),
(1871, 420, 103),
(1872, 420, 106),
(1873, 420, 107),
(1874, 420, 108),
(1875, 420, 109),
(1876, 420, 110),
(1877, 420, 111),
(1878, 420, 112),
(1879, 421, 103),
(1880, 421, 106),
(1881, 421, 107),
(1882, 421, 108),
(1883, 421, 109),
(1884, 421, 110),
(1885, 421, 111),
(1886, 421, 112),
(1887, 422, 103),
(1888, 422, 106),
(1889, 422, 107),
(1890, 422, 108),
(1891, 422, 109),
(1892, 422, 110),
(1893, 422, 111),
(1894, 422, 112),
(1895, 423, 103),
(1896, 423, 106),
(1897, 423, 107),
(1898, 423, 108),
(1899, 423, 109),
(1900, 423, 110),
(1901, 423, 111),
(1902, 423, 112),
(1903, 424, 103),
(1904, 424, 106),
(1905, 424, 107),
(1906, 424, 108),
(1907, 424, 109),
(1908, 424, 110),
(1909, 424, 111),
(1910, 424, 112),
(1911, 425, 103),
(1912, 425, 106),
(1913, 425, 107),
(1914, 425, 108),
(1915, 425, 109),
(1916, 425, 110),
(1917, 425, 111),
(1918, 425, 112),
(1919, 426, 103),
(1920, 426, 106),
(1921, 426, 107),
(1922, 426, 108),
(1923, 426, 109),
(1924, 426, 110),
(1925, 426, 111),
(1926, 426, 112),
(1927, 427, 103),
(1928, 427, 106),
(1929, 427, 107),
(1930, 427, 108),
(1931, 427, 109),
(1932, 427, 110),
(1933, 427, 111),
(1934, 427, 112),
(1935, 428, 103),
(1936, 428, 106),
(1937, 428, 107),
(1938, 428, 108),
(1939, 428, 109),
(1940, 428, 110),
(1941, 428, 111),
(1942, 428, 112),
(1943, 429, 103),
(1944, 429, 106),
(1945, 429, 107),
(1946, 429, 108),
(1947, 429, 109),
(1948, 429, 110),
(1949, 429, 111),
(1950, 429, 112),
(1951, 430, 103),
(1952, 430, 106),
(1953, 430, 107),
(1954, 430, 108),
(1955, 430, 109),
(1956, 430, 110),
(1957, 430, 111),
(1958, 430, 112),
(1959, 431, 103),
(1960, 431, 106),
(1961, 431, 107),
(1962, 431, 108),
(1963, 431, 109),
(1964, 431, 110),
(1965, 431, 111),
(1966, 431, 112),
(1967, 432, 103),
(1968, 432, 106),
(1969, 432, 107),
(1970, 432, 108),
(1971, 432, 109),
(1972, 432, 110),
(1973, 432, 111),
(1974, 432, 112),
(1975, 433, 103),
(1976, 433, 106),
(1977, 433, 107),
(1978, 433, 108),
(1979, 433, 109),
(1980, 433, 110),
(1981, 433, 111),
(1982, 433, 112),
(1983, 434, 103),
(1984, 434, 106),
(1985, 434, 107),
(1986, 434, 108),
(1987, 434, 109),
(1988, 434, 110),
(1989, 434, 111),
(1990, 434, 112),
(1991, 435, 103),
(1992, 435, 106),
(1993, 435, 107),
(1994, 435, 108),
(1995, 435, 109),
(1996, 435, 110),
(1997, 435, 111),
(1998, 435, 112),
(1999, 436, 103),
(2000, 436, 106),
(2001, 436, 107),
(2002, 436, 108),
(2003, 436, 109),
(2004, 436, 110),
(2005, 436, 111),
(2006, 436, 112),
(2007, 437, 103),
(2008, 437, 106),
(2009, 437, 107),
(2010, 437, 108),
(2011, 437, 109),
(2012, 437, 110),
(2013, 437, 111),
(2014, 437, 112),
(2015, 438, 103),
(2016, 438, 106),
(2017, 438, 107),
(2018, 438, 108),
(2019, 438, 109),
(2020, 438, 110),
(2021, 438, 111),
(2022, 438, 112),
(2023, 439, 103),
(2024, 439, 106),
(2025, 439, 107),
(2026, 439, 108),
(2027, 439, 109),
(2028, 439, 110),
(2029, 439, 111),
(2030, 439, 112),
(2031, 440, 103),
(2032, 440, 106),
(2033, 440, 107),
(2034, 440, 108),
(2035, 440, 109),
(2036, 440, 110),
(2037, 440, 111),
(2038, 440, 112),
(2039, 441, 103),
(2040, 441, 106),
(2041, 441, 107),
(2042, 441, 108),
(2043, 441, 109),
(2044, 441, 110),
(2045, 441, 111),
(2046, 441, 112),
(2047, 442, 103),
(2048, 442, 106),
(2049, 442, 107),
(2050, 442, 108),
(2051, 442, 109),
(2052, 442, 110),
(2053, 442, 111),
(2054, 442, 112),
(2055, 443, 103),
(2056, 443, 106),
(2057, 443, 107),
(2058, 443, 108),
(2059, 443, 109),
(2060, 443, 110),
(2061, 443, 111),
(2062, 443, 112),
(2063, 444, 103),
(2064, 444, 106),
(2065, 444, 107),
(2066, 444, 108),
(2067, 444, 109),
(2068, 444, 110),
(2069, 444, 111),
(2070, 444, 112),
(2071, 445, 103),
(2072, 445, 106),
(2073, 445, 107),
(2074, 445, 108),
(2075, 445, 109),
(2076, 445, 110),
(2077, 445, 111),
(2078, 445, 112),
(2079, 446, 113),
(2080, 446, 114),
(2081, 446, 115),
(2082, 446, 116),
(2083, 446, 117),
(2084, 446, 118),
(2085, 446, 119),
(2086, 446, 120),
(2087, 447, 113),
(2088, 447, 114),
(2089, 447, 115),
(2090, 447, 116),
(2091, 447, 117),
(2092, 447, 118),
(2093, 447, 119),
(2094, 447, 120),
(2095, 448, 113),
(2096, 448, 114),
(2097, 448, 115),
(2098, 448, 116),
(2099, 448, 117),
(2100, 448, 118),
(2101, 448, 119),
(2102, 448, 120),
(2103, 449, 113),
(2104, 449, 114),
(2105, 449, 115),
(2106, 449, 116),
(2107, 449, 117),
(2108, 449, 118),
(2109, 449, 119),
(2110, 449, 120),
(2111, 450, 113),
(2112, 450, 114),
(2113, 450, 115),
(2114, 450, 116),
(2115, 450, 117),
(2116, 450, 118),
(2117, 450, 119),
(2118, 450, 120),
(2119, 451, 113),
(2120, 451, 114),
(2121, 451, 115),
(2122, 451, 116),
(2123, 451, 117),
(2124, 451, 118),
(2125, 451, 119),
(2126, 451, 120),
(2127, 452, 113),
(2128, 452, 114),
(2129, 452, 115),
(2130, 452, 116),
(2131, 452, 117),
(2132, 452, 118),
(2133, 452, 119),
(2134, 452, 120),
(2135, 453, 113),
(2136, 453, 114),
(2137, 453, 115),
(2138, 453, 116),
(2139, 453, 117),
(2140, 453, 118),
(2141, 453, 119),
(2142, 453, 120),
(2143, 454, 113),
(2144, 454, 114),
(2145, 454, 115),
(2146, 454, 116),
(2147, 454, 117),
(2148, 454, 118),
(2149, 454, 119),
(2150, 454, 120),
(2151, 455, 113),
(2152, 455, 114),
(2153, 455, 115),
(2154, 455, 116),
(2155, 455, 117),
(2156, 455, 118),
(2157, 455, 119),
(2158, 455, 120),
(2159, 456, 113),
(2160, 456, 114),
(2161, 456, 115),
(2162, 456, 116),
(2163, 456, 117),
(2164, 456, 118),
(2165, 456, 119),
(2166, 456, 120),
(2167, 457, 113),
(2168, 457, 114),
(2169, 457, 115),
(2170, 457, 116),
(2171, 457, 117),
(2172, 457, 118),
(2173, 457, 119),
(2174, 457, 120),
(2175, 458, 113),
(2176, 458, 114),
(2177, 458, 115),
(2178, 458, 116),
(2179, 458, 117),
(2180, 458, 118),
(2181, 458, 119),
(2182, 458, 120),
(2183, 459, 113),
(2184, 459, 114),
(2185, 459, 115),
(2186, 459, 116),
(2187, 459, 117),
(2188, 459, 118),
(2189, 459, 119),
(2190, 459, 120),
(2191, 460, 113),
(2192, 460, 114),
(2193, 460, 115),
(2194, 460, 116),
(2195, 460, 117),
(2196, 460, 118),
(2197, 460, 119),
(2198, 460, 120),
(2199, 461, 113),
(2200, 461, 114),
(2201, 461, 115),
(2202, 461, 116),
(2203, 461, 117),
(2204, 461, 118),
(2205, 461, 119),
(2206, 461, 120),
(2207, 462, 113),
(2208, 462, 114),
(2209, 462, 115),
(2210, 462, 116),
(2211, 462, 117),
(2212, 462, 118),
(2213, 462, 119),
(2214, 462, 120),
(2215, 463, 113),
(2216, 463, 114),
(2217, 463, 115),
(2218, 463, 116),
(2219, 463, 117),
(2220, 463, 118),
(2221, 463, 119),
(2222, 463, 120),
(2223, 464, 113),
(2224, 464, 114),
(2225, 464, 115),
(2226, 464, 116),
(2227, 464, 117),
(2228, 464, 118),
(2229, 464, 119),
(2230, 464, 120),
(2231, 465, 113),
(2232, 465, 114),
(2233, 465, 115),
(2234, 465, 116),
(2235, 465, 117),
(2236, 465, 118),
(2237, 465, 119),
(2238, 465, 120),
(2239, 466, 113),
(2240, 466, 114),
(2241, 466, 115),
(2242, 466, 116),
(2243, 466, 117),
(2244, 466, 118),
(2245, 466, 119),
(2246, 466, 120),
(2247, 467, 113),
(2248, 467, 114),
(2249, 467, 115),
(2250, 467, 116),
(2251, 467, 117),
(2252, 467, 118),
(2253, 467, 119),
(2254, 467, 120),
(2255, 468, 113),
(2256, 468, 114),
(2257, 468, 115),
(2258, 468, 116),
(2259, 468, 117),
(2260, 468, 118),
(2261, 468, 119),
(2262, 468, 120),
(2263, 469, 113),
(2264, 469, 114),
(2265, 469, 115),
(2266, 469, 116),
(2267, 469, 117),
(2268, 469, 118),
(2269, 469, 119),
(2270, 469, 120),
(2271, 470, 113),
(2272, 470, 114),
(2273, 470, 115),
(2274, 470, 116),
(2275, 470, 117),
(2276, 470, 118),
(2277, 470, 119),
(2278, 470, 120),
(2279, 471, 113),
(2280, 471, 114),
(2281, 471, 115),
(2282, 471, 116),
(2283, 471, 117),
(2284, 471, 118),
(2285, 471, 119),
(2286, 471, 120),
(2287, 472, 113),
(2288, 472, 114),
(2289, 472, 115),
(2290, 472, 116),
(2291, 472, 117),
(2292, 472, 118),
(2293, 472, 119),
(2294, 472, 120),
(2295, 473, 113),
(2296, 473, 114),
(2297, 473, 115),
(2298, 473, 116),
(2299, 473, 117),
(2300, 473, 118),
(2301, 473, 119),
(2302, 473, 120),
(2303, 474, 113),
(2304, 474, 114),
(2305, 474, 115),
(2306, 474, 116),
(2307, 474, 117),
(2308, 474, 118),
(2309, 474, 119),
(2310, 474, 120),
(2311, 475, 113),
(2312, 475, 114),
(2313, 475, 115),
(2314, 475, 116),
(2315, 475, 117),
(2316, 475, 118),
(2317, 475, 119),
(2318, 475, 120),
(2319, 476, 121),
(2320, 476, 122),
(2321, 476, 123),
(2322, 476, 124),
(2323, 476, 125),
(2324, 476, 126),
(2325, 477, 121),
(2326, 477, 122),
(2327, 477, 123),
(2328, 477, 124),
(2329, 477, 125),
(2330, 477, 126),
(2331, 478, 121),
(2332, 478, 122),
(2333, 478, 123),
(2334, 478, 124),
(2335, 478, 125),
(2336, 478, 126),
(2337, 479, 121),
(2338, 479, 122),
(2339, 479, 123),
(2340, 479, 124),
(2341, 479, 125),
(2342, 479, 126),
(2343, 480, 121),
(2344, 480, 122),
(2345, 480, 123),
(2346, 480, 124),
(2347, 480, 125),
(2348, 480, 126),
(2349, 481, 121),
(2350, 481, 122),
(2351, 481, 123),
(2352, 481, 124),
(2353, 481, 125),
(2354, 481, 126),
(2355, 482, 121),
(2356, 482, 122),
(2357, 482, 123),
(2358, 482, 124),
(2359, 482, 125),
(2360, 482, 126),
(2361, 483, 121),
(2362, 483, 122),
(2363, 483, 123),
(2364, 483, 124),
(2365, 483, 125),
(2366, 483, 126),
(2367, 484, 121),
(2368, 484, 122),
(2369, 484, 123),
(2370, 484, 124),
(2371, 484, 125),
(2372, 484, 126),
(2373, 485, 121),
(2374, 485, 122),
(2375, 485, 123),
(2376, 485, 124),
(2377, 485, 125),
(2378, 485, 126),
(2379, 486, 121),
(2380, 486, 122),
(2381, 486, 123),
(2382, 486, 124),
(2383, 486, 125),
(2384, 486, 126),
(2385, 487, 121),
(2386, 487, 122),
(2387, 487, 123),
(2388, 487, 124),
(2389, 487, 125),
(2390, 487, 126),
(2391, 488, 121),
(2392, 488, 122),
(2393, 488, 123),
(2394, 488, 124),
(2395, 488, 125),
(2396, 488, 126),
(2397, 489, 121),
(2398, 489, 122),
(2399, 489, 123),
(2400, 489, 124),
(2401, 489, 125),
(2402, 489, 126),
(2403, 490, 121),
(2404, 490, 122),
(2405, 490, 123),
(2406, 490, 124),
(2407, 490, 125),
(2408, 490, 126),
(2409, 491, 121),
(2410, 491, 122),
(2411, 491, 123),
(2412, 491, 124),
(2413, 491, 125),
(2414, 491, 126),
(2415, 492, 121),
(2416, 492, 122),
(2417, 492, 123),
(2418, 492, 124),
(2419, 492, 125),
(2420, 492, 126),
(2421, 493, 121),
(2422, 493, 122),
(2423, 493, 123),
(2424, 493, 124),
(2425, 493, 125),
(2426, 493, 126),
(2427, 494, 121),
(2428, 494, 122),
(2429, 494, 123),
(2430, 494, 124),
(2431, 494, 125),
(2432, 494, 126),
(2433, 495, 121),
(2434, 495, 122),
(2435, 495, 123),
(2436, 495, 124),
(2437, 495, 125),
(2438, 495, 126),
(2439, 496, 121),
(2440, 496, 122),
(2441, 496, 123),
(2442, 496, 124),
(2443, 496, 125),
(2444, 496, 126),
(2445, 497, 121),
(2446, 497, 122),
(2447, 497, 123),
(2448, 497, 124),
(2449, 497, 125),
(2450, 497, 126),
(2451, 498, 121),
(2452, 498, 122),
(2453, 498, 123),
(2454, 498, 124),
(2455, 498, 125),
(2456, 498, 126),
(2457, 499, 121),
(2458, 499, 122),
(2459, 499, 123),
(2460, 499, 124),
(2461, 499, 125),
(2462, 499, 126),
(2463, 500, 121),
(2464, 500, 122),
(2465, 500, 123),
(2466, 500, 124),
(2467, 500, 125),
(2468, 500, 126),
(2469, 501, 121),
(2470, 501, 122),
(2471, 501, 123),
(2472, 501, 124),
(2473, 501, 125),
(2474, 501, 126),
(2475, 502, 121),
(2476, 502, 122),
(2477, 502, 123),
(2478, 502, 124),
(2479, 502, 125),
(2480, 502, 126),
(2481, 503, 121),
(2482, 503, 122),
(2483, 503, 123),
(2484, 503, 124),
(2485, 503, 125),
(2486, 503, 126),
(2487, 504, 121),
(2488, 504, 122),
(2489, 504, 123),
(2490, 504, 124),
(2491, 504, 125),
(2492, 504, 126),
(2493, 505, 121),
(2494, 505, 122),
(2495, 505, 123),
(2496, 505, 124),
(2497, 505, 125),
(2498, 505, 126),
(2499, 506, 103),
(2500, 506, 106),
(2501, 506, 107),
(2502, 506, 108),
(2503, 506, 109),
(2504, 506, 110),
(2505, 506, 111),
(2506, 506, 112),
(2507, 507, 103),
(2508, 507, 106),
(2509, 507, 107),
(2510, 507, 108),
(2511, 507, 109),
(2512, 507, 110),
(2513, 507, 111),
(2514, 507, 112),
(2515, 508, 103),
(2516, 508, 106),
(2517, 508, 107),
(2518, 508, 108),
(2519, 508, 109),
(2520, 508, 110),
(2521, 508, 111),
(2522, 508, 112),
(2523, 509, 103),
(2524, 509, 106),
(2525, 509, 107),
(2526, 509, 108),
(2527, 509, 109),
(2528, 509, 110),
(2529, 509, 111),
(2530, 509, 112),
(2531, 510, 103),
(2532, 510, 106),
(2533, 510, 107),
(2534, 510, 108),
(2535, 510, 109),
(2536, 510, 110),
(2537, 510, 111),
(2538, 510, 112),
(2539, 511, 103),
(2540, 511, 106),
(2541, 511, 107),
(2542, 511, 108),
(2543, 511, 109),
(2544, 511, 110),
(2545, 511, 111),
(2546, 511, 112),
(2547, 512, 103),
(2548, 512, 106),
(2549, 512, 107),
(2550, 512, 108),
(2551, 512, 109),
(2552, 512, 110),
(2553, 512, 111),
(2554, 512, 112),
(2555, 513, 103),
(2556, 513, 106),
(2557, 513, 107),
(2558, 513, 108),
(2559, 513, 109),
(2560, 513, 110),
(2561, 513, 111),
(2562, 513, 112),
(2563, 514, 103),
(2564, 514, 106),
(2565, 514, 107),
(2566, 514, 108),
(2567, 514, 109),
(2568, 514, 110),
(2569, 514, 111),
(2570, 514, 112),
(2571, 515, 103),
(2572, 515, 106),
(2573, 515, 107),
(2574, 515, 108),
(2575, 515, 109),
(2576, 515, 110),
(2577, 515, 111),
(2578, 515, 112),
(2579, 516, 103),
(2580, 516, 106),
(2581, 516, 107),
(2582, 516, 108),
(2583, 516, 109),
(2584, 516, 110),
(2585, 516, 111),
(2586, 516, 112),
(2587, 517, 103),
(2588, 517, 106),
(2589, 517, 107),
(2590, 517, 108),
(2591, 517, 109),
(2592, 517, 110),
(2593, 517, 111),
(2594, 517, 112),
(2595, 518, 103),
(2596, 518, 106),
(2597, 518, 107),
(2598, 518, 108),
(2599, 518, 109),
(2600, 518, 110),
(2601, 518, 111),
(2602, 518, 112),
(2603, 519, 103),
(2604, 519, 106),
(2605, 519, 107),
(2606, 519, 108),
(2607, 519, 109),
(2608, 519, 110),
(2609, 519, 111),
(2610, 519, 112),
(2611, 520, 103),
(2612, 520, 106),
(2613, 520, 107),
(2614, 520, 108),
(2615, 520, 109),
(2616, 520, 110),
(2617, 520, 111),
(2618, 520, 112),
(2619, 521, 103),
(2620, 521, 106),
(2621, 521, 107),
(2622, 521, 108),
(2623, 521, 109),
(2624, 521, 110),
(2625, 521, 111),
(2626, 521, 112),
(2627, 522, 103),
(2628, 522, 106),
(2629, 522, 107),
(2630, 522, 108),
(2631, 522, 109),
(2632, 522, 110),
(2633, 522, 111),
(2634, 522, 112),
(2635, 523, 103),
(2636, 523, 106),
(2637, 523, 107),
(2638, 523, 108),
(2639, 523, 109),
(2640, 523, 110),
(2641, 523, 111),
(2642, 523, 112),
(2643, 524, 103),
(2644, 524, 106),
(2645, 524, 107),
(2646, 524, 108),
(2647, 524, 109),
(2648, 524, 110),
(2649, 524, 111),
(2650, 524, 112),
(2651, 525, 103),
(2652, 525, 106),
(2653, 525, 107),
(2654, 525, 108),
(2655, 525, 109),
(2656, 525, 110),
(2657, 525, 111),
(2658, 525, 112),
(2659, 526, 103),
(2660, 526, 106),
(2661, 526, 107),
(2662, 526, 108),
(2663, 526, 109),
(2664, 526, 110),
(2665, 526, 111),
(2666, 526, 112),
(2667, 527, 103),
(2668, 527, 106),
(2669, 527, 107),
(2670, 527, 108),
(2671, 527, 109),
(2672, 527, 110),
(2673, 527, 111),
(2674, 527, 112),
(2675, 528, 103),
(2676, 528, 106),
(2677, 528, 107),
(2678, 528, 108),
(2679, 528, 109),
(2680, 528, 110),
(2681, 528, 111),
(2682, 528, 112),
(2683, 529, 103),
(2684, 529, 106),
(2685, 529, 107),
(2686, 529, 108),
(2687, 529, 109),
(2688, 529, 110),
(2689, 529, 111),
(2690, 529, 112),
(2691, 530, 103),
(2692, 530, 106),
(2693, 530, 107),
(2694, 530, 108),
(2695, 530, 109),
(2696, 530, 110),
(2697, 530, 111),
(2698, 530, 112),
(2699, 531, 103),
(2700, 531, 106),
(2701, 531, 107),
(2702, 531, 108),
(2703, 531, 109),
(2704, 531, 110),
(2705, 531, 111),
(2706, 531, 112);

-- --------------------------------------------------------

--
-- Table structure for table `kurikulum`
--

CREATE TABLE `kurikulum` (
  `id` bigint(20) UNSIGNED NOT NULL,
  `kampus_id` int(10) UNSIGNED DEFAULT NULL,
  `tahun_akademik_id` int(11) DEFAULT NULL,
  `nama_kurikulum` varchar(255) NOT NULL,
  `tahun` varchar(50) DEFAULT NULL,
  `masa_berlaku` date DEFAULT NULL,
  `sk_kurikulum` varchar(255) DEFAULT NULL,
  `jumlah_sks_total` int(11) DEFAULT NULL,
  `jumlah_sks_wajib` int(11) DEFAULT NULL,
  `jumlah_sks_pilihan` int(11) DEFAULT NULL,
  `is_validated` tinyint(1) DEFAULT 0,
  `validated_at` datetime DEFAULT NULL,
  `validated_by` bigint(20) UNSIGNED DEFAULT NULL,
  `neofeeder_validated` tinyint(1) DEFAULT 0,
  `neofeeder_validated_at` datetime DEFAULT NULL,
  `neofeeder_validated_by` bigint(20) UNSIGNED DEFAULT NULL,
  `neofeeder_status` enum('pending','validated','synced','error') DEFAULT 'pending',
  `neofeeder_error_message` text DEFAULT NULL,
  `neofeeder_synced_at` datetime DEFAULT NULL,
  `neofeeder_id` varchar(100) DEFAULT NULL,
  `prodi_id` bigint(20) UNSIGNED DEFAULT NULL,
  `created_at` timestamp NULL DEFAULT current_timestamp(),
  `updated_at` timestamp NULL DEFAULT NULL
) ENGINE=InnoDB DEFAULT CHARSET=utf8mb4 COLLATE=utf8mb4_unicode_ci;

--
-- Dumping data for table `kurikulum`
--

INSERT INTO `kurikulum` (`id`, `kampus_id`, `tahun_akademik_id`, `nama_kurikulum`, `tahun`, `masa_berlaku`, `sk_kurikulum`, `jumlah_sks_total`, `jumlah_sks_wajib`, `jumlah_sks_pilihan`, `is_validated`, `validated_at`, `validated_by`, `neofeeder_validated`, `neofeeder_validated_at`, `neofeeder_validated_by`, `neofeeder_status`, `neofeeder_error_message`, `neofeeder_synced_at`, `neofeeder_id`, `prodi_id`, `created_at`, `updated_at`) VALUES
(55, 57, 12, 'Kurikulum 2025', '2025', '2026-03-07', '1235632', 10, 10, 0, 1, '2026-01-31 10:07:59', 278, 1, '2026-02-02 03:36:28', 278, 'synced', NULL, '2026-02-02 07:08:49', 'b086e150-99d6-4ef1-8853-b2c97c9c5f3c', 48, '2026-01-18 22:50:19', '2026-02-04 01:14:30'),
(56, 57, 13, 'Kurikulum Genap', 'Genap ', '2026-02-28', 'kurikulum/sk/WmC8Ms5sjbA9uPxLfcqkMp6xbpSWSJXbNUGakRJw.pdf', 10, 10, 0, 0, NULL, NULL, 0, NULL, NULL, 'pending', NULL, NULL, NULL, 48, '2026-02-04 01:26:27', '2026-02-04 01:26:27'),
(57, 68, 17, 'Kurikulum Ganjil', 'Ganjil ', '2026-12-31', 'kurikulum/sk/fA84x6m7oAjHakbFpiioQftTJcQRcGW04OQWT2o5.pdf', 20, 20, 0, 0, NULL, NULL, 0, NULL, NULL, 'pending', NULL, NULL, NULL, 53, '2026-02-04 20:36:22', '2026-02-04 21:13:18'),
(58, 67, 20, 'Kurikulum 2025', 'Ganjil ', '2029-12-31', 'kurikulum/sk/UOsyqt5kIcyorrKsjIArYEWaCWls56igC9iJzO0S.pdf', 16, 16, 0, 0, NULL, NULL, 0, NULL, NULL, 'pending', NULL, NULL, NULL, 52, '2026-02-04 23:26:13', '2026-02-04 23:26:33'),
(59, 69, 23, 'Kurikulum Neofeeder 2025', 'Ganjil ', '2026-02-28', 'kurikulum/sk/nzce5AvH7Rrc5QNQaGyXAFy7pTFQTu63AdehGVZQ.pdf', 6, 6, 0, 1, '2026-02-14 16:30:11', 318, 1, '2026-02-14 16:33:40', 318, 'validated', NULL, NULL, '6133f9ab-e3b2-4830-924e-cbaf503bea19', 57, '2026-02-14 08:45:26', '2026-02-23 07:26:59'),
(60, 70, 26, 'Kurikulum 2024', 'Ganjil ', '2028-11-23', NULL, 114, 114, 0, 0, NULL, NULL, 0, NULL, NULL, 'pending', NULL, NULL, NULL, 58, '2026-03-09 11:07:32', '2026-03-10 11:05:08'),
(61, 70, 29, 'Kurikulum 2023', 'Ganjil ', '2028-02-16', NULL, 118, 118, 0, 0, NULL, NULL, 0, NULL, NULL, 'pending', NULL, NULL, NULL, 58, '2026-03-09 15:22:00', '2026-03-10 11:04:41'),
(62, 70, 28, 'Kurikulum 2025', 'Ganjil ', '2028-04-10', NULL, 114, 114, 0, 0, NULL, NULL, 0, NULL, NULL, 'pending', NULL, NULL, NULL, 58, '2026-03-10 10:21:46', '2026-03-10 10:21:46');

-- --------------------------------------------------------

--
-- Table structure for table `kurikulum_mata_kuliah`
--

CREATE TABLE `kurikulum_mata_kuliah` (
  `id` bigint(20) UNSIGNED NOT NULL,
  `kurikulum_id` bigint(20) UNSIGNED NOT NULL,
  `mata_kuliah_id` bigint(20) UNSIGNED NOT NULL
) ENGINE=InnoDB DEFAULT CHARSET=utf8mb4 COLLATE=utf8mb4_unicode_ci;

--
-- Dumping data for table `kurikulum_mata_kuliah`
--

INSERT INTO `kurikulum_mata_kuliah` (`id`, `kurikulum_id`, `mata_kuliah_id`) VALUES
(117, 55, 62),
(121, 55, 64),
(125, 55, 68),
(126, 56, 62),
(127, 56, 64),
(128, 56, 68),
(129, 57, 67),
(130, 57, 69),
(131, 57, 70),
(132, 57, 71),
(133, 57, 72),
(134, 57, 73),
(135, 58, 74),
(136, 58, 75),
(137, 58, 76),
(138, 58, 77),
(139, 58, 78),
(140, 58, 79),
(141, 59, 80),
(142, 60, 103),
(143, 60, 106),
(144, 60, 107),
(145, 60, 108),
(146, 60, 109),
(147, 60, 110),
(148, 60, 111),
(149, 60, 112),
(150, 60, 113),
(151, 60, 114),
(152, 60, 115),
(153, 60, 116),
(154, 60, 117),
(155, 60, 118),
(156, 60, 119),
(157, 60, 120),
(158, 60, 121),
(159, 60, 122),
(160, 60, 123),
(161, 60, 124),
(162, 60, 125),
(163, 60, 126),
(164, 60, 127),
(165, 60, 128),
(166, 60, 129),
(167, 60, 130),
(168, 60, 131),
(169, 60, 132),
(170, 60, 133),
(171, 60, 134),
(172, 60, 135),
(173, 60, 136),
(174, 60, 137),
(175, 60, 138),
(176, 61, 139),
(177, 61, 140),
(178, 61, 141),
(179, 61, 142),
(180, 61, 143),
(181, 61, 144),
(182, 61, 145),
(183, 61, 146),
(184, 61, 147),
(185, 61, 148),
(186, 61, 149),
(187, 61, 150),
(188, 61, 151),
(189, 61, 152),
(190, 61, 153),
(191, 61, 154),
(192, 61, 155),
(193, 61, 156),
(194, 61, 157),
(195, 61, 158),
(196, 61, 159),
(197, 61, 160),
(198, 61, 161),
(199, 61, 162),
(200, 61, 163),
(201, 61, 164),
(202, 61, 165),
(203, 61, 166),
(204, 61, 167),
(205, 61, 168),
(206, 61, 169),
(207, 61, 170),
(208, 61, 171),
(209, 62, 103),
(210, 62, 106),
(211, 62, 107),
(212, 62, 108),
(213, 62, 109),
(214, 62, 110),
(215, 62, 111),
(216, 62, 112),
(217, 62, 113),
(218, 62, 114),
(219, 62, 115),
(220, 62, 116),
(221, 62, 117),
(222, 62, 118),
(223, 62, 119),
(224, 62, 120),
(225, 62, 121),
(226, 62, 122),
(227, 62, 123),
(228, 62, 124),
(229, 62, 125),
(230, 62, 126),
(231, 62, 127),
(232, 62, 128),
(233, 62, 129),
(234, 62, 130),
(235, 62, 131),
(236, 62, 132),
(237, 62, 133),
(238, 62, 134),
(239, 62, 135),
(240, 62, 136),
(241, 62, 137),
(242, 62, 138);

-- --------------------------------------------------------

--
-- Table structure for table `lms_absensi_sessions`
--

CREATE TABLE `lms_absensi_sessions` (
  `id` bigint(20) UNSIGNED NOT NULL,
  `lms_kelas_meeting_id` bigint(20) NOT NULL,
  `start_time` datetime NOT NULL,
  `end_time` datetime NOT NULL,
  `is_active` tinyint(1) DEFAULT 1,
  `created_at` timestamp NULL DEFAULT current_timestamp(),
  `updated_at` timestamp NULL DEFAULT current_timestamp() ON UPDATE current_timestamp()
) ENGINE=InnoDB DEFAULT CHARSET=utf8mb4 COLLATE=utf8mb4_unicode_ci;

--
-- Dumping data for table `lms_absensi_sessions`
--

INSERT INTO `lms_absensi_sessions` (`id`, `lms_kelas_meeting_id`, `start_time`, `end_time`, `is_active`, `created_at`, `updated_at`) VALUES
(6, 18, '2026-01-29 10:08:00', '2026-02-07 15:08:00', 1, '2026-01-29 03:09:03', '2026-02-03 04:31:15'),
(15, 33, '2026-02-03 18:11:00', '2026-02-05 18:11:00', 1, '2026-02-03 11:11:24', '2026-02-03 11:11:24');

-- --------------------------------------------------------

--
-- Table structure for table `lms_acara`
--

CREATE TABLE `lms_acara` (
  `id` bigint(20) UNSIGNED NOT NULL,
  `kampus_id` int(10) UNSIGNED NOT NULL,
  `prodi_id` bigint(20) UNSIGNED NOT NULL,
  `judul` varchar(255) NOT NULL,
  `deskripsi` text NOT NULL,
  `tanggal_mulai` datetime NOT NULL,
  `tanggal_selesai` datetime NOT NULL,
  `lokasi` varchar(255) NOT NULL,
  `penyelenggara` varchar(255) NOT NULL,
  `user_id` bigint(20) UNSIGNED NOT NULL,
  `created_at` timestamp NULL DEFAULT NULL,
  `updated_at` timestamp NULL DEFAULT NULL
) ENGINE=InnoDB DEFAULT CHARSET=utf8mb4 COLLATE=utf8mb4_unicode_ci;

-- --------------------------------------------------------

--
-- Table structure for table `lms_kelas_materi`
--

CREATE TABLE `lms_kelas_materi` (
  `id` bigint(20) UNSIGNED NOT NULL,
  `lms_kelas_meeting_id` bigint(20) NOT NULL,
  `nama_file` varchar(255) NOT NULL,
  `file_path` varchar(255) NOT NULL,
  `tipe_file` varchar(50) DEFAULT NULL,
  `created_at` timestamp NULL DEFAULT current_timestamp(),
  `updated_at` timestamp NULL DEFAULT current_timestamp() ON UPDATE current_timestamp()
) ENGINE=InnoDB DEFAULT CHARSET=utf8mb4 COLLATE=utf8mb4_unicode_ci;

--
-- Dumping data for table `lms_kelas_materi`
--

INSERT INTO `lms_kelas_materi` (`id`, `lms_kelas_meeting_id`, `nama_file`, `file_path`, `tipe_file`, `created_at`, `updated_at`) VALUES
(42, 33, 'Data Area.pdf', 'materi/33/B6f8rZwHK46vcRNG81GqZA80q0oyVJ6q5Blvuaxy.pdf', 'pdf', '2026-02-03 11:10:09', '2026-02-03 11:10:09');

-- --------------------------------------------------------

--
-- Table structure for table `lms_kelas_meetings`
--

CREATE TABLE `lms_kelas_meetings` (
  `id` bigint(20) NOT NULL,
  `siakad_kelas_id` bigint(20) UNSIGNED NOT NULL,
  `meeting_number` int(11) NOT NULL,
  `judul` varchar(255) DEFAULT NULL,
  `tipe` enum('teori','uts','uas','praktikum') DEFAULT 'teori',
  `tanggal` date DEFAULT NULL,
  `created_at` timestamp NULL DEFAULT current_timestamp(),
  `updated_at` timestamp NULL DEFAULT current_timestamp() ON UPDATE current_timestamp()
) ENGINE=InnoDB DEFAULT CHARSET=utf8mb4 COLLATE=utf8mb4_unicode_ci;

--
-- Dumping data for table `lms_kelas_meetings`
--

INSERT INTO `lms_kelas_meetings` (`id`, `siakad_kelas_id`, `meeting_number`, `judul`, `tipe`, `tanggal`, `created_at`, `updated_at`) VALUES
(18, 22, 1, 'Pertemuan Ke-1', 'teori', NULL, '2026-01-29 03:09:02', '2026-01-29 03:09:02'),
(33, 22, 2, 'Pertemuan Ke-2', 'uts', NULL, '2026-02-03 11:10:08', '2026-02-03 11:11:24');

-- --------------------------------------------------------

--
-- Table structure for table `lms_konten`
--

CREATE TABLE `lms_konten` (
  `id` bigint(20) UNSIGNED NOT NULL,
  `kampus_id` int(10) UNSIGNED NOT NULL,
  `prodi_id` bigint(20) UNSIGNED NOT NULL,
  `judul` varchar(255) NOT NULL,
  `deskripsi` text NOT NULL,
  `image` varchar(255) DEFAULT NULL,
  `user_id` bigint(20) UNSIGNED NOT NULL,
  `kategori` enum('berita','informasi') NOT NULL DEFAULT 'informasi',
  `created_at` timestamp NULL DEFAULT NULL,
  `updated_at` timestamp NULL DEFAULT NULL
) ENGINE=InnoDB DEFAULT CHARSET=utf8mb4 COLLATE=utf8mb4_unicode_ci;

--
-- Dumping data for table `lms_konten`
--

INSERT INTO `lms_konten` (`id`, `kampus_id`, `prodi_id`, `judul`, `deskripsi`, `image`, `user_id`, `kategori`, `created_at`, `updated_at`) VALUES
(3, 68, 54, 'test', 'tdtt', 'lms/konten/feOJ4oTbLstFkV8DfhzqJKnaS1A2kaDC11ap60Qf.png', 288, 'berita', '2026-02-12 06:34:53', '2026-02-13 07:42:36');

-- --------------------------------------------------------

--
-- Table structure for table `lms_mahasiswa_kelas`
--

CREATE TABLE `lms_mahasiswa_kelas` (
  `id` bigint(20) UNSIGNED NOT NULL,
  `kelas_id` bigint(20) UNSIGNED NOT NULL,
  `mahasiswa_id` bigint(20) UNSIGNED NOT NULL,
  `final_grade` decimal(5,2) DEFAULT NULL,
  `final_letter` varchar(2) DEFAULT NULL,
  `is_override` tinyint(1) DEFAULT 0,
  `override_reason` text DEFAULT NULL,
  `override_by` bigint(20) UNSIGNED DEFAULT NULL,
  `created_at` timestamp NULL DEFAULT NULL,
  `updated_at` timestamp NULL DEFAULT NULL
) ENGINE=InnoDB DEFAULT CHARSET=utf8mb4 COLLATE=utf8mb4_unicode_ci;

--
-- Dumping data for table `lms_mahasiswa_kelas`
--

INSERT INTO `lms_mahasiswa_kelas` (`id`, `kelas_id`, `mahasiswa_id`, `final_grade`, `final_letter`, `is_override`, `override_reason`, `override_by`, `created_at`, `updated_at`) VALUES
(2, 23, 870019, 80.00, 'A', 0, NULL, NULL, '2026-02-09 20:21:07', '2026-02-09 20:21:07'),
(3, 23, 870023, 78.00, 'B', 0, NULL, NULL, '2026-02-09 20:21:25', '2026-02-09 20:21:25'),
(4, 24, 870046, 77.00, 'B', 1, NULL, 288, '2026-02-09 20:46:07', '2026-02-26 02:47:59'),
(5, 25, 870046, 80.00, 'A', 1, NULL, 288, '2026-02-09 20:46:20', '2026-03-11 09:41:10'),
(6, 26, 870046, 82.00, 'A', 0, NULL, NULL, '2026-02-09 20:53:38', '2026-02-09 20:53:38'),
(7, 27, 870046, 75.00, 'B', 0, NULL, NULL, '2026-02-09 20:53:56', '2026-02-09 20:53:56'),
(261, 53, 870165, 79.00, 'B', 0, NULL, NULL, '2026-03-12 03:40:19', '2026-03-12 04:26:01'),
(262, 53, 870166, 78.00, 'B', 0, NULL, NULL, '2026-03-12 03:40:19', '2026-03-12 04:26:01'),
(263, 53, 870167, NULL, NULL, 0, NULL, NULL, '2026-03-12 03:40:19', '2026-03-12 03:40:19'),
(265, 53, 870169, 79.00, 'B', 0, NULL, NULL, '2026-03-12 03:40:19', '2026-03-12 04:26:01'),
(266, 53, 870170, 78.00, 'B', 0, NULL, NULL, '2026-03-12 03:40:19', '2026-03-12 04:26:01'),
(267, 53, 870171, 78.00, 'B', 0, NULL, NULL, '2026-03-12 03:40:19', '2026-03-12 04:26:01'),
(268, 53, 870172, 80.00, 'A', 0, NULL, NULL, '2026-03-12 03:40:19', '2026-03-12 04:26:01'),
(269, 53, 870173, 80.00, 'A', 0, NULL, NULL, '2026-03-12 03:40:19', '2026-03-12 04:26:01'),
(270, 53, 870174, 78.00, 'B', 0, NULL, NULL, '2026-03-12 03:40:19', '2026-03-12 04:26:01'),
(271, 53, 870175, 82.00, 'A', 0, NULL, NULL, '2026-03-12 03:40:19', '2026-03-12 04:26:01'),
(272, 53, 870176, 76.00, 'B', 0, NULL, NULL, '2026-03-12 03:40:19', '2026-03-12 04:26:01'),
(273, 53, 870177, 81.00, 'A', 0, NULL, NULL, '2026-03-12 03:40:19', '2026-03-12 04:26:01'),
(274, 53, 870178, 80.00, 'A', 0, NULL, NULL, '2026-03-12 03:40:19', '2026-03-12 04:26:01'),
(275, 53, 870179, 82.00, 'A', 0, NULL, NULL, '2026-03-12 03:40:19', '2026-03-12 04:26:01'),
(276, 53, 870180, 82.00, 'A', 0, NULL, NULL, '2026-03-12 03:40:19', '2026-03-12 04:26:01'),
(277, 53, 870181, 82.00, 'A', 0, NULL, NULL, '2026-03-12 03:40:19', '2026-03-12 04:26:01'),
(278, 53, 870182, 81.00, 'A', 0, NULL, NULL, '2026-03-12 03:40:19', '2026-03-12 04:26:01'),
(279, 54, 870165, 89.00, 'A', 0, NULL, NULL, '2026-03-12 03:40:19', '2026-03-12 04:26:01'),
(280, 54, 870166, 87.00, 'A', 0, NULL, NULL, '2026-03-12 03:40:19', '2026-03-12 04:26:01'),
(281, 54, 870167, NULL, NULL, 0, NULL, NULL, '2026-03-12 03:40:19', '2026-03-12 03:40:19'),
(283, 54, 870169, 88.00, 'A', 0, NULL, NULL, '2026-03-12 03:40:19', '2026-03-12 04:26:01'),
(284, 54, 870170, 86.00, 'A', 0, NULL, NULL, '2026-03-12 03:40:19', '2026-03-12 04:26:01'),
(285, 54, 870171, 86.00, 'A', 0, NULL, NULL, '2026-03-12 03:40:19', '2026-03-12 04:26:01'),
(286, 54, 870172, 86.00, 'A', 0, NULL, NULL, '2026-03-12 03:40:19', '2026-03-12 04:26:01'),
(287, 54, 870173, 86.00, 'A', 0, NULL, NULL, '2026-03-12 03:40:19', '2026-03-12 04:26:01'),
(288, 54, 870174, 86.00, 'A', 0, NULL, NULL, '2026-03-12 03:40:19', '2026-03-12 04:26:01'),
(289, 54, 870175, 88.00, 'A', 0, NULL, NULL, '2026-03-12 03:40:19', '2026-03-12 04:26:01'),
(290, 54, 870176, 88.00, 'A', 0, NULL, NULL, '2026-03-12 03:40:19', '2026-03-12 04:26:01'),
(291, 54, 870177, 88.00, 'A', 0, NULL, NULL, '2026-03-12 03:40:19', '2026-03-12 04:26:01'),
(292, 54, 870178, 86.00, 'A', 0, NULL, NULL, '2026-03-12 03:40:19', '2026-03-12 04:26:01'),
(293, 54, 870179, 88.00, 'A', 0, NULL, NULL, '2026-03-12 03:40:19', '2026-03-12 04:26:01'),
(294, 54, 870180, 86.00, 'A', 0, NULL, NULL, '2026-03-12 03:40:19', '2026-03-12 04:26:01'),
(295, 54, 870181, 86.00, 'A', 0, NULL, NULL, '2026-03-12 03:40:19', '2026-03-12 04:26:01'),
(296, 54, 870182, 86.00, 'A', 0, NULL, NULL, '2026-03-12 03:40:19', '2026-03-12 04:26:01'),
(297, 55, 870165, 76.00, 'B', 0, NULL, NULL, '2026-03-12 03:40:19', '2026-03-12 04:26:01'),
(298, 55, 870166, 72.00, 'B', 0, NULL, NULL, '2026-03-12 03:40:19', '2026-03-12 04:26:01'),
(299, 55, 870167, NULL, NULL, 0, NULL, NULL, '2026-03-12 03:40:19', '2026-03-12 03:40:19'),
(301, 55, 870169, 76.00, 'B', 0, NULL, NULL, '2026-03-12 03:40:19', '2026-03-12 04:26:01'),
(302, 55, 870170, 74.00, 'B', 0, NULL, NULL, '2026-03-12 03:40:19', '2026-03-12 04:26:01'),
(303, 55, 870171, 78.00, 'B', 0, NULL, NULL, '2026-03-12 03:40:19', '2026-03-12 04:26:01'),
(304, 55, 870172, 76.00, 'B', 0, NULL, NULL, '2026-03-12 03:40:19', '2026-03-12 04:26:01'),
(305, 55, 870173, 66.00, 'C', 0, NULL, NULL, '2026-03-12 03:40:19', '2026-03-12 04:26:01'),
(306, 55, 870174, 83.00, 'A', 0, NULL, NULL, '2026-03-12 03:40:19', '2026-03-12 04:26:01'),
(307, 55, 870175, 68.00, 'C', 0, NULL, NULL, '2026-03-12 03:40:19', '2026-03-12 04:26:01'),
(308, 55, 870176, 75.00, 'B', 0, NULL, NULL, '2026-03-12 03:40:19', '2026-03-12 04:26:01'),
(309, 55, 870177, 66.00, 'C', 0, NULL, NULL, '2026-03-12 03:40:19', '2026-03-12 04:26:01'),
(310, 55, 870178, 41.00, 'E', 0, NULL, NULL, '2026-03-12 03:40:19', '2026-03-12 04:26:01'),
(311, 55, 870179, 77.00, 'B', 0, NULL, NULL, '2026-03-12 03:40:19', '2026-03-12 04:26:01'),
(312, 55, 870180, 65.00, 'C', 0, NULL, NULL, '2026-03-12 03:40:19', '2026-03-12 04:26:01'),
(313, 55, 870181, 75.00, 'B', 0, NULL, NULL, '2026-03-12 03:40:19', '2026-03-12 04:26:01'),
(314, 55, 870182, 65.00, 'C', 0, NULL, NULL, '2026-03-12 03:40:19', '2026-03-12 04:26:01'),
(315, 56, 870165, 80.00, 'A', 0, NULL, NULL, '2026-03-12 03:40:19', '2026-03-12 04:26:01'),
(316, 56, 870166, 76.00, 'B', 0, NULL, NULL, '2026-03-12 03:40:19', '2026-03-12 04:26:01'),
(317, 56, 870167, NULL, NULL, 0, NULL, NULL, '2026-03-12 03:40:19', '2026-03-12 03:40:19'),
(319, 56, 870169, 82.00, 'A', 0, NULL, NULL, '2026-03-12 03:40:19', '2026-03-12 04:26:01'),
(320, 56, 870170, 82.00, 'A', 0, NULL, NULL, '2026-03-12 03:40:19', '2026-03-12 04:26:01'),
(321, 56, 870171, 78.00, 'B', 0, NULL, NULL, '2026-03-12 03:40:19', '2026-03-12 04:26:01'),
(322, 56, 870172, 77.00, 'B', 0, NULL, NULL, '2026-03-12 03:40:19', '2026-03-12 04:26:01'),
(323, 56, 870173, 67.00, 'C', 0, NULL, NULL, '2026-03-12 03:40:19', '2026-03-12 04:26:01'),
(324, 56, 870174, 84.00, 'A', 0, NULL, NULL, '2026-03-12 03:40:19', '2026-03-12 04:26:01'),
(325, 56, 870175, 70.00, 'B', 0, NULL, NULL, '2026-03-12 03:40:19', '2026-03-12 04:26:01'),
(326, 56, 870176, 78.00, 'B', 0, NULL, NULL, '2026-03-12 03:40:19', '2026-03-12 04:26:01'),
(327, 56, 870177, 74.00, 'B', 0, NULL, NULL, '2026-03-12 03:40:19', '2026-03-12 04:26:01'),
(328, 56, 870178, 65.00, 'C', 0, NULL, NULL, '2026-03-12 03:40:19', '2026-03-12 04:26:01'),
(329, 56, 870179, 79.00, 'B', 0, NULL, NULL, '2026-03-12 03:40:19', '2026-03-12 04:26:01'),
(330, 56, 870180, 60.00, 'C', 0, NULL, NULL, '2026-03-12 03:40:19', '2026-03-12 04:26:01'),
(331, 56, 870181, 79.00, 'B', 0, NULL, NULL, '2026-03-12 03:40:19', '2026-03-12 04:26:01'),
(332, 56, 870182, 64.00, 'C', 0, NULL, NULL, '2026-03-12 03:40:19', '2026-03-12 04:26:01'),
(333, 57, 870165, 76.00, 'B', 0, NULL, NULL, '2026-03-12 03:40:19', '2026-03-12 04:26:01'),
(334, 57, 870166, 80.00, 'A', 0, NULL, NULL, '2026-03-12 03:40:19', '2026-03-12 04:26:01'),
(335, 57, 870167, NULL, NULL, 0, NULL, NULL, '2026-03-12 03:40:19', '2026-03-12 03:40:19'),
(337, 57, 870169, 78.00, 'B', 0, NULL, NULL, '2026-03-12 03:40:19', '2026-03-12 04:26:01'),
(338, 57, 870170, 79.00, 'B', 0, NULL, NULL, '2026-03-12 03:40:19', '2026-03-12 04:26:01'),
(339, 57, 870171, 79.00, 'B', 0, NULL, NULL, '2026-03-12 03:40:19', '2026-03-12 04:26:01'),
(340, 57, 870172, 72.00, 'B', 0, NULL, NULL, '2026-03-12 03:40:19', '2026-03-12 04:26:01'),
(341, 57, 870173, 64.00, 'C', 0, NULL, NULL, '2026-03-12 03:40:19', '2026-03-12 04:26:01'),
(342, 57, 870174, 81.00, 'A', 0, NULL, NULL, '2026-03-12 03:40:19', '2026-03-12 04:26:01'),
(343, 57, 870175, 71.00, 'B', 0, NULL, NULL, '2026-03-12 03:40:19', '2026-03-12 04:26:01'),
(344, 57, 870176, 79.00, 'B', 0, NULL, NULL, '2026-03-12 03:40:19', '2026-03-12 04:26:01'),
(345, 57, 870177, 73.00, 'B', 0, NULL, NULL, '2026-03-12 03:40:19', '2026-03-12 04:26:01'),
(346, 57, 870178, 42.00, 'E', 0, NULL, NULL, '2026-03-12 03:40:19', '2026-03-12 04:26:01'),
(347, 57, 870179, 75.00, 'B', 0, NULL, NULL, '2026-03-12 03:40:19', '2026-03-12 04:26:01'),
(348, 57, 870180, 60.00, 'C', 0, NULL, NULL, '2026-03-12 03:40:19', '2026-03-12 04:26:01'),
(349, 57, 870181, 76.00, 'B', 0, NULL, NULL, '2026-03-12 03:40:19', '2026-03-12 04:26:01'),
(350, 57, 870182, 60.00, 'C', 0, NULL, NULL, '2026-03-12 03:40:19', '2026-03-12 04:26:01'),
(351, 58, 870165, 82.00, 'A', 0, NULL, NULL, '2026-03-12 03:40:19', '2026-03-12 04:26:01'),
(352, 58, 870166, 84.00, 'A', 0, NULL, NULL, '2026-03-12 03:40:19', '2026-03-12 04:26:01'),
(353, 58, 870167, NULL, NULL, 0, NULL, NULL, '2026-03-12 03:40:19', '2026-03-12 03:40:19'),
(355, 58, 870169, 79.00, 'B', 0, NULL, NULL, '2026-03-12 03:40:19', '2026-03-12 04:26:01'),
(356, 58, 870170, 86.00, 'A', 0, NULL, NULL, '2026-03-12 03:40:19', '2026-03-12 04:26:01'),
(357, 58, 870171, 79.00, 'B', 0, NULL, NULL, '2026-03-12 03:40:19', '2026-03-12 04:26:01'),
(358, 58, 870172, 77.00, 'B', 0, NULL, NULL, '2026-03-12 03:40:19', '2026-03-12 04:26:01'),
(359, 58, 870173, 70.00, 'B', 0, NULL, NULL, '2026-03-12 03:40:19', '2026-03-12 04:26:01'),
(360, 58, 870174, 74.00, 'B', 0, NULL, NULL, '2026-03-12 03:40:19', '2026-03-12 04:26:01'),
(361, 58, 870175, 73.00, 'B', 0, NULL, NULL, '2026-03-12 03:40:19', '2026-03-12 04:26:01'),
(362, 58, 870176, 82.00, 'A', 0, NULL, NULL, '2026-03-12 03:40:19', '2026-03-12 04:26:01'),
(363, 58, 870177, 79.00, 'B', 0, NULL, NULL, '2026-03-12 03:40:19', '2026-03-12 04:26:01'),
(364, 58, 870178, 43.00, 'E', 0, NULL, NULL, '2026-03-12 03:40:19', '2026-03-12 04:26:01'),
(365, 58, 870179, 82.00, 'A', 0, NULL, NULL, '2026-03-12 03:40:19', '2026-03-12 04:26:01'),
(366, 58, 870180, 65.00, 'C', 0, NULL, NULL, '2026-03-12 03:40:19', '2026-03-12 04:26:01'),
(367, 58, 870181, 75.00, 'B', 0, NULL, NULL, '2026-03-12 03:40:19', '2026-03-12 04:26:01'),
(368, 58, 870182, 64.00, 'C', 0, NULL, NULL, '2026-03-12 03:40:19', '2026-03-12 04:26:01'),
(369, 59, 870165, 86.60, 'A', 0, NULL, NULL, '2026-03-12 03:40:19', '2026-03-12 04:26:01'),
(370, 59, 870166, 74.20, 'B', 0, NULL, NULL, '2026-03-12 03:40:19', '2026-03-12 04:26:01'),
(371, 59, 870167, NULL, NULL, 0, NULL, NULL, '2026-03-12 03:40:19', '2026-03-12 03:40:19'),
(373, 59, 870169, NULL, NULL, 0, NULL, NULL, '2026-03-12 03:40:19', '2026-03-12 03:40:19'),
(374, 59, 870170, 90.00, 'A', 0, NULL, NULL, '2026-03-12 03:40:19', '2026-03-12 04:26:01'),
(375, 59, 870171, NULL, NULL, 0, NULL, NULL, '2026-03-12 03:40:19', '2026-03-12 03:40:19'),
(376, 59, 870172, NULL, NULL, 0, NULL, NULL, '2026-03-12 03:40:19', '2026-03-12 03:40:19'),
(377, 59, 870173, NULL, NULL, 0, NULL, NULL, '2026-03-12 03:40:19', '2026-03-12 03:40:19'),
(378, 59, 870174, 72.40, 'B', 0, NULL, NULL, '2026-03-12 03:40:19', '2026-03-12 04:26:01'),
(379, 59, 870175, NULL, NULL, 0, NULL, NULL, '2026-03-12 03:40:19', '2026-03-12 03:40:19'),
(380, 59, 870176, NULL, NULL, 0, NULL, NULL, '2026-03-12 03:40:19', '2026-03-12 03:40:19'),
(381, 59, 870177, NULL, NULL, 0, NULL, NULL, '2026-03-12 03:40:19', '2026-03-12 03:40:19'),
(382, 59, 870178, NULL, NULL, 0, NULL, NULL, '2026-03-12 03:40:19', '2026-03-12 03:40:19'),
(383, 59, 870179, 86.80, 'A', 0, NULL, NULL, '2026-03-12 03:40:19', '2026-03-12 04:26:01'),
(384, 59, 870180, NULL, NULL, 0, NULL, NULL, '2026-03-12 03:40:19', '2026-03-12 03:40:19'),
(385, 59, 870181, NULL, NULL, 0, NULL, NULL, '2026-03-12 03:40:19', '2026-03-12 03:40:19'),
(386, 59, 870182, NULL, NULL, 0, NULL, NULL, '2026-03-12 03:40:19', '2026-03-12 03:40:19'),
(387, 60, 870165, 74.80, 'B', 0, NULL, NULL, '2026-03-12 03:40:19', '2026-03-12 04:26:01'),
(388, 60, 870166, 75.10, 'B', 0, NULL, NULL, '2026-03-12 03:40:19', '2026-03-12 04:26:01'),
(389, 60, 870167, NULL, NULL, 0, NULL, NULL, '2026-03-12 03:40:19', '2026-03-12 03:40:19'),
(391, 60, 870169, 60.00, 'C', 0, NULL, NULL, '2026-03-12 03:40:19', '2026-03-12 04:26:01'),
(392, 60, 870170, 81.50, 'A', 0, NULL, NULL, '2026-03-12 03:40:19', '2026-03-12 04:26:01'),
(393, 60, 870171, 62.00, 'C', 0, NULL, NULL, '2026-03-12 03:40:19', '2026-03-12 04:26:01'),
(394, 60, 870172, 69.80, 'B', 0, NULL, NULL, '2026-03-12 03:40:19', '2026-03-12 04:26:01'),
(395, 60, 870173, 60.00, 'C', 0, NULL, NULL, '2026-03-12 03:40:19', '2026-03-12 04:26:01'),
(396, 60, 870174, 65.00, 'C', 0, NULL, NULL, '2026-03-12 03:40:19', '2026-03-12 04:26:01'),
(397, 60, 870175, 66.60, 'C', 0, NULL, NULL, '2026-03-12 03:40:19', '2026-03-12 04:26:01'),
(398, 60, 870176, 60.00, 'C', 0, NULL, NULL, '2026-03-12 03:40:19', '2026-03-12 04:26:01'),
(399, 60, 870177, 74.90, 'B', 0, NULL, NULL, '2026-03-12 03:40:19', '2026-03-12 04:26:01'),
(400, 60, 870178, 61.00, 'C', 0, NULL, NULL, '2026-03-12 03:40:19', '2026-03-12 04:26:01'),
(401, 60, 870179, 81.10, 'A', 0, NULL, NULL, '2026-03-12 03:40:19', '2026-03-12 04:26:01'),
(402, 60, 870180, 60.00, 'C', 0, NULL, NULL, '2026-03-12 03:40:19', '2026-03-12 04:26:01'),
(403, 60, 870181, 62.00, 'C', 0, NULL, NULL, '2026-03-12 03:40:19', '2026-03-12 04:26:01'),
(404, 60, 870182, 60.00, 'C', 0, NULL, NULL, '2026-03-12 03:40:19', '2026-03-12 04:26:01'),
(405, 61, 870165, 82.90, 'A', 0, NULL, NULL, '2026-03-12 03:40:19', '2026-03-12 04:26:01'),
(406, 61, 870166, 80.10, 'A', 0, NULL, NULL, '2026-03-12 03:40:19', '2026-03-12 04:26:01'),
(407, 61, 870167, NULL, NULL, 0, NULL, NULL, '2026-03-12 03:40:19', '2026-03-12 03:40:19'),
(409, 61, 870169, 65.00, 'C', 0, NULL, NULL, '2026-03-12 03:40:19', '2026-03-12 04:26:01'),
(410, 61, 870170, 88.50, 'A', 0, NULL, NULL, '2026-03-12 03:40:19', '2026-03-12 04:26:01'),
(411, 61, 870171, 69.00, 'C', 0, NULL, NULL, '2026-03-12 03:40:19', '2026-03-12 04:26:01'),
(412, 61, 870172, 79.70, 'A', 0, NULL, NULL, '2026-03-12 03:40:19', '2026-03-12 04:26:01'),
(413, 61, 870173, 64.00, 'C', 0, NULL, NULL, '2026-03-12 03:40:19', '2026-03-12 04:26:01'),
(414, 61, 870174, 78.30, 'B', 0, NULL, NULL, '2026-03-12 03:40:19', '2026-03-12 04:26:01'),
(415, 61, 870175, 82.40, 'B', 0, NULL, NULL, '2026-03-12 03:40:19', '2026-03-12 04:26:01'),
(416, 61, 870176, 78.70, 'B', 0, NULL, NULL, '2026-03-12 03:40:19', '2026-03-12 04:26:01'),
(417, 61, 870177, 85.40, 'A', 0, NULL, NULL, '2026-03-12 03:40:19', '2026-03-12 04:26:01'),
(418, 61, 870178, 66.00, 'C', 0, NULL, NULL, '2026-03-12 03:40:19', '2026-03-12 04:26:01'),
(419, 61, 870179, 87.70, 'A', 0, NULL, NULL, '2026-03-12 03:40:19', '2026-03-12 04:26:01'),
(420, 61, 870180, 68.00, 'C', 0, NULL, NULL, '2026-03-12 03:40:19', '2026-03-12 04:26:01'),
(421, 61, 870181, 65.00, 'C', 0, NULL, NULL, '2026-03-12 03:40:19', '2026-03-12 04:26:01'),
(422, 61, 870182, 65.50, 'C', 0, NULL, NULL, '2026-03-12 03:40:19', '2026-03-12 04:26:01'),
(423, 62, 870165, 79.40, 'A', 0, NULL, NULL, '2026-03-12 03:40:19', '2026-03-12 04:26:01'),
(424, 62, 870166, 75.40, 'B', 0, NULL, NULL, '2026-03-12 03:40:19', '2026-03-12 04:26:01'),
(425, 62, 870167, NULL, NULL, 0, NULL, NULL, '2026-03-12 03:40:19', '2026-03-12 03:40:19'),
(427, 62, 870169, 60.00, 'C', 0, NULL, NULL, '2026-03-12 03:40:19', '2026-03-12 04:26:01'),
(428, 62, 870170, 86.60, 'A', 0, NULL, NULL, '2026-03-12 03:40:19', '2026-03-12 04:26:01'),
(429, 62, 870171, 60.00, 'C', 0, NULL, NULL, '2026-03-12 03:40:19', '2026-03-12 04:26:01'),
(430, 62, 870172, 65.00, 'C', 0, NULL, NULL, '2026-03-12 03:40:19', '2026-03-12 04:26:01'),
(431, 62, 870173, 65.00, 'C', 0, NULL, NULL, '2026-03-12 03:40:19', '2026-03-12 04:26:01'),
(432, 62, 870174, 69.00, 'C', 0, NULL, NULL, '2026-03-12 03:40:19', '2026-03-12 04:26:01'),
(433, 62, 870175, 69.00, 'C', 0, NULL, NULL, '2026-03-12 03:40:19', '2026-03-12 04:26:01'),
(434, 62, 870176, 69.00, 'C', 0, NULL, NULL, '2026-03-12 03:40:19', '2026-03-12 04:26:01'),
(435, 62, 870177, 79.00, 'B', 0, NULL, NULL, '2026-03-12 03:40:19', '2026-03-12 04:26:01'),
(436, 62, 870178, 60.00, 'C', 0, NULL, NULL, '2026-03-12 03:40:19', '2026-03-12 04:26:01'),
(437, 62, 870179, 82.90, 'A', 0, NULL, NULL, '2026-03-12 03:40:19', '2026-03-12 04:26:01'),
(438, 62, 870180, 60.00, 'C', 0, NULL, NULL, '2026-03-12 03:40:19', '2026-03-12 04:26:01'),
(439, 62, 870181, 60.00, 'C', 0, NULL, NULL, '2026-03-12 03:40:19', '2026-03-12 04:26:01'),
(440, 62, 870182, 60.00, 'C', 0, NULL, NULL, '2026-03-12 03:40:19', '2026-03-12 04:26:01'),
(441, 63, 870165, 82.90, 'A', 0, NULL, NULL, '2026-03-12 03:40:19', '2026-03-12 04:26:01'),
(442, 63, 870166, 80.00, 'A', 0, NULL, NULL, '2026-03-12 03:40:19', '2026-03-12 04:26:01'),
(443, 63, 870167, NULL, NULL, 0, NULL, NULL, '2026-03-12 03:40:19', '2026-03-12 03:40:19'),
(445, 63, 870169, 60.50, 'C', 0, NULL, NULL, '2026-03-12 03:40:19', '2026-03-12 04:26:01'),
(446, 63, 870170, 88.50, 'A', 0, NULL, NULL, '2026-03-12 03:40:19', '2026-03-12 04:26:01'),
(447, 63, 870171, 60.00, 'C', 0, NULL, NULL, '2026-03-12 03:40:19', '2026-03-12 04:26:01'),
(448, 63, 870172, 79.70, 'A', 0, NULL, NULL, '2026-03-12 03:40:19', '2026-03-12 04:26:01'),
(449, 63, 870173, 60.00, 'C', 0, NULL, NULL, '2026-03-12 03:40:19', '2026-03-12 04:26:01'),
(450, 63, 870174, 78.30, 'B', 0, NULL, NULL, '2026-03-12 03:40:19', '2026-03-12 04:26:01'),
(451, 63, 870175, 82.40, 'A', 0, NULL, NULL, '2026-03-12 03:40:19', '2026-03-12 04:26:01'),
(452, 63, 870176, 78.70, 'B', 0, NULL, NULL, '2026-03-12 03:40:19', '2026-03-12 04:26:01'),
(453, 63, 870177, 85.40, 'A', 0, NULL, NULL, '2026-03-12 03:40:19', '2026-03-12 04:26:01'),
(454, 63, 870178, 60.00, 'C', 0, NULL, NULL, '2026-03-12 03:40:19', '2026-03-12 04:26:01'),
(455, 63, 870179, 87.70, 'A', 0, NULL, NULL, '2026-03-12 03:40:19', '2026-03-12 04:26:01'),
(456, 63, 870180, 60.00, 'C', 0, NULL, NULL, '2026-03-12 03:40:19', '2026-03-12 04:26:01'),
(457, 63, 870181, 69.00, 'C', 0, NULL, NULL, '2026-03-12 03:40:19', '2026-03-12 04:26:01'),
(458, 63, 870182, 60.00, 'C', 0, NULL, NULL, '2026-03-12 03:40:19', '2026-03-12 04:26:01'),
(459, 64, 870165, 69.60, 'B', 0, NULL, NULL, '2026-03-12 03:40:19', '2026-03-12 04:26:01'),
(460, 64, 870166, 76.70, 'B', 0, NULL, NULL, '2026-03-12 03:40:19', '2026-03-12 04:26:01'),
(461, 64, 870167, NULL, NULL, 0, NULL, NULL, '2026-03-12 03:40:19', '2026-03-12 03:40:19'),
(463, 64, 870169, 64.50, 'C', 0, NULL, NULL, '2026-03-12 03:40:19', '2026-03-12 04:26:01'),
(464, 64, 870170, 90.80, 'A', 0, NULL, NULL, '2026-03-12 03:40:19', '2026-03-12 04:26:01'),
(465, 64, 870171, 60.00, 'C', 0, NULL, NULL, '2026-03-12 03:40:19', '2026-03-12 04:26:01'),
(466, 64, 870172, 78.50, 'B', 0, NULL, NULL, '2026-03-12 03:40:19', '2026-03-12 04:26:01'),
(467, 64, 870173, 60.00, 'C', 0, NULL, NULL, '2026-03-12 03:40:19', '2026-03-12 04:26:01'),
(468, 64, 870174, 78.80, 'B', 0, NULL, NULL, '2026-03-12 03:40:19', '2026-03-12 04:26:01'),
(469, 64, 870175, 64.50, 'C', 0, NULL, NULL, '2026-03-12 03:40:19', '2026-03-12 04:26:01'),
(470, 64, 870176, 73.00, 'B', 0, NULL, NULL, '2026-03-12 03:40:19', '2026-03-12 04:26:01'),
(471, 64, 870177, 72.40, 'B', 0, NULL, NULL, '2026-03-12 03:40:19', '2026-03-12 04:26:01'),
(472, 64, 870178, 60.00, 'C', 0, NULL, NULL, '2026-03-12 03:40:19', '2026-03-12 04:26:01'),
(473, 64, 870179, 77.20, 'B', 0, NULL, NULL, '2026-03-12 03:40:19', '2026-03-12 04:26:01'),
(474, 64, 870180, 60.00, 'C', 0, NULL, NULL, '2026-03-12 03:40:19', '2026-03-12 04:26:01'),
(475, 64, 870181, 60.50, 'C', 0, NULL, NULL, '2026-03-12 03:40:19', '2026-03-12 04:26:01'),
(476, 64, 870182, 60.00, 'C', 0, NULL, NULL, '2026-03-12 03:40:19', '2026-03-12 04:26:01'),
(477, 65, 870165, 88.50, 'A', 0, NULL, NULL, '2026-03-12 03:40:19', '2026-03-12 04:26:01'),
(478, 65, 870166, 77.50, 'B', 0, NULL, NULL, '2026-03-12 03:40:19', '2026-03-12 04:26:01'),
(479, 65, 870167, NULL, NULL, 0, NULL, NULL, '2026-03-12 03:40:19', '2026-03-12 03:40:19'),
(481, 65, 870169, 65.00, 'C', 0, NULL, NULL, '2026-03-12 03:40:19', '2026-03-12 04:26:01'),
(482, 65, 870170, 91.50, 'A', 0, NULL, NULL, '2026-03-12 03:40:19', '2026-03-12 04:26:01'),
(483, 65, 870171, 65.00, 'C', 0, NULL, NULL, '2026-03-12 03:40:19', '2026-03-12 04:26:01'),
(484, 65, 870172, 77.50, 'B', 0, NULL, NULL, '2026-03-12 03:40:19', '2026-03-12 04:26:01'),
(485, 65, 870173, 65.00, 'C', 0, NULL, NULL, '2026-03-12 03:40:19', '2026-03-12 04:26:01'),
(486, 65, 870174, 78.50, 'B', 0, NULL, NULL, '2026-03-12 03:40:19', '2026-03-12 04:26:01'),
(487, 65, 870175, 78.50, 'B', 0, NULL, NULL, '2026-03-12 03:40:19', '2026-03-12 04:26:01'),
(488, 65, 870176, 75.00, 'B', 0, NULL, NULL, '2026-03-12 03:40:19', '2026-03-12 04:26:01'),
(489, 65, 870177, 85.00, 'A', 0, NULL, NULL, '2026-03-12 03:40:19', '2026-03-12 04:26:01'),
(490, 65, 870178, 64.00, 'C', 0, NULL, NULL, '2026-03-12 03:40:19', '2026-03-12 04:26:01'),
(491, 65, 870179, 88.50, 'A', 0, NULL, NULL, '2026-03-12 03:40:19', '2026-03-12 04:26:01'),
(492, 65, 870180, 65.00, 'C', 0, NULL, NULL, '2026-03-12 03:40:19', '2026-03-12 04:26:01'),
(493, 65, 870181, 63.00, 'C', 0, NULL, NULL, '2026-03-12 03:40:19', '2026-03-12 04:26:01'),
(494, 65, 870182, 64.00, 'C', 0, NULL, NULL, '2026-03-12 03:40:19', '2026-03-12 04:26:01'),
(495, 66, 870165, 89.00, 'A', 0, NULL, NULL, '2026-03-12 03:40:19', '2026-03-12 04:26:01'),
(496, 66, 870166, 82.00, 'A', 0, NULL, NULL, '2026-03-12 03:40:19', '2026-03-12 04:26:01'),
(497, 66, 870167, NULL, NULL, 0, NULL, NULL, '2026-03-12 03:40:19', '2026-03-12 03:40:19'),
(499, 66, 870169, 60.00, 'C', 0, NULL, NULL, '2026-03-12 03:40:19', '2026-03-12 04:26:01'),
(500, 66, 870170, 89.00, 'A', 0, NULL, NULL, '2026-03-12 03:40:19', '2026-03-12 04:26:01'),
(501, 66, 870171, 64.00, 'C', 0, NULL, NULL, '2026-03-12 03:40:19', '2026-03-12 04:26:01'),
(502, 66, 870172, 75.00, 'B', 0, NULL, NULL, '2026-03-12 03:40:19', '2026-03-12 04:26:01'),
(503, 66, 870173, 60.00, 'C', 0, NULL, NULL, '2026-03-12 03:40:19', '2026-03-12 04:26:01'),
(504, 66, 870174, 77.20, 'B', 0, NULL, NULL, '2026-03-12 03:40:19', '2026-03-12 04:26:01'),
(505, 66, 870175, 76.50, 'B', 0, NULL, NULL, '2026-03-12 03:40:19', '2026-03-12 04:26:01'),
(506, 66, 870176, 82.50, 'A', 0, NULL, NULL, '2026-03-12 03:40:19', '2026-03-12 04:26:01'),
(507, 66, 870177, 85.00, 'A', 0, NULL, NULL, '2026-03-12 03:40:19', '2026-03-12 04:26:01'),
(508, 66, 870178, 60.00, 'C', 0, NULL, NULL, '2026-03-12 03:40:19', '2026-03-12 04:26:01'),
(509, 66, 870179, 90.50, 'A', 0, NULL, NULL, '2026-03-12 03:40:19', '2026-03-12 04:26:01'),
(510, 66, 870180, 60.00, 'C', 0, NULL, NULL, '2026-03-12 03:40:19', '2026-03-12 04:26:01'),
(511, 66, 870181, 65.00, 'C', 0, NULL, NULL, '2026-03-12 03:40:19', '2026-03-12 04:26:01'),
(512, 66, 870182, 60.00, 'C', 0, NULL, NULL, '2026-03-12 03:40:19', '2026-03-12 04:26:01'),
(513, 67, 870165, 85.30, 'A', 0, NULL, NULL, '2026-03-12 03:40:19', '2026-03-12 04:26:01'),
(514, 67, 870166, 79.00, 'B', 0, NULL, NULL, '2026-03-12 03:40:19', '2026-03-12 04:26:01'),
(515, 67, 870167, NULL, NULL, 0, NULL, NULL, '2026-03-12 03:40:19', '2026-03-12 03:40:19'),
(517, 67, 870169, 68.00, 'C', 0, NULL, NULL, '2026-03-12 03:40:19', '2026-03-12 04:26:01'),
(518, 67, 870170, 90.50, 'A', 0, NULL, NULL, '2026-03-12 03:40:19', '2026-03-12 04:26:01'),
(519, 67, 870171, 60.00, 'C', 0, NULL, NULL, '2026-03-12 03:40:19', '2026-03-12 04:26:01'),
(520, 67, 870172, 66.50, 'C', 0, NULL, NULL, '2026-03-12 03:40:19', '2026-03-12 04:26:01'),
(521, 67, 870173, 60.50, 'C', 0, NULL, NULL, '2026-03-12 03:40:19', '2026-03-12 04:26:01'),
(522, 67, 870174, 79.00, 'B', 0, NULL, NULL, '2026-03-12 03:40:19', '2026-03-12 04:26:01'),
(523, 67, 870175, 69.00, 'C', 0, NULL, NULL, '2026-03-12 03:40:19', '2026-03-12 04:26:01'),
(524, 67, 870176, 67.00, 'C', 0, NULL, NULL, '2026-03-12 03:40:19', '2026-03-12 04:26:01'),
(525, 67, 870177, 60.00, 'C', 0, NULL, NULL, '2026-03-12 03:40:19', '2026-03-12 04:26:01'),
(526, 67, 870178, 65.00, 'C', 0, NULL, NULL, '2026-03-12 03:40:19', '2026-03-12 04:26:01'),
(527, 67, 870179, 90.50, 'A', 0, NULL, NULL, '2026-03-12 03:40:19', '2026-03-12 04:26:01'),
(528, 67, 870180, 66.00, 'C', 0, NULL, NULL, '2026-03-12 03:40:19', '2026-03-12 04:26:01'),
(529, 67, 870181, 68.00, 'C', 0, NULL, NULL, '2026-03-12 03:40:19', '2026-03-12 04:26:01'),
(530, 67, 870182, 60.00, 'C', 0, NULL, NULL, '2026-03-12 03:40:19', '2026-03-12 04:26:01'),
(531, 68, 870165, 85.50, 'A', 0, NULL, NULL, '2026-03-12 03:40:19', '2026-03-12 04:26:01'),
(532, 68, 870166, 80.50, 'A', 0, NULL, NULL, '2026-03-12 03:40:19', '2026-03-12 04:26:01'),
(533, 68, 870167, NULL, NULL, 0, NULL, NULL, '2026-03-12 03:40:19', '2026-03-12 03:40:19'),
(535, 68, 870169, 67.00, 'C', 0, NULL, NULL, '2026-03-12 03:40:19', '2026-03-12 04:26:01'),
(536, 68, 870170, 88.00, 'A', 0, NULL, NULL, '2026-03-12 03:40:19', '2026-03-12 04:26:01'),
(537, 68, 870171, 64.00, 'C', 0, NULL, NULL, '2026-03-12 03:40:19', '2026-03-12 04:26:01'),
(538, 68, 870172, 65.00, 'C', 0, NULL, NULL, '2026-03-12 03:40:19', '2026-03-12 04:26:01'),
(539, 68, 870173, 66.00, 'C', 0, NULL, NULL, '2026-03-12 03:40:19', '2026-03-12 04:26:01'),
(540, 68, 870174, 80.00, 'A', 0, NULL, NULL, '2026-03-12 03:40:19', '2026-03-12 04:26:01'),
(541, 68, 870175, 67.00, 'C', 0, NULL, NULL, '2026-03-12 03:40:19', '2026-03-12 04:26:01'),
(542, 68, 870176, 68.50, 'C', 0, NULL, NULL, '2026-03-12 03:40:19', '2026-03-12 04:26:01'),
(543, 68, 870177, 66.00, 'C', 0, NULL, NULL, '2026-03-12 03:40:19', '2026-03-12 04:26:01'),
(544, 68, 870178, 65.00, 'C', 0, NULL, NULL, '2026-03-12 03:40:19', '2026-03-12 04:26:01'),
(545, 68, 870179, 87.30, 'A', 0, NULL, NULL, '2026-03-12 03:40:19', '2026-03-12 04:26:01'),
(546, 68, 870180, 67.00, 'C', 0, NULL, NULL, '2026-03-12 03:40:19', '2026-03-12 04:26:01'),
(547, 68, 870181, 64.00, 'C', 0, NULL, NULL, '2026-03-12 03:40:19', '2026-03-12 04:26:01'),
(548, 68, 870182, 60.00, 'C', 0, NULL, NULL, '2026-03-12 03:40:19', '2026-03-12 04:26:01'),
(549, 69, 870165, NULL, NULL, 0, NULL, NULL, '2026-03-12 03:40:19', '2026-03-12 03:40:19'),
(550, 69, 870166, NULL, NULL, 0, NULL, NULL, '2026-03-12 03:40:19', '2026-03-12 03:40:19'),
(551, 69, 870167, NULL, NULL, 0, NULL, NULL, '2026-03-12 03:40:19', '2026-03-12 03:40:19'),
(553, 69, 870169, NULL, NULL, 0, NULL, NULL, '2026-03-12 03:40:19', '2026-03-12 03:40:19'),
(554, 69, 870170, NULL, NULL, 0, NULL, NULL, '2026-03-12 03:40:19', '2026-03-12 03:40:19'),
(555, 69, 870171, NULL, NULL, 0, NULL, NULL, '2026-03-12 03:40:19', '2026-03-12 03:40:19'),
(556, 69, 870172, NULL, NULL, 0, NULL, NULL, '2026-03-12 03:40:19', '2026-03-12 03:40:19'),
(557, 69, 870173, NULL, NULL, 0, NULL, NULL, '2026-03-12 03:40:19', '2026-03-12 03:40:19'),
(558, 69, 870174, NULL, NULL, 0, NULL, NULL, '2026-03-12 03:40:19', '2026-03-12 03:40:19'),
(559, 69, 870175, NULL, NULL, 0, NULL, NULL, '2026-03-12 03:40:19', '2026-03-12 03:40:19'),
(560, 69, 870176, NULL, NULL, 0, NULL, NULL, '2026-03-12 03:40:19', '2026-03-12 03:40:19'),
(561, 69, 870177, NULL, NULL, 0, NULL, NULL, '2026-03-12 03:40:19', '2026-03-12 03:40:19'),
(562, 69, 870178, NULL, NULL, 0, NULL, NULL, '2026-03-12 03:40:19', '2026-03-12 03:40:19'),
(563, 69, 870179, NULL, NULL, 0, NULL, NULL, '2026-03-12 03:40:19', '2026-03-12 03:40:19'),
(564, 69, 870180, NULL, NULL, 0, NULL, NULL, '2026-03-12 03:40:19', '2026-03-12 03:40:19'),
(565, 69, 870181, NULL, NULL, 0, NULL, NULL, '2026-03-12 03:40:19', '2026-03-12 03:40:19'),
(566, 69, 870182, NULL, NULL, 0, NULL, NULL, '2026-03-12 03:40:19', '2026-03-12 03:40:19'),
(567, 70, 870165, NULL, NULL, 0, NULL, NULL, '2026-03-12 03:40:19', '2026-03-12 03:40:19'),
(568, 70, 870166, NULL, NULL, 0, NULL, NULL, '2026-03-12 03:40:19', '2026-03-12 03:40:19'),
(569, 70, 870167, NULL, NULL, 0, NULL, NULL, '2026-03-12 03:40:19', '2026-03-12 03:40:19'),
(571, 70, 870169, NULL, NULL, 0, NULL, NULL, '2026-03-12 03:40:19', '2026-03-12 03:40:19'),
(572, 70, 870170, NULL, NULL, 0, NULL, NULL, '2026-03-12 03:40:19', '2026-03-12 03:40:19'),
(573, 70, 870171, NULL, NULL, 0, NULL, NULL, '2026-03-12 03:40:19', '2026-03-12 03:40:19'),
(574, 70, 870172, NULL, NULL, 0, NULL, NULL, '2026-03-12 03:40:19', '2026-03-12 03:40:19'),
(575, 70, 870173, NULL, NULL, 0, NULL, NULL, '2026-03-12 03:40:19', '2026-03-12 03:40:19'),
(576, 70, 870174, NULL, NULL, 0, NULL, NULL, '2026-03-12 03:40:19', '2026-03-12 03:40:19'),
(577, 70, 870175, NULL, NULL, 0, NULL, NULL, '2026-03-12 03:40:19', '2026-03-12 03:40:19'),
(578, 70, 870176, NULL, NULL, 0, NULL, NULL, '2026-03-12 03:40:19', '2026-03-12 03:40:19'),
(579, 70, 870177, NULL, NULL, 0, NULL, NULL, '2026-03-12 03:40:19', '2026-03-12 03:40:19'),
(580, 70, 870178, NULL, NULL, 0, NULL, NULL, '2026-03-12 03:40:19', '2026-03-12 03:40:19'),
(581, 70, 870179, NULL, NULL, 0, NULL, NULL, '2026-03-12 03:40:19', '2026-03-12 03:40:19'),
(582, 70, 870180, NULL, NULL, 0, NULL, NULL, '2026-03-12 03:40:19', '2026-03-12 03:40:19'),
(583, 70, 870181, NULL, NULL, 0, NULL, NULL, '2026-03-12 03:40:19', '2026-03-12 03:40:19'),
(584, 70, 870182, NULL, NULL, 0, NULL, NULL, '2026-03-12 03:40:19', '2026-03-12 03:40:19'),
(585, 71, 870165, 88.60, 'A', 0, NULL, NULL, '2026-03-12 03:40:19', '2026-03-12 04:26:01'),
(586, 71, 870166, 84.00, 'A', 0, NULL, NULL, '2026-03-12 03:40:19', '2026-03-12 04:26:01'),
(587, 71, 870167, NULL, NULL, 0, NULL, NULL, '2026-03-12 03:40:19', '2026-03-12 03:40:19'),
(589, 71, 870169, 67.00, 'C', 0, NULL, NULL, '2026-03-12 03:40:19', '2026-03-12 04:26:01'),
(590, 71, 870170, 89.60, 'A', 0, NULL, NULL, '2026-03-12 03:40:19', '2026-03-12 04:26:01'),
(591, 71, 870171, 68.00, 'C', 0, NULL, NULL, '2026-03-12 03:40:19', '2026-03-12 04:26:01'),
(592, 71, 870172, 66.00, 'C', 0, NULL, NULL, '2026-03-12 03:40:19', '2026-03-12 04:26:01'),
(593, 71, 870173, 67.00, 'C', 0, NULL, NULL, '2026-03-12 03:40:19', '2026-03-12 04:26:01'),
(594, 71, 870174, 79.00, 'B', 0, NULL, NULL, '2026-03-12 03:40:19', '2026-03-12 04:26:01'),
(595, 71, 870175, 60.00, 'C', 0, NULL, NULL, '2026-03-12 03:40:19', '2026-03-12 04:26:01'),
(596, 71, 870176, 68.60, 'C', 0, NULL, NULL, '2026-03-12 03:40:19', '2026-03-12 04:26:01'),
(597, 71, 870177, 67.00, 'C', 0, NULL, NULL, '2026-03-12 03:40:19', '2026-03-12 04:26:01'),
(598, 71, 870178, 65.00, 'C', 0, NULL, NULL, '2026-03-12 03:40:19', '2026-03-12 04:26:01'),
(599, 71, 870179, 79.00, 'B', 0, NULL, NULL, '2026-03-12 03:40:19', '2026-03-12 04:26:01'),
(600, 71, 870180, 69.00, 'C', 0, NULL, NULL, '2026-03-12 03:40:19', '2026-03-12 04:26:01'),
(601, 71, 870181, 60.00, 'C', 0, NULL, NULL, '2026-03-12 03:40:19', '2026-03-12 04:26:01'),
(602, 71, 870182, 66.60, 'C', 0, NULL, NULL, '2026-03-12 03:40:19', '2026-03-12 04:26:01'),
(603, 72, 870165, 82.90, 'A', 0, NULL, NULL, '2026-03-12 03:40:19', '2026-03-12 04:26:01'),
(604, 72, 870166, 79.00, 'B', 0, NULL, NULL, '2026-03-12 03:40:19', '2026-03-12 04:26:01'),
(605, 72, 870167, NULL, NULL, 0, NULL, NULL, '2026-03-12 03:40:19', '2026-03-12 03:40:19'),
(607, 72, 870169, 69.00, 'C', 0, NULL, NULL, '2026-03-12 03:40:19', '2026-03-12 04:26:01'),
(608, 72, 870170, 85.10, 'A', 0, NULL, NULL, '2026-03-12 03:40:19', '2026-03-12 04:26:01'),
(609, 72, 870171, 70.00, 'B', 0, NULL, NULL, '2026-03-12 03:40:19', '2026-03-12 04:26:01'),
(610, 72, 870172, 68.00, 'C', 0, NULL, NULL, '2026-03-12 03:40:19', '2026-03-12 04:26:01'),
(611, 72, 870173, 65.00, 'C', 0, NULL, NULL, '2026-03-12 03:40:19', '2026-03-12 04:26:01'),
(612, 72, 870174, 79.00, 'B', 0, NULL, NULL, '2026-03-12 03:40:19', '2026-03-12 04:26:01'),
(613, 72, 870175, 72.00, 'B', 0, NULL, NULL, '2026-03-12 03:40:19', '2026-03-12 04:26:01'),
(614, 72, 870176, 68.00, 'C', 0, NULL, NULL, '2026-03-12 03:40:19', '2026-03-12 04:26:01'),
(615, 72, 870177, 69.00, 'C', 0, NULL, NULL, '2026-03-12 03:40:19', '2026-03-12 04:26:01'),
(616, 72, 870178, 70.00, 'B', 0, NULL, NULL, '2026-03-12 03:40:19', '2026-03-12 04:26:01'),
(617, 72, 870179, 84.00, 'A', 0, NULL, NULL, '2026-03-12 03:40:19', '2026-03-12 04:26:01'),
(618, 72, 870180, 65.00, 'C', 0, NULL, NULL, '2026-03-12 03:40:19', '2026-03-12 04:26:01'),
(619, 72, 870181, 68.00, 'C', 0, NULL, NULL, '2026-03-12 03:40:19', '2026-03-12 04:26:01'),
(620, 72, 870182, 67.00, 'C', 0, NULL, NULL, '2026-03-12 03:40:19', '2026-03-12 04:26:01'),
(621, 73, 870165, 82.90, 'A', 0, NULL, NULL, '2026-03-12 03:40:19', '2026-03-12 04:26:01'),
(622, 73, 870166, 79.00, 'B', 0, NULL, NULL, '2026-03-12 03:40:19', '2026-03-12 04:26:01'),
(623, 73, 870167, NULL, NULL, 0, NULL, NULL, '2026-03-12 03:40:19', '2026-03-12 03:40:19'),
(625, 73, 870169, 72.00, 'B', 0, NULL, NULL, '2026-03-12 03:40:19', '2026-03-12 04:26:01'),
(626, 73, 870170, 85.10, 'A', 0, NULL, NULL, '2026-03-12 03:40:19', '2026-03-12 04:26:01'),
(627, 73, 870171, 68.00, 'C', 0, NULL, NULL, '2026-03-12 03:40:19', '2026-03-12 04:26:01'),
(628, 73, 870172, 67.00, 'C', 0, NULL, NULL, '2026-03-12 03:40:19', '2026-03-12 04:26:01'),
(629, 73, 870173, 72.00, 'B', 0, NULL, NULL, '2026-03-12 03:40:19', '2026-03-12 04:26:01'),
(630, 73, 870174, 79.00, 'B', 0, NULL, NULL, '2026-03-12 03:40:19', '2026-03-12 04:26:01'),
(631, 73, 870175, 65.00, 'C', 0, NULL, NULL, '2026-03-12 03:40:19', '2026-03-12 04:26:01'),
(632, 73, 870176, 69.00, 'C', 0, NULL, NULL, '2026-03-12 03:40:19', '2026-03-12 04:26:01'),
(633, 73, 870177, 71.00, 'B', 0, NULL, NULL, '2026-03-12 03:40:19', '2026-03-12 04:26:01'),
(634, 73, 870178, 68.00, 'C', 0, NULL, NULL, '2026-03-12 03:40:19', '2026-03-12 04:26:01'),
(635, 73, 870179, 84.00, 'A', 0, NULL, NULL, '2026-03-12 03:40:19', '2026-03-12 04:26:01'),
(636, 73, 870180, 70.00, 'B', 0, NULL, NULL, '2026-03-12 03:40:19', '2026-03-12 04:26:01'),
(637, 73, 870181, 67.00, 'C', 0, NULL, NULL, '2026-03-12 03:40:19', '2026-03-12 04:26:01'),
(638, 73, 870182, 69.00, 'C', 0, NULL, NULL, '2026-03-12 03:40:19', '2026-03-12 04:26:01'),
(639, 74, 870165, 87.90, 'A', 0, NULL, NULL, '2026-03-12 03:40:19', '2026-03-12 04:26:01'),
(640, 74, 870166, 86.50, 'A', 0, NULL, NULL, '2026-03-12 03:40:19', '2026-03-12 04:26:01'),
(641, 74, 870167, NULL, NULL, 0, NULL, NULL, '2026-03-12 03:40:19', '2026-03-12 03:40:19'),
(643, 74, 870169, 65.90, 'C', 0, NULL, NULL, '2026-03-12 03:40:19', '2026-03-12 04:26:01'),
(644, 74, 870170, 88.90, 'A', 0, NULL, NULL, '2026-03-12 03:40:19', '2026-03-12 04:26:01'),
(645, 74, 870171, 68.00, 'C', 0, NULL, NULL, '2026-03-12 03:40:19', '2026-03-12 04:26:01'),
(646, 74, 870172, 65.90, 'C', 0, NULL, NULL, '2026-03-12 03:40:19', '2026-03-12 04:26:01'),
(647, 74, 870173, 60.50, 'C', 0, NULL, NULL, '2026-03-12 03:40:19', '2026-03-12 04:26:01'),
(648, 74, 870174, 70.50, 'B', 0, NULL, NULL, '2026-03-12 03:40:19', '2026-03-12 04:26:01'),
(649, 74, 870175, 68.00, 'C', 0, NULL, NULL, '2026-03-12 03:40:19', '2026-03-12 04:26:01'),
(650, 74, 870176, 65.90, 'C', 0, NULL, NULL, '2026-03-12 03:40:19', '2026-03-12 04:26:01'),
(651, 74, 870177, 68.00, 'C', 0, NULL, NULL, '2026-03-12 03:40:19', '2026-03-12 04:26:01'),
(652, 74, 870178, 60.90, 'C', 0, NULL, NULL, '2026-03-12 03:40:19', '2026-03-12 04:26:01'),
(653, 74, 870179, 68.00, 'C', 0, NULL, NULL, '2026-03-12 03:40:19', '2026-03-12 04:26:01'),
(654, 74, 870180, 65.90, 'C', 0, NULL, NULL, '2026-03-12 03:40:19', '2026-03-12 04:26:01'),
(655, 74, 870181, 68.00, 'C', 0, NULL, NULL, '2026-03-12 03:40:19', '2026-03-12 04:26:01'),
(656, 74, 870182, 65.90, 'C', 0, NULL, NULL, '2026-03-12 03:40:19', '2026-03-12 04:26:01'),
(657, 75, 870165, 82.90, 'A', 0, NULL, NULL, '2026-03-12 03:40:19', '2026-03-12 04:26:01'),
(658, 75, 870166, 79.00, 'B', 0, NULL, NULL, '2026-03-12 03:40:19', '2026-03-12 04:26:01'),
(659, 75, 870167, NULL, NULL, 0, NULL, NULL, '2026-03-12 03:40:19', '2026-03-12 03:40:19'),
(661, 75, 870169, 68.00, 'C', 0, NULL, NULL, '2026-03-12 03:40:19', '2026-03-12 04:26:01'),
(662, 75, 870170, 85.10, 'A', 0, NULL, NULL, '2026-03-12 03:40:19', '2026-03-12 04:26:01'),
(663, 75, 870171, 65.00, 'C', 0, NULL, NULL, '2026-03-12 03:40:19', '2026-03-12 04:26:01'),
(664, 75, 870172, 62.00, 'C', 0, NULL, NULL, '2026-03-12 03:40:19', '2026-03-12 04:26:01'),
(665, 75, 870173, 69.00, 'C', 0, NULL, NULL, '2026-03-12 03:40:19', '2026-03-12 04:26:01'),
(666, 75, 870174, 79.00, 'B', 0, NULL, NULL, '2026-03-12 03:40:19', '2026-03-12 04:26:01'),
(667, 75, 870175, 60.00, 'C', 0, NULL, NULL, '2026-03-12 03:40:19', '2026-03-12 04:26:01'),
(668, 75, 870176, 65.00, 'C', 0, NULL, NULL, '2026-03-12 03:40:19', '2026-03-12 04:26:01'),
(669, 75, 870177, 68.00, 'C', 0, NULL, NULL, '2026-03-12 03:40:19', '2026-03-12 04:26:01'),
(670, 75, 870178, 62.00, 'C', 0, NULL, NULL, '2026-03-12 03:40:19', '2026-03-12 04:26:01'),
(671, 75, 870179, 84.00, 'A', 0, NULL, NULL, '2026-03-12 03:40:19', '2026-03-12 04:26:01'),
(672, 75, 870180, 60.00, 'C', 0, NULL, NULL, '2026-03-12 03:40:19', '2026-03-12 04:26:01'),
(673, 75, 870181, 68.00, 'C', 0, NULL, NULL, '2026-03-12 03:40:19', '2026-03-12 04:26:01'),
(674, 75, 870182, 69.00, 'C', 0, NULL, NULL, '2026-03-12 03:40:19', '2026-03-12 04:26:01'),
(675, 76, 870165, 82.90, 'A', 0, NULL, NULL, '2026-03-12 03:40:19', '2026-03-12 04:26:01'),
(676, 76, 870166, 79.00, 'B', 0, NULL, NULL, '2026-03-12 03:40:19', '2026-03-12 04:26:01'),
(677, 76, 870167, NULL, NULL, 0, NULL, NULL, '2026-03-12 03:40:19', '2026-03-12 03:40:19'),
(679, 76, 870169, 68.00, 'C', 0, NULL, NULL, '2026-03-12 03:40:19', '2026-03-12 04:26:01'),
(680, 76, 870170, 85.10, 'A', 0, NULL, NULL, '2026-03-12 03:40:19', '2026-03-12 04:26:01'),
(681, 76, 870171, 69.00, 'C', 0, NULL, NULL, '2026-03-12 03:40:19', '2026-03-12 04:26:01'),
(682, 76, 870172, 60.00, 'C', 0, NULL, NULL, '2026-03-12 03:40:19', '2026-03-12 04:26:01'),
(683, 76, 870173, 64.00, 'C', 0, NULL, NULL, '2026-03-12 03:40:19', '2026-03-12 04:26:01'),
(684, 76, 870174, 79.00, 'B', 0, NULL, NULL, '2026-03-12 03:40:19', '2026-03-12 04:26:01'),
(685, 76, 870175, 65.00, 'C', 0, NULL, NULL, '2026-03-12 03:40:19', '2026-03-12 04:26:01'),
(686, 76, 870176, 69.00, 'C', 0, NULL, NULL, '2026-03-12 03:40:19', '2026-03-12 04:26:01'),
(687, 76, 870177, 67.00, 'C', 0, NULL, NULL, '2026-03-12 03:40:19', '2026-03-12 04:26:01'),
(688, 76, 870178, 65.00, 'C', 0, NULL, NULL, '2026-03-12 03:40:19', '2026-03-12 04:26:01'),
(689, 76, 870179, 84.00, 'A', 0, NULL, NULL, '2026-03-12 03:40:19', '2026-03-12 04:26:01'),
(690, 76, 870180, 60.00, 'C', 0, NULL, NULL, '2026-03-12 03:40:19', '2026-03-12 04:26:01'),
(691, 76, 870181, 60.00, 'C', 0, NULL, NULL, '2026-03-12 03:40:19', '2026-03-12 04:26:01'),
(692, 76, 870182, 69.00, 'C', 0, NULL, NULL, '2026-03-12 03:40:19', '2026-03-12 04:26:01'),
(693, 77, 870165, 85.70, 'A', 0, NULL, NULL, '2026-03-12 03:40:19', '2026-03-12 04:26:01'),
(694, 77, 870166, 84.20, 'A', 0, NULL, NULL, '2026-03-12 03:40:19', '2026-03-12 04:26:01'),
(695, 77, 870167, NULL, NULL, 0, NULL, NULL, '2026-03-12 03:40:19', '2026-03-12 03:40:19'),
(697, 77, 870169, NULL, NULL, 0, NULL, NULL, '2026-03-12 03:40:19', '2026-03-12 03:40:19'),
(698, 77, 870170, 86.20, 'A', 0, NULL, NULL, '2026-03-12 03:40:19', '2026-03-12 04:26:01'),
(699, 77, 870171, NULL, NULL, 0, NULL, NULL, '2026-03-12 03:40:19', '2026-03-12 03:40:19'),
(700, 77, 870172, NULL, NULL, 0, NULL, NULL, '2026-03-12 03:40:19', '2026-03-12 03:40:19'),
(701, 77, 870173, NULL, NULL, 0, NULL, NULL, '2026-03-12 03:40:19', '2026-03-12 03:40:19'),
(702, 77, 870174, 84.30, 'A', 0, NULL, NULL, '2026-03-12 03:40:19', '2026-03-12 04:26:01'),
(703, 77, 870175, NULL, NULL, 0, NULL, NULL, '2026-03-12 03:40:19', '2026-03-12 03:40:19'),
(704, 77, 870176, NULL, NULL, 0, NULL, NULL, '2026-03-12 03:40:19', '2026-03-12 03:40:19'),
(705, 77, 870177, NULL, NULL, 0, NULL, NULL, '2026-03-12 03:40:19', '2026-03-12 03:40:19'),
(706, 77, 870178, NULL, NULL, 0, NULL, NULL, '2026-03-12 03:40:19', '2026-03-12 03:40:19'),
(707, 77, 870179, 84.10, 'A', 0, NULL, NULL, '2026-03-12 03:40:19', '2026-03-12 04:26:01'),
(708, 77, 870180, NULL, NULL, 0, NULL, NULL, '2026-03-12 03:40:19', '2026-03-12 03:40:19'),
(709, 77, 870181, NULL, NULL, 0, NULL, NULL, '2026-03-12 03:40:19', '2026-03-12 03:40:19'),
(710, 77, 870182, NULL, NULL, 0, NULL, NULL, '2026-03-12 03:40:19', '2026-03-12 03:40:19'),
(711, 78, 870165, 76.00, 'B', 0, NULL, NULL, '2026-03-12 03:40:19', '2026-03-12 04:26:01'),
(712, 78, 870166, 82.00, 'A', 0, NULL, NULL, '2026-03-12 03:40:19', '2026-03-12 04:26:01'),
(713, 78, 870167, NULL, NULL, 0, NULL, NULL, '2026-03-12 03:40:19', '2026-03-12 03:40:19'),
(715, 78, 870169, 75.00, 'B', 0, NULL, NULL, '2026-03-12 03:40:19', '2026-03-12 04:26:01'),
(716, 78, 870170, 74.00, 'B', 0, NULL, NULL, '2026-03-12 03:40:19', '2026-03-12 04:26:01'),
(717, 78, 870171, 76.00, 'B', 0, NULL, NULL, '2026-03-12 03:40:19', '2026-03-12 04:26:01'),
(718, 78, 870172, 78.00, 'B', 0, NULL, NULL, '2026-03-12 03:40:19', '2026-03-12 04:26:01'),
(719, 78, 870173, 75.00, 'B', 0, NULL, NULL, '2026-03-12 03:40:19', '2026-03-12 04:26:01'),
(720, 78, 870174, 70.00, 'B', 0, NULL, NULL, '2026-03-12 03:40:19', '2026-03-12 04:26:01'),
(721, 78, 870175, 75.00, 'B', 0, NULL, NULL, '2026-03-12 03:40:19', '2026-03-12 04:26:01'),
(722, 78, 870176, 74.00, 'B', 0, NULL, NULL, '2026-03-12 03:40:19', '2026-03-12 04:26:01'),
(723, 78, 870177, 74.00, 'B', 0, NULL, NULL, '2026-03-12 03:40:19', '2026-03-12 04:26:01'),
(724, 78, 870178, 75.00, 'B', 0, NULL, NULL, '2026-03-12 03:40:19', '2026-03-12 04:26:01'),
(725, 78, 870179, 78.00, 'B', 0, NULL, NULL, '2026-03-12 03:40:19', '2026-03-12 04:26:01'),
(726, 78, 870180, 75.00, 'B', 0, NULL, NULL, '2026-03-12 03:40:19', '2026-03-12 04:26:01'),
(727, 78, 870181, 75.00, 'B', 0, NULL, NULL, '2026-03-12 03:40:19', '2026-03-12 04:26:01'),
(728, 78, 870182, 75.00, 'B', 0, NULL, NULL, '2026-03-12 03:40:19', '2026-03-12 04:26:01'),
(729, 79, 870165, 76.80, 'B', 0, NULL, NULL, '2026-03-12 03:40:19', '2026-03-12 04:26:01'),
(730, 79, 870166, 73.30, 'B', 0, NULL, NULL, '2026-03-12 03:40:19', '2026-03-12 04:26:01'),
(731, 79, 870167, NULL, NULL, 0, NULL, NULL, '2026-03-12 03:40:19', '2026-03-12 03:40:19'),
(733, 79, 870169, NULL, NULL, 0, NULL, NULL, '2026-03-12 03:40:19', '2026-03-12 03:40:19'),
(734, 79, 870170, 85.20, 'A', 0, NULL, NULL, '2026-03-12 03:40:19', '2026-03-12 04:26:01'),
(735, 79, 870171, NULL, NULL, 0, NULL, NULL, '2026-03-12 03:40:19', '2026-03-12 03:40:19'),
(736, 79, 870172, NULL, NULL, 0, NULL, NULL, '2026-03-12 03:40:19', '2026-03-12 03:40:19'),
(737, 79, 870173, NULL, NULL, 0, NULL, NULL, '2026-03-12 03:40:19', '2026-03-12 03:40:19'),
(738, 79, 870174, 72.50, 'B', 0, NULL, NULL, '2026-03-12 03:40:19', '2026-03-12 04:26:01'),
(739, 79, 870175, NULL, NULL, 0, NULL, NULL, '2026-03-12 03:40:19', '2026-03-12 03:40:19'),
(740, 79, 870176, NULL, NULL, 0, NULL, NULL, '2026-03-12 03:40:19', '2026-03-12 03:40:19'),
(741, 79, 870177, NULL, NULL, 0, NULL, NULL, '2026-03-12 03:40:19', '2026-03-12 03:40:19'),
(742, 79, 870178, NULL, NULL, 0, NULL, NULL, '2026-03-12 03:40:19', '2026-03-12 03:40:19'),
(743, 79, 870179, 77.20, 'B', 0, NULL, NULL, '2026-03-12 03:40:19', '2026-03-12 04:26:01'),
(744, 79, 870180, NULL, NULL, 0, NULL, NULL, '2026-03-12 03:40:19', '2026-03-12 03:40:19'),
(745, 79, 870181, NULL, NULL, 0, NULL, NULL, '2026-03-12 03:40:19', '2026-03-12 03:40:19'),
(746, 79, 870182, NULL, NULL, 0, NULL, NULL, '2026-03-12 03:40:19', '2026-03-12 03:40:19'),
(747, 80, 870165, 89.50, 'A', 0, NULL, NULL, '2026-03-12 03:40:19', '2026-03-12 04:26:01'),
(748, 80, 870166, 88.20, 'A', 0, NULL, NULL, '2026-03-12 03:40:19', '2026-03-12 04:26:01'),
(749, 80, 870167, NULL, NULL, 0, NULL, NULL, '2026-03-12 03:40:19', '2026-03-12 03:40:19'),
(751, 80, 870169, NULL, NULL, 0, NULL, NULL, '2026-03-12 03:40:19', '2026-03-12 03:40:19'),
(752, 80, 870170, 92.00, 'A', 0, NULL, NULL, '2026-03-12 03:40:19', '2026-03-12 04:26:01'),
(753, 80, 870171, NULL, NULL, 0, NULL, NULL, '2026-03-12 03:40:19', '2026-03-12 03:40:19'),
(754, 80, 870172, NULL, NULL, 0, NULL, NULL, '2026-03-12 03:40:19', '2026-03-12 03:40:19'),
(755, 80, 870173, NULL, NULL, 0, NULL, NULL, '2026-03-12 03:40:19', '2026-03-12 03:40:19'),
(756, 80, 870174, 84.60, 'A', 0, NULL, NULL, '2026-03-12 03:40:19', '2026-03-12 04:26:01'),
(757, 80, 870175, NULL, NULL, 0, NULL, NULL, '2026-03-12 03:40:19', '2026-03-12 03:40:19'),
(758, 80, 870176, NULL, NULL, 0, NULL, NULL, '2026-03-12 03:40:19', '2026-03-12 03:40:19'),
(759, 80, 870177, NULL, NULL, 0, NULL, NULL, '2026-03-12 03:40:19', '2026-03-12 03:40:19'),
(760, 80, 870178, NULL, NULL, 0, NULL, NULL, '2026-03-12 03:40:19', '2026-03-12 03:40:19'),
(761, 80, 870179, 89.40, 'A', 0, NULL, NULL, '2026-03-12 03:40:19', '2026-03-12 04:26:01'),
(762, 80, 870180, NULL, NULL, 0, NULL, NULL, '2026-03-12 03:40:19', '2026-03-12 03:40:19'),
(763, 80, 870181, NULL, NULL, 0, NULL, NULL, '2026-03-12 03:40:19', '2026-03-12 03:40:19'),
(764, 80, 870182, NULL, NULL, 0, NULL, NULL, '2026-03-12 03:40:19', '2026-03-12 03:40:19'),
(765, 81, 870165, NULL, NULL, 0, NULL, NULL, '2026-03-12 03:40:19', '2026-03-12 03:40:19'),
(766, 81, 870166, NULL, NULL, 0, NULL, NULL, '2026-03-12 03:40:19', '2026-03-12 03:40:19'),
(767, 81, 870167, NULL, NULL, 0, NULL, NULL, '2026-03-12 03:40:19', '2026-03-12 03:40:19'),
(769, 81, 870169, NULL, NULL, 0, NULL, NULL, '2026-03-12 03:40:19', '2026-03-12 03:40:19'),
(770, 81, 870170, NULL, NULL, 0, NULL, NULL, '2026-03-12 03:40:19', '2026-03-12 03:40:19'),
(771, 81, 870171, NULL, NULL, 0, NULL, NULL, '2026-03-12 03:40:19', '2026-03-12 03:40:19'),
(772, 81, 870172, NULL, NULL, 0, NULL, NULL, '2026-03-12 03:40:19', '2026-03-12 03:40:19'),
(773, 81, 870173, NULL, NULL, 0, NULL, NULL, '2026-03-12 03:40:19', '2026-03-12 03:40:19'),
(774, 81, 870174, NULL, NULL, 0, NULL, NULL, '2026-03-12 03:40:19', '2026-03-12 03:40:19'),
(775, 81, 870175, NULL, NULL, 0, NULL, NULL, '2026-03-12 03:40:19', '2026-03-12 03:40:19'),
(776, 81, 870176, NULL, NULL, 0, NULL, NULL, '2026-03-12 03:40:19', '2026-03-12 03:40:19'),
(777, 81, 870177, NULL, NULL, 0, NULL, NULL, '2026-03-12 03:40:19', '2026-03-12 03:40:19'),
(778, 81, 870178, NULL, NULL, 0, NULL, NULL, '2026-03-12 03:40:19', '2026-03-12 03:40:19'),
(779, 81, 870179, NULL, NULL, 0, NULL, NULL, '2026-03-12 03:40:19', '2026-03-12 03:40:19'),
(780, 81, 870180, NULL, NULL, 0, NULL, NULL, '2026-03-12 03:40:19', '2026-03-12 03:40:19'),
(781, 81, 870181, NULL, NULL, 0, NULL, NULL, '2026-03-12 03:40:19', '2026-03-12 03:40:19'),
(782, 81, 870182, NULL, NULL, 0, NULL, NULL, '2026-03-12 03:40:19', '2026-03-12 03:40:19'),
(783, 82, 870165, NULL, NULL, 0, NULL, NULL, '2026-03-12 03:40:19', '2026-03-12 03:40:19'),
(784, 82, 870166, NULL, NULL, 0, NULL, NULL, '2026-03-12 03:40:19', '2026-03-12 03:40:19'),
(785, 82, 870167, NULL, NULL, 0, NULL, NULL, '2026-03-12 03:40:19', '2026-03-12 03:40:19'),
(787, 82, 870169, NULL, NULL, 0, NULL, NULL, '2026-03-12 03:40:19', '2026-03-12 03:40:19'),
(788, 82, 870170, NULL, NULL, 0, NULL, NULL, '2026-03-12 03:40:19', '2026-03-12 03:40:19'),
(789, 82, 870171, NULL, NULL, 0, NULL, NULL, '2026-03-12 03:40:19', '2026-03-12 03:40:19'),
(790, 82, 870172, NULL, NULL, 0, NULL, NULL, '2026-03-12 03:40:19', '2026-03-12 03:40:19'),
(791, 82, 870173, NULL, NULL, 0, NULL, NULL, '2026-03-12 03:40:19', '2026-03-12 03:40:19'),
(792, 82, 870174, NULL, NULL, 0, NULL, NULL, '2026-03-12 03:40:19', '2026-03-12 03:40:19'),
(793, 82, 870175, NULL, NULL, 0, NULL, NULL, '2026-03-12 03:40:19', '2026-03-12 03:40:19'),
(794, 82, 870176, NULL, NULL, 0, NULL, NULL, '2026-03-12 03:40:19', '2026-03-12 03:40:19'),
(795, 82, 870177, NULL, NULL, 0, NULL, NULL, '2026-03-12 03:40:19', '2026-03-12 03:40:19'),
(796, 82, 870178, NULL, NULL, 0, NULL, NULL, '2026-03-12 03:40:19', '2026-03-12 03:40:19'),
(797, 82, 870179, NULL, NULL, 0, NULL, NULL, '2026-03-12 03:40:19', '2026-03-12 03:40:19'),
(798, 82, 870180, NULL, NULL, 0, NULL, NULL, '2026-03-12 03:40:19', '2026-03-12 03:40:19'),
(799, 82, 870181, NULL, NULL, 0, NULL, NULL, '2026-03-12 03:40:19', '2026-03-12 03:40:19'),
(800, 82, 870182, NULL, NULL, 0, NULL, NULL, '2026-03-12 03:40:19', '2026-03-12 03:40:19'),
(801, 83, 870139, NULL, NULL, 0, NULL, NULL, '2026-03-12 03:40:19', '2026-03-12 03:40:19'),
(802, 83, 870138, 88.40, 'A', 0, NULL, NULL, '2026-03-12 03:40:19', '2026-03-12 04:26:01'),
(803, 83, 870140, 77.50, 'B', 0, NULL, NULL, '2026-03-12 03:40:19', '2026-03-12 04:26:01'),
(804, 83, 870141, 70.20, 'B', 0, NULL, NULL, '2026-03-12 03:40:19', '2026-03-12 04:26:01'),
(805, 83, 870142, 83.70, 'A', 0, NULL, NULL, '2026-03-12 03:40:19', '2026-03-12 04:26:01'),
(806, 83, 870143, 82.60, 'A', 0, NULL, NULL, '2026-03-12 03:40:19', '2026-03-12 04:26:01'),
(807, 83, 870144, 84.30, 'A', 0, NULL, NULL, '2026-03-12 03:40:19', '2026-03-12 04:26:01'),
(808, 83, 870145, 78.10, 'B', 0, NULL, NULL, '2026-03-12 03:40:19', '2026-03-12 04:26:01'),
(809, 83, 870146, 80.10, 'A', 0, NULL, NULL, '2026-03-12 03:40:19', '2026-03-12 04:26:01'),
(810, 83, 870147, 84.10, 'A', 0, NULL, NULL, '2026-03-12 03:40:19', '2026-03-12 04:26:01'),
(811, 83, 870148, 80.10, 'A', 0, NULL, NULL, '2026-03-12 03:40:19', '2026-03-12 04:26:01'),
(812, 83, 870149, 84.80, 'A', 0, NULL, NULL, '2026-03-12 03:40:19', '2026-03-12 04:26:01'),
(813, 83, 870150, NULL, NULL, 0, NULL, NULL, '2026-03-12 03:40:19', '2026-03-12 03:40:19'),
(814, 83, 870151, 80.30, 'A', 0, NULL, NULL, '2026-03-12 03:40:19', '2026-03-12 04:26:01'),
(815, 83, 870152, 85.00, 'A', 0, NULL, NULL, '2026-03-12 03:40:19', '2026-03-12 04:26:01'),
(816, 83, 870153, NULL, NULL, 0, NULL, NULL, '2026-03-12 03:40:19', '2026-03-12 03:40:19'),
(817, 83, 870154, NULL, NULL, 0, NULL, NULL, '2026-03-12 03:40:19', '2026-03-12 03:40:19'),
(818, 83, 870155, 82.60, 'A', 0, NULL, NULL, '2026-03-12 03:40:19', '2026-03-12 04:26:01'),
(819, 83, 870156, 79.50, 'A', 0, NULL, NULL, '2026-03-12 03:40:19', '2026-03-12 04:26:01'),
(820, 83, 870157, NULL, NULL, 0, NULL, NULL, '2026-03-12 03:40:19', '2026-03-12 03:40:19'),
(821, 83, 870158, 77.50, 'B', 0, NULL, NULL, '2026-03-12 03:40:19', '2026-03-12 04:26:01'),
(822, 83, 870159, 70.00, 'B', 0, NULL, NULL, '2026-03-12 03:40:19', '2026-03-12 04:26:01'),
(823, 83, 870160, 78.90, 'B', 0, NULL, NULL, '2026-03-12 03:40:19', '2026-03-12 04:26:01'),
(824, 83, 870161, 80.30, 'A', 0, NULL, NULL, '2026-03-12 03:40:19', '2026-03-12 04:26:01'),
(825, 83, 870162, 85.20, 'A', 0, NULL, NULL, '2026-03-12 03:40:19', '2026-03-12 04:26:01'),
(826, 83, 870163, NULL, NULL, 0, NULL, NULL, '2026-03-12 03:40:19', '2026-03-12 03:40:19'),
(827, 83, 870164, 80.30, 'A', 0, NULL, NULL, '2026-03-12 03:40:19', '2026-03-12 04:26:01'),
(828, 84, 870139, NULL, NULL, 0, NULL, NULL, '2026-03-12 03:40:19', '2026-03-12 03:40:19'),
(829, 84, 870138, 87.00, 'A', 0, NULL, NULL, '2026-03-12 03:40:19', '2026-03-12 04:26:01'),
(830, 84, 870140, 78.60, 'B', 0, NULL, NULL, '2026-03-12 03:40:19', '2026-03-12 04:26:01'),
(831, 84, 870141, 70.00, 'B', 0, NULL, NULL, '2026-03-12 03:40:19', '2026-03-12 04:26:01'),
(832, 84, 870142, 77.90, 'B', 0, NULL, NULL, '2026-03-12 03:40:19', '2026-03-12 04:26:01'),
(833, 84, 870143, 79.00, 'B', 0, NULL, NULL, '2026-03-12 03:40:19', '2026-03-12 04:26:01'),
(834, 84, 870144, 83.20, 'A', 0, NULL, NULL, '2026-03-12 03:40:19', '2026-03-12 04:26:01'),
(835, 84, 870145, 75.60, 'B', 0, NULL, NULL, '2026-03-12 03:40:19', '2026-03-12 04:26:01'),
(836, 84, 870146, 81.50, 'A', 0, NULL, NULL, '2026-03-12 03:40:19', '2026-03-12 04:26:01'),
(837, 84, 870147, 77.40, 'B', 0, NULL, NULL, '2026-03-12 03:40:19', '2026-03-12 04:26:01');
INSERT INTO `lms_mahasiswa_kelas` (`id`, `kelas_id`, `mahasiswa_id`, `final_grade`, `final_letter`, `is_override`, `override_reason`, `override_by`, `created_at`, `updated_at`) VALUES
(838, 84, 870148, 78.20, 'B', 0, NULL, NULL, '2026-03-12 03:40:19', '2026-03-12 04:26:01'),
(839, 84, 870149, 84.10, 'A', 0, NULL, NULL, '2026-03-12 03:40:19', '2026-03-12 04:26:01'),
(840, 84, 870150, NULL, NULL, 0, NULL, NULL, '2026-03-12 03:40:19', '2026-03-12 03:40:19'),
(841, 84, 870151, 78.20, 'B', 0, NULL, NULL, '2026-03-12 03:40:19', '2026-03-12 04:26:01'),
(842, 84, 870152, 82.50, 'A', 0, NULL, NULL, '2026-03-12 03:40:19', '2026-03-12 04:26:01'),
(843, 84, 870153, NULL, NULL, 0, NULL, NULL, '2026-03-12 03:40:19', '2026-03-12 03:40:19'),
(844, 84, 870154, NULL, NULL, 0, NULL, NULL, '2026-03-12 03:40:19', '2026-03-12 03:40:19'),
(845, 84, 870155, 79.50, 'A', 0, NULL, NULL, '2026-03-12 03:40:19', '2026-03-12 04:26:01'),
(846, 84, 870156, 77.40, 'B', 0, NULL, NULL, '2026-03-12 03:40:19', '2026-03-12 04:26:01'),
(847, 84, 870157, NULL, NULL, 0, NULL, NULL, '2026-03-12 03:40:19', '2026-03-12 03:40:19'),
(848, 84, 870158, 79.80, 'A', 0, NULL, NULL, '2026-03-12 03:40:19', '2026-03-12 04:26:01'),
(849, 84, 870159, 70.50, 'B', 0, NULL, NULL, '2026-03-12 03:40:19', '2026-03-12 04:26:01'),
(850, 84, 870160, 80.10, 'A', 0, NULL, NULL, '2026-03-12 03:40:19', '2026-03-12 04:26:01'),
(851, 84, 870161, 82.10, 'A', 0, NULL, NULL, '2026-03-12 03:40:19', '2026-03-12 04:26:01'),
(852, 84, 870162, 83.20, 'A', 0, NULL, NULL, '2026-03-12 03:40:19', '2026-03-12 04:26:01'),
(853, 84, 870163, NULL, NULL, 0, NULL, NULL, '2026-03-12 03:40:19', '2026-03-12 03:40:19'),
(854, 84, 870164, 84.10, 'A', 0, NULL, NULL, '2026-03-12 03:40:19', '2026-03-12 04:26:01'),
(855, 85, 870139, NULL, NULL, 0, NULL, NULL, '2026-03-12 03:40:19', '2026-03-12 03:40:19'),
(856, 85, 870138, 79.10, 'A', 0, NULL, NULL, '2026-03-12 03:40:19', '2026-03-12 04:26:01'),
(857, 85, 870140, 75.80, 'B', 0, NULL, NULL, '2026-03-12 03:40:19', '2026-03-12 04:26:01'),
(858, 85, 870141, 70.10, 'B', 0, NULL, NULL, '2026-03-12 03:40:19', '2026-03-12 04:26:01'),
(859, 85, 870142, 80.20, 'A', 0, NULL, NULL, '2026-03-12 03:40:19', '2026-03-12 04:26:01'),
(860, 85, 870143, 76.70, 'B', 0, NULL, NULL, '2026-03-12 03:40:19', '2026-03-12 04:26:01'),
(861, 85, 870144, 79.10, 'A', 0, NULL, NULL, '2026-03-12 03:40:19', '2026-03-12 04:26:01'),
(862, 85, 870145, 75.90, 'B', 0, NULL, NULL, '2026-03-12 03:40:19', '2026-03-12 04:26:01'),
(863, 85, 870146, 87.80, 'A', 0, NULL, NULL, '2026-03-12 03:40:19', '2026-03-12 04:26:01'),
(864, 85, 870147, 78.20, 'B', 0, NULL, NULL, '2026-03-12 03:40:19', '2026-03-12 04:26:01'),
(865, 85, 870148, 86.00, 'A', 0, NULL, NULL, '2026-03-12 03:40:19', '2026-03-12 04:26:01'),
(866, 85, 870149, 80.80, 'A', 0, NULL, NULL, '2026-03-12 03:40:19', '2026-03-12 04:26:01'),
(867, 85, 870150, NULL, NULL, 0, NULL, NULL, '2026-03-12 03:40:19', '2026-03-12 03:40:19'),
(868, 85, 870151, 86.00, 'A', 0, NULL, NULL, '2026-03-12 03:40:19', '2026-03-12 04:26:01'),
(869, 85, 870152, 80.80, 'A', 0, NULL, NULL, '2026-03-12 03:40:19', '2026-03-12 04:26:01'),
(870, 85, 870153, NULL, NULL, 0, NULL, NULL, '2026-03-12 03:40:19', '2026-03-12 03:40:19'),
(871, 85, 870154, NULL, NULL, 0, NULL, NULL, '2026-03-12 03:40:19', '2026-03-12 03:40:19'),
(872, 85, 870155, 81.90, 'A', 0, NULL, NULL, '2026-03-12 03:40:19', '2026-03-12 04:26:01'),
(873, 85, 870156, 84.40, 'A', 0, NULL, NULL, '2026-03-12 03:40:19', '2026-03-12 04:26:01'),
(874, 85, 870157, NULL, NULL, 0, NULL, NULL, '2026-03-12 03:40:19', '2026-03-12 03:40:19'),
(875, 85, 870158, 89.50, 'A', 0, NULL, NULL, '2026-03-12 03:40:19', '2026-03-12 04:26:01'),
(876, 85, 870159, 70.00, 'B', 0, NULL, NULL, '2026-03-12 03:40:19', '2026-03-12 04:26:01'),
(877, 85, 870160, 82.70, 'A', 0, NULL, NULL, '2026-03-12 03:40:19', '2026-03-12 04:26:01'),
(878, 85, 870161, 89.70, 'A', 0, NULL, NULL, '2026-03-12 03:40:19', '2026-03-12 04:26:01'),
(879, 85, 870162, 78.40, 'B', 0, NULL, NULL, '2026-03-12 03:40:19', '2026-03-12 04:26:01'),
(880, 85, 870163, NULL, NULL, 0, NULL, NULL, '2026-03-12 03:40:19', '2026-03-12 03:40:19'),
(881, 85, 870164, 83.20, 'A', 0, NULL, NULL, '2026-03-12 03:40:19', '2026-03-12 04:26:01'),
(882, 86, 870139, NULL, NULL, 0, NULL, NULL, '2026-03-12 03:40:19', '2026-03-12 03:40:19'),
(883, 86, 870138, 83.40, 'A', 0, NULL, NULL, '2026-03-12 03:40:19', '2026-03-12 04:26:01'),
(884, 86, 870140, 77.80, 'B', 0, NULL, NULL, '2026-03-12 03:40:19', '2026-03-12 04:26:01'),
(885, 86, 870141, 70.20, 'B', 0, NULL, NULL, '2026-03-12 03:40:19', '2026-03-12 04:26:01'),
(886, 86, 870142, 74.30, 'B', 0, NULL, NULL, '2026-03-12 03:40:19', '2026-03-12 04:26:01'),
(887, 86, 870143, 75.20, 'B', 0, NULL, NULL, '2026-03-12 03:40:19', '2026-03-12 04:26:01'),
(888, 86, 870144, 76.10, 'B', 0, NULL, NULL, '2026-03-12 03:40:19', '2026-03-12 04:26:01'),
(889, 86, 870145, 79.80, 'A', 0, NULL, NULL, '2026-03-12 03:40:19', '2026-03-12 04:26:01'),
(890, 86, 870146, 81.20, 'A', 0, NULL, NULL, '2026-03-12 03:40:19', '2026-03-12 04:26:01'),
(891, 86, 870147, 77.00, 'B', 0, NULL, NULL, '2026-03-12 03:40:19', '2026-03-12 04:26:01'),
(892, 86, 870148, 82.70, 'A', 0, NULL, NULL, '2026-03-12 03:40:19', '2026-03-12 04:26:01'),
(893, 86, 870149, 77.50, 'B', 0, NULL, NULL, '2026-03-12 03:40:19', '2026-03-12 04:26:01'),
(894, 86, 870150, NULL, NULL, 0, NULL, NULL, '2026-03-12 03:40:19', '2026-03-12 03:40:19'),
(895, 86, 870151, 82.40, 'A', 0, NULL, NULL, '2026-03-12 03:40:19', '2026-03-12 04:26:01'),
(896, 86, 870152, 78.50, 'B', 0, NULL, NULL, '2026-03-12 03:40:19', '2026-03-12 04:26:01'),
(897, 86, 870153, NULL, NULL, 0, NULL, NULL, '2026-03-12 03:40:19', '2026-03-12 03:40:19'),
(898, 86, 870154, NULL, NULL, 0, NULL, NULL, '2026-03-12 03:40:19', '2026-03-12 03:40:19'),
(899, 86, 870155, 76.70, 'B', 0, NULL, NULL, '2026-03-12 03:40:19', '2026-03-12 04:26:01'),
(900, 86, 870156, 82.30, 'A', 0, NULL, NULL, '2026-03-12 03:40:19', '2026-03-12 04:26:01'),
(901, 86, 870157, NULL, NULL, 0, NULL, NULL, '2026-03-12 03:40:19', '2026-03-12 03:40:19'),
(902, 86, 870158, 82.70, 'A', 0, NULL, NULL, '2026-03-12 03:40:19', '2026-03-12 04:26:01'),
(903, 86, 870159, 70.20, 'B', 0, NULL, NULL, '2026-03-12 03:40:19', '2026-03-12 04:26:01'),
(904, 86, 870160, 82.40, 'A', 0, NULL, NULL, '2026-03-12 03:40:19', '2026-03-12 04:26:01'),
(905, 86, 870161, 78.30, 'B', 0, NULL, NULL, '2026-03-12 03:40:19', '2026-03-12 04:26:01'),
(906, 86, 870162, 76.70, 'B', 0, NULL, NULL, '2026-03-12 03:40:19', '2026-03-12 04:26:01'),
(907, 86, 870163, NULL, NULL, 0, NULL, NULL, '2026-03-12 03:40:19', '2026-03-12 03:40:19'),
(908, 86, 870164, 82.40, 'A', 0, NULL, NULL, '2026-03-12 03:40:19', '2026-03-12 04:26:01'),
(909, 87, 870139, NULL, NULL, 0, NULL, NULL, '2026-03-12 03:40:19', '2026-03-12 03:40:19'),
(910, 87, 870138, 77.40, 'B', 0, NULL, NULL, '2026-03-12 03:40:19', '2026-03-12 04:26:01'),
(911, 87, 870140, 73.90, 'B', 0, NULL, NULL, '2026-03-12 03:40:19', '2026-03-12 04:26:01'),
(912, 87, 870141, 70.20, 'B', 0, NULL, NULL, '2026-03-12 03:40:19', '2026-03-12 04:26:01'),
(913, 87, 870142, 75.50, 'B', 0, NULL, NULL, '2026-03-12 03:40:19', '2026-03-12 04:26:01'),
(914, 87, 870143, 72.20, 'B', 0, NULL, NULL, '2026-03-12 03:40:19', '2026-03-12 04:26:01'),
(915, 87, 870144, 77.50, 'B', 0, NULL, NULL, '2026-03-12 03:40:19', '2026-03-12 04:26:01'),
(916, 87, 870145, 81.80, 'A', 0, NULL, NULL, '2026-03-12 03:40:19', '2026-03-12 04:26:01'),
(917, 87, 870146, 84.80, 'A', 0, NULL, NULL, '2026-03-12 03:40:19', '2026-03-12 04:26:01'),
(918, 87, 870147, 74.30, 'B', 0, NULL, NULL, '2026-03-12 03:40:19', '2026-03-12 04:26:01'),
(919, 87, 870148, 79.50, 'A', 0, NULL, NULL, '2026-03-12 03:40:19', '2026-03-12 04:26:01'),
(920, 87, 870149, 80.30, 'A', 0, NULL, NULL, '2026-03-12 03:40:19', '2026-03-12 04:26:01'),
(921, 87, 870150, NULL, NULL, 0, NULL, NULL, '2026-03-12 03:40:19', '2026-03-12 03:40:19'),
(922, 87, 870151, 81.30, 'A', 0, NULL, NULL, '2026-03-12 03:40:19', '2026-03-12 04:26:01'),
(923, 87, 870152, 78.60, 'B', 0, NULL, NULL, '2026-03-12 03:40:19', '2026-03-12 04:26:01'),
(924, 87, 870153, NULL, NULL, 0, NULL, NULL, '2026-03-12 03:40:19', '2026-03-12 03:40:19'),
(925, 87, 870154, NULL, NULL, 0, NULL, NULL, '2026-03-12 03:40:19', '2026-03-12 03:40:19'),
(926, 87, 870155, 79.40, 'A', 0, NULL, NULL, '2026-03-12 03:40:19', '2026-03-12 04:26:01'),
(927, 87, 870156, 83.30, 'A', 0, NULL, NULL, '2026-03-12 03:40:19', '2026-03-12 04:26:01'),
(928, 87, 870157, NULL, NULL, 0, NULL, NULL, '2026-03-12 03:40:19', '2026-03-12 03:40:19'),
(929, 87, 870158, 80.90, 'A', 0, NULL, NULL, '2026-03-12 03:40:19', '2026-03-12 04:26:01'),
(930, 87, 870159, 70.20, 'B', 0, NULL, NULL, '2026-03-12 03:40:19', '2026-03-12 04:26:01'),
(931, 87, 870160, 84.20, 'A', 0, NULL, NULL, '2026-03-12 03:40:19', '2026-03-12 04:26:01'),
(932, 87, 870161, 82.60, 'A', 0, NULL, NULL, '2026-03-12 03:40:19', '2026-03-12 04:26:01'),
(933, 87, 870162, 73.70, 'B', 0, NULL, NULL, '2026-03-12 03:40:19', '2026-03-12 04:26:01'),
(934, 87, 870163, NULL, NULL, 0, NULL, NULL, '2026-03-12 03:40:19', '2026-03-12 03:40:19'),
(935, 87, 870164, 80.60, 'A', 0, NULL, NULL, '2026-03-12 03:40:19', '2026-03-12 04:26:01'),
(936, 88, 870139, NULL, NULL, 0, NULL, NULL, '2026-03-12 03:40:19', '2026-03-12 03:40:19'),
(937, 88, 870138, 90.50, 'A', 0, NULL, NULL, '2026-03-12 03:40:19', '2026-03-12 04:26:01'),
(938, 88, 870140, 82.00, 'A', 0, NULL, NULL, '2026-03-12 03:40:19', '2026-03-12 04:26:01'),
(939, 88, 870141, 70.00, 'B', 0, NULL, NULL, '2026-03-12 03:40:19', '2026-03-12 04:26:01'),
(940, 88, 870142, 79.70, 'A', 0, NULL, NULL, '2026-03-12 03:40:19', '2026-03-12 04:26:01'),
(941, 88, 870143, 79.30, 'A', 0, NULL, NULL, '2026-03-12 03:40:19', '2026-03-12 04:26:01'),
(942, 88, 870144, 81.50, 'A', 0, NULL, NULL, '2026-03-12 03:40:19', '2026-03-12 04:26:01'),
(943, 88, 870145, 77.20, 'B', 0, NULL, NULL, '2026-03-12 03:40:19', '2026-03-12 04:26:01'),
(944, 88, 870146, 86.20, 'A', 0, NULL, NULL, '2026-03-12 03:40:19', '2026-03-12 04:26:01'),
(945, 88, 870147, 81.10, 'A', 0, NULL, NULL, '2026-03-12 03:40:19', '2026-03-12 04:26:01'),
(946, 88, 870148, 79.60, 'A', 0, NULL, NULL, '2026-03-12 03:40:19', '2026-03-12 04:26:01'),
(947, 88, 870149, 87.70, 'A', 0, NULL, NULL, '2026-03-12 03:40:19', '2026-03-12 04:26:01'),
(948, 88, 870150, NULL, NULL, 0, NULL, NULL, '2026-03-12 03:40:19', '2026-03-12 03:40:19'),
(949, 88, 870151, 84.50, 'A', 0, NULL, NULL, '2026-03-12 03:40:19', '2026-03-12 04:26:01'),
(950, 88, 870152, 85.70, 'A', 0, NULL, NULL, '2026-03-12 03:40:19', '2026-03-12 04:26:01'),
(951, 88, 870153, NULL, NULL, 0, NULL, NULL, '2026-03-12 03:40:19', '2026-03-12 03:40:19'),
(952, 88, 870154, NULL, NULL, 0, NULL, NULL, '2026-03-12 03:40:19', '2026-03-12 03:40:19'),
(953, 88, 870155, 83.50, 'A', 0, NULL, NULL, '2026-03-12 03:40:19', '2026-03-12 04:26:01'),
(954, 88, 870156, 80.00, 'A', 0, NULL, NULL, '2026-03-12 03:40:19', '2026-03-12 04:26:01'),
(955, 88, 870157, NULL, NULL, 0, NULL, NULL, '2026-03-12 03:40:19', '2026-03-12 03:40:19'),
(956, 88, 870158, 82.50, 'A', 0, NULL, NULL, '2026-03-12 03:40:19', '2026-03-12 04:26:01'),
(957, 88, 870159, 70.00, 'B', 0, NULL, NULL, '2026-03-12 03:40:19', '2026-03-12 04:26:01'),
(958, 88, 870160, 86.20, 'A', 0, NULL, NULL, '2026-03-12 03:40:19', '2026-03-12 04:26:01'),
(959, 88, 870161, 83.20, 'A', 0, NULL, NULL, '2026-03-12 03:40:19', '2026-03-12 04:26:01'),
(960, 88, 870162, 83.50, 'A', 0, NULL, NULL, '2026-03-12 03:40:19', '2026-03-12 04:26:01'),
(961, 88, 870163, NULL, NULL, 0, NULL, NULL, '2026-03-12 03:40:19', '2026-03-12 03:40:19'),
(962, 88, 870164, 79.20, 'A', 0, NULL, NULL, '2026-03-12 03:40:19', '2026-03-12 04:26:01'),
(963, 89, 870139, NULL, NULL, 0, NULL, NULL, '2026-03-12 03:40:19', '2026-03-12 03:40:19'),
(964, 89, 870138, 90.40, 'A', 0, NULL, NULL, '2026-03-12 03:40:19', '2026-03-12 04:26:01'),
(965, 89, 870140, 74.00, 'B', 0, NULL, NULL, '2026-03-12 03:40:19', '2026-03-12 04:26:01'),
(966, 89, 870141, 70.00, 'B', 0, NULL, NULL, '2026-03-12 03:40:19', '2026-03-12 04:26:01'),
(967, 89, 870142, 82.00, 'A', 0, NULL, NULL, '2026-03-12 03:40:19', '2026-03-12 04:26:01'),
(968, 89, 870143, 79.40, 'A', 0, NULL, NULL, '2026-03-12 03:40:19', '2026-03-12 04:26:01'),
(969, 89, 870144, 80.60, 'A', 0, NULL, NULL, '2026-03-12 03:40:19', '2026-03-12 04:26:01'),
(970, 89, 870145, 72.00, 'B', 0, NULL, NULL, '2026-03-12 03:40:19', '2026-03-12 04:26:01'),
(971, 89, 870146, 79.40, 'A', 0, NULL, NULL, '2026-03-12 03:40:19', '2026-03-12 04:26:01'),
(972, 89, 870147, 82.10, 'A', 0, NULL, NULL, '2026-03-12 03:40:19', '2026-03-12 04:26:01'),
(973, 89, 870148, 74.80, 'B', 0, NULL, NULL, '2026-03-12 03:40:19', '2026-03-12 04:26:01'),
(974, 89, 870149, 83.50, 'A', 0, NULL, NULL, '2026-03-12 03:40:19', '2026-03-12 04:26:01'),
(975, 89, 870150, NULL, NULL, 0, NULL, NULL, '2026-03-12 03:40:19', '2026-03-12 03:40:19'),
(976, 89, 870151, 80.50, 'A', 0, NULL, NULL, '2026-03-12 03:40:19', '2026-03-12 04:26:01'),
(977, 89, 870152, 80.00, 'A', 0, NULL, NULL, '2026-03-12 03:40:19', '2026-03-12 04:26:01'),
(978, 89, 870153, NULL, NULL, 0, NULL, NULL, '2026-03-12 03:40:19', '2026-03-12 03:40:19'),
(979, 89, 870154, NULL, NULL, 0, NULL, NULL, '2026-03-12 03:40:19', '2026-03-12 03:40:19'),
(980, 89, 870155, 82.00, 'A', 0, NULL, NULL, '2026-03-12 03:40:19', '2026-03-12 04:26:01'),
(981, 89, 870156, 78.00, 'B', 0, NULL, NULL, '2026-03-12 03:40:19', '2026-03-12 04:26:01'),
(982, 89, 870157, NULL, NULL, 0, NULL, NULL, '2026-03-12 03:40:19', '2026-03-12 03:40:19'),
(983, 89, 870158, 76.20, 'B', 0, NULL, NULL, '2026-03-12 03:40:19', '2026-03-12 04:26:01'),
(984, 89, 870159, 70.20, 'B', 0, NULL, NULL, '2026-03-12 03:40:19', '2026-03-12 04:26:01'),
(985, 89, 870160, 75.20, 'B', 0, NULL, NULL, '2026-03-12 03:40:19', '2026-03-12 04:26:01'),
(986, 89, 870161, 76.00, 'B', 0, NULL, NULL, '2026-03-12 03:40:19', '2026-03-12 04:26:01'),
(987, 89, 870162, 82.60, 'A', 0, NULL, NULL, '2026-03-12 03:40:19', '2026-03-12 04:26:01'),
(988, 89, 870163, NULL, NULL, 0, NULL, NULL, '2026-03-12 03:40:19', '2026-03-12 03:40:19'),
(989, 89, 870164, 81.80, 'A', 0, NULL, NULL, '2026-03-12 03:40:19', '2026-03-12 04:26:01'),
(990, 90, 870139, NULL, NULL, 0, NULL, NULL, '2026-03-12 03:40:19', '2026-03-12 03:40:19'),
(991, 90, 870138, 88.50, 'A', 0, NULL, NULL, '2026-03-12 03:40:19', '2026-03-12 04:26:01'),
(992, 90, 870140, 77.40, 'B', 0, NULL, NULL, '2026-03-12 03:40:19', '2026-03-12 04:26:01'),
(993, 90, 870141, 70.00, 'B', 0, NULL, NULL, '2026-03-12 03:40:19', '2026-03-12 04:26:01'),
(994, 90, 870142, 73.40, 'B', 0, NULL, NULL, '2026-03-12 03:40:19', '2026-03-12 04:26:01'),
(995, 90, 870143, 79.20, 'A', 0, NULL, NULL, '2026-03-12 03:40:19', '2026-03-12 04:26:01'),
(996, 90, 870144, 79.40, 'A', 0, NULL, NULL, '2026-03-12 03:40:19', '2026-03-12 04:26:01'),
(997, 90, 870145, 76.50, 'B', 0, NULL, NULL, '2026-03-12 03:40:19', '2026-03-12 04:26:01'),
(998, 90, 870146, 80.00, 'A', 0, NULL, NULL, '2026-03-12 03:40:19', '2026-03-12 04:26:01'),
(999, 90, 870147, 74.90, 'B', 0, NULL, NULL, '2026-03-12 03:40:19', '2026-03-12 04:26:01'),
(1000, 90, 870148, 79.30, 'A', 0, NULL, NULL, '2026-03-12 03:40:19', '2026-03-12 04:26:01'),
(1001, 90, 870149, 79.50, 'A', 0, NULL, NULL, '2026-03-12 03:40:19', '2026-03-12 04:26:01'),
(1002, 90, 870150, NULL, NULL, 0, NULL, NULL, '2026-03-12 03:40:19', '2026-03-12 03:40:19'),
(1003, 90, 870151, 77.50, 'B', 0, NULL, NULL, '2026-03-12 03:40:19', '2026-03-12 04:26:01'),
(1004, 90, 870152, 84.00, 'A', 0, NULL, NULL, '2026-03-12 03:40:19', '2026-03-12 04:26:01'),
(1005, 90, 870153, NULL, NULL, 0, NULL, NULL, '2026-03-12 03:40:19', '2026-03-12 03:40:19'),
(1006, 90, 870154, NULL, NULL, 0, NULL, NULL, '2026-03-12 03:40:19', '2026-03-12 03:40:19'),
(1007, 90, 870155, 75.40, 'B', 0, NULL, NULL, '2026-03-12 03:40:19', '2026-03-12 04:26:01'),
(1008, 90, 870156, 79.40, 'A', 0, NULL, NULL, '2026-03-12 03:40:19', '2026-03-12 04:26:01'),
(1009, 90, 870157, NULL, NULL, 0, NULL, NULL, '2026-03-12 03:40:19', '2026-03-12 03:40:19'),
(1010, 90, 870158, 78.50, 'B', 0, NULL, NULL, '2026-03-12 03:40:19', '2026-03-12 04:26:01'),
(1011, 90, 870159, 70.00, 'B', 0, NULL, NULL, '2026-03-12 03:40:19', '2026-03-12 04:26:01'),
(1012, 90, 870160, 76.50, 'B', 0, NULL, NULL, '2026-03-12 03:40:19', '2026-03-12 04:26:01'),
(1013, 90, 870161, 75.30, 'B', 0, NULL, NULL, '2026-03-12 03:40:19', '2026-03-12 04:26:01'),
(1014, 90, 870162, 85.60, 'A', 0, NULL, NULL, '2026-03-12 03:40:19', '2026-03-12 04:26:01'),
(1015, 90, 870163, NULL, NULL, 0, NULL, NULL, '2026-03-12 03:40:19', '2026-03-12 03:40:19'),
(1016, 90, 870164, 80.00, 'A', 0, NULL, NULL, '2026-03-12 03:40:19', '2026-03-12 04:26:01'),
(1017, 91, 870100, 61.00, 'C', 0, NULL, NULL, '2026-03-12 03:40:19', '2026-03-12 04:26:01'),
(1018, 91, 870101, 93.20, 'A', 0, NULL, NULL, '2026-03-12 03:40:19', '2026-03-12 04:26:01'),
(1019, 91, 870102, 90.80, 'A', 0, NULL, NULL, '2026-03-12 03:40:19', '2026-03-12 04:26:01'),
(1020, 91, 870103, 90.80, 'A', 0, NULL, NULL, '2026-03-12 03:40:19', '2026-03-12 04:26:01'),
(1021, 91, 870104, 92.20, 'A', 0, NULL, NULL, '2026-03-12 03:40:19', '2026-03-12 04:26:01'),
(1022, 91, 870105, 91.00, 'A', 0, NULL, NULL, '2026-03-12 03:40:19', '2026-03-12 04:26:01'),
(1023, 91, 870106, 94.10, 'A', 0, NULL, NULL, '2026-03-12 03:40:19', '2026-03-12 04:26:01'),
(1024, 91, 870107, 65.00, 'C', 0, NULL, NULL, '2026-03-12 03:40:19', '2026-03-12 04:26:01'),
(1025, 91, 870108, 80.50, 'A', 0, NULL, NULL, '2026-03-12 03:40:19', '2026-03-12 04:26:01'),
(1026, 91, 870109, 82.00, 'A', 0, NULL, NULL, '2026-03-12 03:40:19', '2026-03-12 04:26:01'),
(1027, 91, 870110, 78.80, 'B', 0, NULL, NULL, '2026-03-12 03:40:19', '2026-03-12 04:26:01'),
(1028, 91, 870111, 61.00, 'C', 0, NULL, NULL, '2026-03-12 03:40:19', '2026-03-12 04:26:01'),
(1029, 91, 870112, 69.00, 'C', 0, NULL, NULL, '2026-03-12 03:40:19', '2026-03-12 04:26:01'),
(1030, 91, 870113, 90.50, 'A', 0, NULL, NULL, '2026-03-12 03:40:19', '2026-03-12 04:26:01'),
(1031, 91, 870114, 60.00, 'C', 0, NULL, NULL, '2026-03-12 03:40:19', '2026-03-12 04:26:01'),
(1032, 91, 870115, 82.70, 'A', 0, NULL, NULL, '2026-03-12 03:40:19', '2026-03-12 04:26:01'),
(1033, 91, 870116, 91.50, 'A', 0, NULL, NULL, '2026-03-12 03:40:19', '2026-03-12 04:26:01'),
(1034, 91, 870118, 69.00, 'C', 0, NULL, NULL, '2026-03-12 03:40:19', '2026-03-12 04:26:01'),
(1035, 91, 870119, 60.00, 'C', 0, NULL, NULL, '2026-03-12 03:40:19', '2026-03-12 04:26:01'),
(1036, 91, 870120, 60.00, 'C', 0, NULL, NULL, '2026-03-12 03:40:19', '2026-03-12 04:26:01'),
(1037, 91, 870122, 87.50, 'A', 0, NULL, NULL, '2026-03-12 03:40:19', '2026-03-12 04:26:01'),
(1038, 91, 870123, 88.00, 'A', 0, NULL, NULL, '2026-03-12 03:40:19', '2026-03-12 04:26:01'),
(1039, 91, 870125, 82.50, 'A', 0, NULL, NULL, '2026-03-12 03:40:19', '2026-03-12 04:26:01'),
(1040, 91, 870127, 62.00, 'C', 0, NULL, NULL, '2026-03-12 03:40:19', '2026-03-12 04:26:01'),
(1041, 91, 870128, 92.40, 'A', 0, NULL, NULL, '2026-03-12 03:40:19', '2026-03-12 04:26:01'),
(1042, 91, 870130, 65.00, 'C', 0, NULL, NULL, '2026-03-12 03:40:19', '2026-03-12 04:26:01'),
(1043, 91, 870131, 85.10, 'A', 0, NULL, NULL, '2026-03-12 03:40:19', '2026-03-12 04:26:01'),
(1044, 91, 870132, 80.50, 'A', 0, NULL, NULL, '2026-03-12 03:40:19', '2026-03-12 04:26:01'),
(1045, 91, 870133, 84.00, 'A', 0, NULL, NULL, '2026-03-12 03:40:19', '2026-03-12 04:26:01'),
(1046, 91, 870134, 65.00, 'C', 0, NULL, NULL, '2026-03-12 03:40:19', '2026-03-12 04:26:01'),
(1047, 92, 870100, 60.00, 'C', 0, NULL, NULL, '2026-03-12 03:40:19', '2026-03-12 04:26:01'),
(1048, 92, 870101, 82.10, 'A', 0, NULL, NULL, '2026-03-12 03:40:19', '2026-03-12 04:26:01'),
(1049, 92, 870102, 83.40, 'A', 0, NULL, NULL, '2026-03-12 03:40:19', '2026-03-12 04:26:01'),
(1050, 92, 870103, 82.30, 'A', 0, NULL, NULL, '2026-03-12 03:40:19', '2026-03-12 04:26:01'),
(1051, 92, 870104, 83.30, 'A', 0, NULL, NULL, '2026-03-12 03:40:19', '2026-03-12 04:26:01'),
(1052, 92, 870105, 69.00, 'C', 0, NULL, NULL, '2026-03-12 03:40:19', '2026-03-12 04:26:01'),
(1053, 92, 870106, 82.60, 'A', 0, NULL, NULL, '2026-03-12 03:40:19', '2026-03-12 04:26:01'),
(1054, 92, 870107, 61.00, 'C', 0, NULL, NULL, '2026-03-12 03:40:19', '2026-03-12 04:26:01'),
(1055, 92, 870108, 83.10, 'A', 0, NULL, NULL, '2026-03-12 03:40:19', '2026-03-12 04:26:01'),
(1056, 92, 870109, 83.60, 'A', 0, NULL, NULL, '2026-03-12 03:40:19', '2026-03-12 04:26:01'),
(1057, 92, 870110, 83.00, 'A', 0, NULL, NULL, '2026-03-12 03:40:19', '2026-03-12 04:26:01'),
(1058, 92, 870111, 60.00, 'C', 0, NULL, NULL, '2026-03-12 03:40:19', '2026-03-12 04:26:01'),
(1059, 92, 870112, 76.20, 'B', 0, NULL, NULL, '2026-03-12 03:40:19', '2026-03-12 04:26:01'),
(1060, 92, 870113, 85.30, 'A', 0, NULL, NULL, '2026-03-12 03:40:19', '2026-03-12 04:26:01'),
(1061, 92, 870114, 61.00, 'C', 0, NULL, NULL, '2026-03-12 03:40:19', '2026-03-12 04:26:01'),
(1062, 92, 870115, 79.00, 'B', 0, NULL, NULL, '2026-03-12 03:40:19', '2026-03-12 04:26:01'),
(1063, 92, 870116, 60.00, 'C', 0, NULL, NULL, '2026-03-12 03:40:19', '2026-03-12 04:26:01'),
(1064, 92, 870118, 81.70, 'A', 0, NULL, NULL, '2026-03-12 03:40:19', '2026-03-12 04:26:01'),
(1065, 92, 870119, 62.00, 'C', 0, NULL, NULL, '2026-03-12 03:40:19', '2026-03-12 04:26:01'),
(1066, 92, 870120, 63.00, 'C', 0, NULL, NULL, '2026-03-12 03:40:19', '2026-03-12 04:26:01'),
(1067, 92, 870122, 83.40, 'A', 0, NULL, NULL, '2026-03-12 03:40:19', '2026-03-12 04:26:01'),
(1068, 92, 870123, 83.30, 'A', 0, NULL, NULL, '2026-03-12 03:40:19', '2026-03-12 04:26:01'),
(1069, 92, 870125, 82.80, 'A', 0, NULL, NULL, '2026-03-12 03:40:19', '2026-03-12 04:26:01'),
(1070, 92, 870127, 62.00, 'C', 0, NULL, NULL, '2026-03-12 03:40:19', '2026-03-12 04:26:01'),
(1071, 92, 870128, 85.00, 'A', 0, NULL, NULL, '2026-03-12 03:40:19', '2026-03-12 04:26:01'),
(1072, 92, 870130, 65.00, 'C', 0, NULL, NULL, '2026-03-12 03:40:19', '2026-03-12 04:26:01'),
(1073, 92, 870131, 81.80, 'A', 0, NULL, NULL, '2026-03-12 03:40:19', '2026-03-12 04:26:01'),
(1074, 92, 870132, 81.20, 'A', 0, NULL, NULL, '2026-03-12 03:40:19', '2026-03-12 04:26:01'),
(1075, 92, 870133, 83.00, 'A', 0, NULL, NULL, '2026-03-12 03:40:19', '2026-03-12 04:26:01'),
(1076, 92, 870134, 65.00, 'C', 0, NULL, NULL, '2026-03-12 03:40:19', '2026-03-12 04:26:01'),
(1077, 93, 870100, 61.00, 'C', 0, NULL, NULL, '2026-03-12 03:40:19', '2026-03-12 04:26:01'),
(1078, 93, 870101, 72.10, 'B', 0, NULL, NULL, '2026-03-12 03:40:19', '2026-03-12 04:26:01'),
(1079, 93, 870102, 74.00, 'B', 0, NULL, NULL, '2026-03-12 03:40:19', '2026-03-12 04:26:01'),
(1080, 93, 870103, 63.80, 'C', 0, NULL, NULL, '2026-03-12 03:40:19', '2026-03-12 04:26:01'),
(1081, 93, 870104, 81.90, 'A', 0, NULL, NULL, '2026-03-12 03:40:19', '2026-03-12 04:26:01'),
(1082, 93, 870105, 67.40, 'C', 0, NULL, NULL, '2026-03-12 03:40:19', '2026-03-12 04:26:01'),
(1083, 93, 870106, 76.90, 'B', 0, NULL, NULL, '2026-03-12 03:40:19', '2026-03-12 04:26:01'),
(1084, 93, 870107, 60.00, 'C', 0, NULL, NULL, '2026-03-12 03:40:19', '2026-03-12 04:26:01'),
(1085, 93, 870108, 80.60, 'A', 0, NULL, NULL, '2026-03-12 03:40:19', '2026-03-12 04:26:01'),
(1086, 93, 870109, 82.10, 'A', 0, NULL, NULL, '2026-03-12 03:40:19', '2026-03-12 04:26:01'),
(1087, 93, 870110, 73.70, 'B', 0, NULL, NULL, '2026-03-12 03:40:19', '2026-03-12 04:26:01'),
(1088, 93, 870111, 60.00, 'C', 0, NULL, NULL, '2026-03-12 03:40:19', '2026-03-12 04:26:01'),
(1089, 93, 870112, 78.90, 'B', 0, NULL, NULL, '2026-03-12 03:40:19', '2026-03-12 04:26:01'),
(1090, 93, 870113, 82.30, 'A', 0, NULL, NULL, '2026-03-12 03:40:19', '2026-03-12 04:26:01'),
(1091, 93, 870114, 60.00, 'C', 0, NULL, NULL, '2026-03-12 03:40:19', '2026-03-12 04:26:01'),
(1092, 93, 870115, 76.50, 'B', 0, NULL, NULL, '2026-03-12 03:40:19', '2026-03-12 04:26:01'),
(1093, 93, 870116, 76.20, 'B', 0, NULL, NULL, '2026-03-12 03:40:19', '2026-03-12 04:26:01'),
(1094, 93, 870118, 77.40, 'B', 0, NULL, NULL, '2026-03-12 03:40:19', '2026-03-12 04:26:01'),
(1095, 93, 870119, 61.00, 'C', 0, NULL, NULL, '2026-03-12 03:40:19', '2026-03-12 04:26:01'),
(1096, 93, 870120, 62.00, 'C', 0, NULL, NULL, '2026-03-12 03:40:19', '2026-03-12 04:26:01'),
(1097, 93, 870122, 82.80, 'A', 0, NULL, NULL, '2026-03-12 03:40:19', '2026-03-12 04:26:01'),
(1098, 93, 870123, 77.00, 'B', 0, NULL, NULL, '2026-03-12 03:40:19', '2026-03-12 04:26:01'),
(1099, 93, 870125, 82.90, 'A', 0, NULL, NULL, '2026-03-12 03:40:19', '2026-03-12 04:26:01'),
(1100, 93, 870127, 60.00, 'C', 0, NULL, NULL, '2026-03-12 03:40:19', '2026-03-12 04:26:01'),
(1101, 93, 870128, 86.60, 'A', 0, NULL, NULL, '2026-03-12 03:40:19', '2026-03-12 04:26:01'),
(1102, 93, 870130, 62.00, 'C', 0, NULL, NULL, '2026-03-12 03:40:19', '2026-03-12 04:26:01'),
(1103, 93, 870131, 80.10, 'A', 0, NULL, NULL, '2026-03-12 03:40:19', '2026-03-12 04:26:01'),
(1104, 93, 870132, 86.40, 'A', 0, NULL, NULL, '2026-03-12 03:40:19', '2026-03-12 04:26:01'),
(1105, 93, 870133, 74.10, 'B', 0, NULL, NULL, '2026-03-12 03:40:19', '2026-03-12 04:26:01'),
(1106, 93, 870134, 62.00, 'C', 0, NULL, NULL, '2026-03-12 03:40:19', '2026-03-12 04:26:01'),
(1107, 94, 870100, 60.00, 'C', 0, NULL, NULL, '2026-03-12 03:40:19', '2026-03-12 04:26:01'),
(1108, 94, 870101, 88.20, 'A', 0, NULL, NULL, '2026-03-12 03:40:19', '2026-03-12 04:26:01'),
(1109, 94, 870102, 90.20, 'A', 0, NULL, NULL, '2026-03-12 03:40:19', '2026-03-12 04:26:01'),
(1110, 94, 870103, 62.20, 'C', 0, NULL, NULL, '2026-03-12 03:40:19', '2026-03-12 04:26:01'),
(1111, 94, 870104, 88.20, 'A', 0, NULL, NULL, '2026-03-12 03:40:19', '2026-03-12 04:26:01'),
(1112, 94, 870105, 62.10, 'C', 0, NULL, NULL, '2026-03-12 03:40:19', '2026-03-12 04:26:01'),
(1113, 94, 870106, 85.40, 'A', 0, NULL, NULL, '2026-03-12 03:40:19', '2026-03-12 04:26:01'),
(1114, 94, 870107, 60.00, 'C', 0, NULL, NULL, '2026-03-12 03:40:19', '2026-03-12 04:26:01'),
(1115, 94, 870108, 74.30, 'B', 0, NULL, NULL, '2026-03-12 03:40:19', '2026-03-12 04:26:01'),
(1116, 94, 870109, 83.70, 'A', 0, NULL, NULL, '2026-03-12 03:40:19', '2026-03-12 04:26:01'),
(1117, 94, 870110, 73.10, 'B', 0, NULL, NULL, '2026-03-12 03:40:19', '2026-03-12 04:26:01'),
(1118, 94, 870111, 60.00, 'C', 0, NULL, NULL, '2026-03-12 03:40:19', '2026-03-12 04:26:01'),
(1119, 94, 870112, 61.10, 'C', 0, NULL, NULL, '2026-03-12 03:40:19', '2026-03-12 04:26:01'),
(1120, 94, 870113, 81.00, 'A', 0, NULL, NULL, '2026-03-12 03:40:19', '2026-03-12 04:26:01'),
(1121, 94, 870114, 60.00, 'C', 0, NULL, NULL, '2026-03-12 03:40:19', '2026-03-12 04:26:01'),
(1122, 94, 870115, 73.00, 'B', 0, NULL, NULL, '2026-03-12 03:40:19', '2026-03-12 04:26:01'),
(1123, 94, 870116, 62.00, 'C', 0, NULL, NULL, '2026-03-12 03:40:19', '2026-03-12 04:26:01'),
(1124, 94, 870118, 70.00, 'B', 0, NULL, NULL, '2026-03-12 03:40:19', '2026-03-12 04:26:01'),
(1125, 94, 870119, 60.00, 'C', 0, NULL, NULL, '2026-03-12 03:40:19', '2026-03-12 04:26:01'),
(1126, 94, 870120, 60.00, 'C', 0, NULL, NULL, '2026-03-12 03:40:19', '2026-03-12 04:26:01'),
(1127, 94, 870122, 75.00, 'B', 0, NULL, NULL, '2026-03-12 03:40:19', '2026-03-12 04:26:01'),
(1128, 94, 870123, 76.50, 'B', 0, NULL, NULL, '2026-03-12 03:40:19', '2026-03-12 04:26:01'),
(1129, 94, 870125, 85.70, 'A', 0, NULL, NULL, '2026-03-12 03:40:19', '2026-03-12 04:26:01'),
(1130, 94, 870127, 62.00, 'C', 0, NULL, NULL, '2026-03-12 03:40:19', '2026-03-12 04:26:01'),
(1131, 94, 870128, 81.00, 'A', 0, NULL, NULL, '2026-03-12 03:40:19', '2026-03-12 04:26:01'),
(1132, 94, 870130, 61.00, 'C', 0, NULL, NULL, '2026-03-12 03:40:19', '2026-03-12 04:26:01'),
(1133, 94, 870131, 79.00, 'B', 0, NULL, NULL, '2026-03-12 03:40:19', '2026-03-12 04:26:01'),
(1134, 94, 870132, 63.60, 'C', 0, NULL, NULL, '2026-03-12 03:40:19', '2026-03-12 04:26:01'),
(1135, 94, 870133, 74.10, 'B', 0, NULL, NULL, '2026-03-12 03:40:19', '2026-03-12 04:26:01'),
(1136, 94, 870134, 61.00, 'C', 0, NULL, NULL, '2026-03-12 03:40:19', '2026-03-12 04:26:01'),
(1137, 95, 870100, 60.60, 'C', 0, NULL, NULL, '2026-03-12 03:40:19', '2026-03-12 04:26:01'),
(1138, 95, 870101, 72.00, 'B', 0, NULL, NULL, '2026-03-12 03:40:19', '2026-03-12 04:26:01'),
(1139, 95, 870102, 78.60, 'B', 0, NULL, NULL, '2026-03-12 03:40:19', '2026-03-12 04:26:01'),
(1140, 95, 870103, 56.60, 'D', 0, NULL, NULL, '2026-03-12 03:40:19', '2026-03-12 04:26:01'),
(1141, 95, 870104, 80.10, 'A', 0, NULL, NULL, '2026-03-12 03:40:19', '2026-03-12 04:26:01'),
(1142, 95, 870105, 65.20, 'C', 0, NULL, NULL, '2026-03-12 03:40:19', '2026-03-12 04:26:01'),
(1143, 95, 870106, 75.60, 'B', 0, NULL, NULL, '2026-03-12 03:40:19', '2026-03-12 04:26:01'),
(1144, 95, 870107, 60.00, 'C', 0, NULL, NULL, '2026-03-12 03:40:19', '2026-03-12 04:26:01'),
(1145, 95, 870108, 77.10, 'B', 0, NULL, NULL, '2026-03-12 03:40:19', '2026-03-12 04:26:01'),
(1146, 95, 870109, 77.40, 'B', 0, NULL, NULL, '2026-03-12 03:40:19', '2026-03-12 04:26:01'),
(1147, 95, 870110, 77.10, 'B', 0, NULL, NULL, '2026-03-12 03:40:19', '2026-03-12 04:26:01'),
(1148, 95, 870111, 60.80, 'C', 0, NULL, NULL, '2026-03-12 03:40:19', '2026-03-12 04:26:01'),
(1149, 95, 870112, 65.50, 'C', 0, NULL, NULL, '2026-03-12 03:40:19', '2026-03-12 04:26:01'),
(1150, 95, 870113, 86.50, 'A', 0, NULL, NULL, '2026-03-12 03:40:19', '2026-03-12 04:26:01'),
(1151, 95, 870114, 60.20, 'C', 0, NULL, NULL, '2026-03-12 03:40:19', '2026-03-12 04:26:01'),
(1152, 95, 870115, 73.00, 'B', 0, NULL, NULL, '2026-03-12 03:40:19', '2026-03-12 04:26:01'),
(1153, 95, 870116, 66.70, 'C', 0, NULL, NULL, '2026-03-12 03:40:19', '2026-03-12 04:26:01'),
(1154, 95, 870118, 67.80, 'C', 0, NULL, NULL, '2026-03-12 03:40:19', '2026-03-12 04:26:01'),
(1155, 95, 870119, 60.00, 'C', 0, NULL, NULL, '2026-03-12 03:40:19', '2026-03-12 04:26:01'),
(1156, 95, 870120, 60.40, 'C', 0, NULL, NULL, '2026-03-12 03:40:19', '2026-03-12 04:26:01'),
(1157, 95, 870122, 78.30, 'B', 0, NULL, NULL, '2026-03-12 03:40:19', '2026-03-12 04:26:01'),
(1158, 95, 870123, 77.20, 'B', 0, NULL, NULL, '2026-03-12 03:40:19', '2026-03-12 04:26:01'),
(1159, 95, 870125, 80.30, 'A', 0, NULL, NULL, '2026-03-12 03:40:19', '2026-03-12 04:26:01'),
(1160, 95, 870127, 60.40, 'C', 0, NULL, NULL, '2026-03-12 03:40:19', '2026-03-12 04:26:01'),
(1161, 95, 870128, 82.00, 'A', 0, NULL, NULL, '2026-03-12 03:40:19', '2026-03-12 04:26:01'),
(1162, 95, 870130, 61.60, 'C', 0, NULL, NULL, '2026-03-12 03:40:19', '2026-03-12 04:26:01'),
(1163, 95, 870131, 82.00, 'A', 0, NULL, NULL, '2026-03-12 03:40:19', '2026-03-12 04:26:01'),
(1164, 95, 870132, 69.00, 'C', 0, NULL, NULL, '2026-03-12 03:40:19', '2026-03-12 04:26:01'),
(1165, 95, 870133, 77.70, 'B', 0, NULL, NULL, '2026-03-12 03:40:19', '2026-03-12 04:26:01'),
(1166, 95, 870134, 62.70, 'C', 0, NULL, NULL, '2026-03-12 03:40:19', '2026-03-12 04:26:01'),
(1167, 96, 870100, 60.00, 'C', 0, NULL, NULL, '2026-03-12 03:40:19', '2026-03-12 04:26:01'),
(1168, 96, 870101, 87.00, 'A', 0, NULL, NULL, '2026-03-12 03:40:19', '2026-03-12 04:26:01'),
(1169, 96, 870102, 85.40, 'A', 0, NULL, NULL, '2026-03-12 03:40:19', '2026-03-12 04:26:01'),
(1170, 96, 870103, 75.70, 'B', 0, NULL, NULL, '2026-03-12 03:40:19', '2026-03-12 04:26:01'),
(1171, 96, 870104, 89.50, 'A', 0, NULL, NULL, '2026-03-12 03:40:19', '2026-03-12 04:26:01'),
(1172, 96, 870105, 68.00, 'C', 0, NULL, NULL, '2026-03-12 03:40:19', '2026-03-12 04:26:01'),
(1173, 96, 870106, 85.00, 'A', 0, NULL, NULL, '2026-03-12 03:40:19', '2026-03-12 04:26:01'),
(1174, 96, 870107, 60.00, 'C', 0, NULL, NULL, '2026-03-12 03:40:19', '2026-03-12 04:26:01'),
(1175, 96, 870108, 81.30, 'A', 0, NULL, NULL, '2026-03-12 03:40:19', '2026-03-12 04:26:01'),
(1176, 96, 870109, 81.80, 'A', 0, NULL, NULL, '2026-03-12 03:40:19', '2026-03-12 04:26:01'),
(1177, 96, 870110, 81.20, 'A', 0, NULL, NULL, '2026-03-12 03:40:19', '2026-03-12 04:26:01'),
(1178, 96, 870111, 61.00, 'C', 0, NULL, NULL, '2026-03-12 03:40:19', '2026-03-12 04:26:01'),
(1179, 96, 870112, 82.00, 'A', 0, NULL, NULL, '2026-03-12 03:40:19', '2026-03-12 04:26:01'),
(1180, 96, 870113, 86.80, 'A', 0, NULL, NULL, '2026-03-12 03:40:19', '2026-03-12 04:26:01'),
(1181, 96, 870114, 62.00, 'C', 0, NULL, NULL, '2026-03-12 03:40:19', '2026-03-12 04:26:01'),
(1182, 96, 870115, 64.10, 'C', 0, NULL, NULL, '2026-03-12 03:40:19', '2026-03-12 04:26:01'),
(1183, 96, 870116, 83.10, 'A', 0, NULL, NULL, '2026-03-12 03:40:19', '2026-03-12 04:26:01'),
(1184, 96, 870118, 65.00, 'C', 0, NULL, NULL, '2026-03-12 03:40:19', '2026-03-12 04:26:01'),
(1185, 96, 870119, 60.00, 'C', 0, NULL, NULL, '2026-03-12 03:40:19', '2026-03-12 04:26:01'),
(1186, 96, 870120, 61.00, 'C', 0, NULL, NULL, '2026-03-12 03:40:19', '2026-03-12 04:26:01'),
(1187, 96, 870122, 76.00, 'B', 0, NULL, NULL, '2026-03-12 03:40:19', '2026-03-12 04:26:01'),
(1188, 96, 870123, 80.30, 'A', 0, NULL, NULL, '2026-03-12 03:40:19', '2026-03-12 04:26:01'),
(1189, 96, 870125, 85.10, 'A', 0, NULL, NULL, '2026-03-12 03:40:19', '2026-03-12 04:26:01'),
(1190, 96, 870127, 60.00, 'C', 0, NULL, NULL, '2026-03-12 03:40:19', '2026-03-12 04:26:01'),
(1191, 96, 870128, 92.50, 'A', 0, NULL, NULL, '2026-03-12 03:40:19', '2026-03-12 04:26:01'),
(1192, 96, 870130, 65.00, 'C', 0, NULL, NULL, '2026-03-12 03:40:19', '2026-03-12 04:26:01'),
(1193, 96, 870131, 69.00, 'C', 0, NULL, NULL, '2026-03-12 03:40:19', '2026-03-12 04:26:01'),
(1194, 96, 870132, 65.00, 'C', 0, NULL, NULL, '2026-03-12 03:40:19', '2026-03-12 04:26:01'),
(1195, 96, 870133, 79.00, 'B', 0, NULL, NULL, '2026-03-12 03:40:19', '2026-03-12 04:26:01'),
(1196, 96, 870134, 65.00, 'C', 0, NULL, NULL, '2026-03-12 03:40:19', '2026-03-12 04:26:01'),
(1197, 97, 870100, 65.00, 'C', 0, NULL, NULL, '2026-03-12 03:40:19', '2026-03-12 04:26:01'),
(1198, 97, 870101, 83.80, 'A', 0, NULL, NULL, '2026-03-12 03:40:19', '2026-03-12 04:26:01'),
(1199, 97, 870102, 83.90, 'A', 0, NULL, NULL, '2026-03-12 03:40:19', '2026-03-12 04:26:01'),
(1200, 97, 870103, 85.50, 'A', 0, NULL, NULL, '2026-03-12 03:40:19', '2026-03-12 04:26:01'),
(1201, 97, 870104, 88.60, 'A', 0, NULL, NULL, '2026-03-12 03:40:19', '2026-03-12 04:26:01'),
(1202, 97, 870105, 83.50, 'A', 0, NULL, NULL, '2026-03-12 03:40:19', '2026-03-12 04:26:01'),
(1203, 97, 870106, 88.60, 'A', 0, NULL, NULL, '2026-03-12 03:40:19', '2026-03-12 04:26:01'),
(1204, 97, 870107, 60.00, 'C', 0, NULL, NULL, '2026-03-12 03:40:19', '2026-03-12 04:26:01'),
(1205, 97, 870108, 87.10, 'A', 0, NULL, NULL, '2026-03-12 03:40:19', '2026-03-12 04:26:01'),
(1206, 97, 870109, 90.10, 'A', 0, NULL, NULL, '2026-03-12 03:40:19', '2026-03-12 04:26:01'),
(1207, 97, 870110, 89.70, 'A', 0, NULL, NULL, '2026-03-12 03:40:19', '2026-03-12 04:26:01'),
(1208, 97, 870111, 65.00, 'C', 0, NULL, NULL, '2026-03-12 03:40:19', '2026-03-12 04:26:01'),
(1209, 97, 870112, 80.90, 'A', 0, NULL, NULL, '2026-03-12 03:40:19', '2026-03-12 04:26:01'),
(1210, 97, 870113, 86.50, 'A', 0, NULL, NULL, '2026-03-12 03:40:19', '2026-03-12 04:26:01'),
(1211, 97, 870114, 60.00, 'C', 0, NULL, NULL, '2026-03-12 03:40:19', '2026-03-12 04:26:01'),
(1212, 97, 870115, 82.90, 'A', 0, NULL, NULL, '2026-03-12 03:40:19', '2026-03-12 04:26:01'),
(1213, 97, 870116, 87.30, 'A', 0, NULL, NULL, '2026-03-12 03:40:19', '2026-03-12 04:26:01'),
(1214, 97, 870118, 79.80, 'B', 0, NULL, NULL, '2026-03-12 03:40:19', '2026-03-12 04:26:01'),
(1215, 97, 870119, 60.00, 'C', 0, NULL, NULL, '2026-03-12 03:40:19', '2026-03-12 04:26:01'),
(1216, 97, 870120, 60.00, 'C', 0, NULL, NULL, '2026-03-12 03:40:19', '2026-03-12 04:26:01'),
(1217, 97, 870122, 88.20, 'A', 0, NULL, NULL, '2026-03-12 03:40:19', '2026-03-12 04:26:01'),
(1218, 97, 870123, 92.00, 'A', 0, NULL, NULL, '2026-03-12 03:40:19', '2026-03-12 04:26:01'),
(1219, 97, 870125, 87.20, 'A', 0, NULL, NULL, '2026-03-12 03:40:19', '2026-03-12 04:26:01'),
(1220, 97, 870127, 60.00, 'C', 0, NULL, NULL, '2026-03-12 03:40:19', '2026-03-12 04:26:01'),
(1221, 97, 870128, 89.70, 'A', 0, NULL, NULL, '2026-03-12 03:40:19', '2026-03-12 04:26:01'),
(1222, 97, 870130, 65.00, 'C', 0, NULL, NULL, '2026-03-12 03:40:19', '2026-03-12 04:26:01'),
(1223, 97, 870131, 83.70, 'A', 0, NULL, NULL, '2026-03-12 03:40:19', '2026-03-12 04:26:01'),
(1224, 97, 870132, 81.70, 'A', 0, NULL, NULL, '2026-03-12 03:40:19', '2026-03-12 04:26:01'),
(1225, 97, 870133, 86.50, 'A', 0, NULL, NULL, '2026-03-12 03:40:19', '2026-03-12 04:26:01'),
(1226, 97, 870134, 65.00, 'C', 0, NULL, NULL, '2026-03-12 03:40:19', '2026-03-12 04:26:01'),
(1227, 98, 870100, 62.10, 'C', 0, NULL, NULL, '2026-03-12 03:40:19', '2026-03-12 04:26:01'),
(1228, 98, 870101, 89.70, 'A', 0, NULL, NULL, '2026-03-12 03:40:19', '2026-03-12 04:26:01'),
(1229, 98, 870102, 90.60, 'A', 0, NULL, NULL, '2026-03-12 03:40:19', '2026-03-12 04:26:01'),
(1230, 98, 870103, 89.10, 'A', 0, NULL, NULL, '2026-03-12 03:40:19', '2026-03-12 04:26:01'),
(1231, 98, 870104, 90.60, 'A', 0, NULL, NULL, '2026-03-12 03:40:19', '2026-03-12 04:26:01'),
(1232, 98, 870105, 65.00, 'C', 0, NULL, NULL, '2026-03-12 03:40:19', '2026-03-12 04:26:01'),
(1233, 98, 870106, 92.40, 'A', 0, NULL, NULL, '2026-03-12 03:40:19', '2026-03-12 04:26:01'),
(1234, 98, 870107, 68.00, 'C', 0, NULL, NULL, '2026-03-12 03:40:19', '2026-03-12 04:26:01'),
(1235, 98, 870108, 81.80, 'A', 0, NULL, NULL, '2026-03-12 03:40:19', '2026-03-12 04:26:01'),
(1236, 98, 870109, 85.20, 'A', 0, NULL, NULL, '2026-03-12 03:40:19', '2026-03-12 04:26:01'),
(1237, 98, 870110, 82.30, 'A', 0, NULL, NULL, '2026-03-12 03:40:19', '2026-03-12 04:26:01'),
(1238, 98, 870111, 60.10, 'C', 0, NULL, NULL, '2026-03-12 03:40:19', '2026-03-12 04:26:01'),
(1239, 98, 870112, 81.30, 'A', 0, NULL, NULL, '2026-03-12 03:40:19', '2026-03-12 04:26:01'),
(1240, 98, 870113, 90.40, 'A', 0, NULL, NULL, '2026-03-12 03:40:19', '2026-03-12 04:26:01'),
(1241, 98, 870114, 60.20, 'C', 0, NULL, NULL, '2026-03-12 03:40:19', '2026-03-12 04:26:01'),
(1242, 98, 870115, 79.00, 'B', 0, NULL, NULL, '2026-03-12 03:40:19', '2026-03-12 04:26:01'),
(1243, 98, 870116, 65.00, 'C', 0, NULL, NULL, '2026-03-12 03:40:19', '2026-03-12 04:26:01'),
(1244, 98, 870118, 76.00, 'B', 0, NULL, NULL, '2026-03-12 03:40:19', '2026-03-12 04:26:01'),
(1245, 98, 870119, 60.00, 'C', 0, NULL, NULL, '2026-03-12 03:40:19', '2026-03-12 04:26:01'),
(1246, 98, 870120, 60.40, 'C', 0, NULL, NULL, '2026-03-12 03:40:19', '2026-03-12 04:26:01'),
(1247, 98, 870122, 82.80, 'A', 0, NULL, NULL, '2026-03-12 03:40:19', '2026-03-12 04:26:01'),
(1248, 98, 870123, 85.50, 'A', 0, NULL, NULL, '2026-03-12 03:40:19', '2026-03-12 04:26:01'),
(1249, 98, 870125, 83.50, 'A', 0, NULL, NULL, '2026-03-12 03:40:19', '2026-03-12 04:26:01'),
(1250, 98, 870127, 60.40, 'C', 0, NULL, NULL, '2026-03-12 03:40:19', '2026-03-12 04:26:01'),
(1251, 98, 870128, 85.10, 'A', 0, NULL, NULL, '2026-03-12 03:40:19', '2026-03-12 04:26:01'),
(1252, 98, 870130, 65.10, 'C', 0, NULL, NULL, '2026-03-12 03:40:19', '2026-03-12 04:26:01'),
(1253, 98, 870131, 78.70, 'B', 0, NULL, NULL, '2026-03-12 03:40:19', '2026-03-12 04:26:01'),
(1254, 98, 870132, 81.70, 'A', 0, NULL, NULL, '2026-03-12 03:40:19', '2026-03-12 04:26:01'),
(1255, 98, 870133, 82.00, 'A', 0, NULL, NULL, '2026-03-12 03:40:19', '2026-03-12 04:26:01'),
(1256, 98, 870134, 65.70, 'C', 0, NULL, NULL, '2026-03-12 03:40:19', '2026-03-12 04:26:01'),
(1257, 99, 870100, NULL, NULL, 0, NULL, NULL, '2026-03-12 03:40:19', '2026-03-12 03:40:19'),
(1258, 99, 870101, 82.00, 'A', 0, NULL, NULL, '2026-03-12 03:40:19', '2026-03-12 04:26:01'),
(1259, 99, 870102, 84.50, 'A', 0, NULL, NULL, '2026-03-12 03:40:19', '2026-03-12 04:26:01'),
(1260, 99, 870103, 66.50, 'C', 0, NULL, NULL, '2026-03-12 03:40:19', '2026-03-12 04:26:01'),
(1261, 99, 870104, 82.50, 'A', 0, NULL, NULL, '2026-03-12 03:40:19', '2026-03-12 04:26:01'),
(1262, 99, 870105, NULL, NULL, 0, NULL, NULL, '2026-03-12 03:40:19', '2026-03-12 03:40:19'),
(1263, 99, 870106, 82.00, 'A', 0, NULL, NULL, '2026-03-12 03:40:19', '2026-03-12 04:26:01'),
(1264, 99, 870107, NULL, NULL, 0, NULL, NULL, '2026-03-12 03:40:19', '2026-03-12 03:40:19'),
(1265, 99, 870108, 81.80, 'A', 0, NULL, NULL, '2026-03-12 03:40:19', '2026-03-12 04:26:01'),
(1266, 99, 870109, 83.20, 'A', 0, NULL, NULL, '2026-03-12 03:40:19', '2026-03-12 04:26:01'),
(1267, 99, 870110, 82.30, 'A', 0, NULL, NULL, '2026-03-12 03:40:19', '2026-03-12 04:26:01'),
(1268, 99, 870111, NULL, NULL, 0, NULL, NULL, '2026-03-12 03:40:19', '2026-03-12 03:40:19'),
(1269, 99, 870112, NULL, NULL, 0, NULL, NULL, '2026-03-12 03:40:19', '2026-03-12 03:40:19'),
(1270, 99, 870113, 82.30, 'A', 0, NULL, NULL, '2026-03-12 03:40:19', '2026-03-12 04:26:01'),
(1271, 99, 870114, NULL, NULL, 0, NULL, NULL, '2026-03-12 03:40:19', '2026-03-12 03:40:19'),
(1272, 99, 870115, 80.20, 'A', 0, NULL, NULL, '2026-03-12 03:40:19', '2026-03-12 04:26:01'),
(1273, 99, 870116, NULL, NULL, 0, NULL, NULL, '2026-03-12 03:40:19', '2026-03-12 03:40:19'),
(1274, 99, 870118, 75.50, 'B', 0, NULL, NULL, '2026-03-12 03:40:19', '2026-03-12 04:26:01'),
(1275, 99, 870119, NULL, NULL, 0, NULL, NULL, '2026-03-12 03:40:19', '2026-03-12 03:40:19'),
(1276, 99, 870120, NULL, NULL, 0, NULL, NULL, '2026-03-12 03:40:19', '2026-03-12 03:40:19'),
(1277, 99, 870122, 80.70, 'A', 0, NULL, NULL, '2026-03-12 03:40:19', '2026-03-12 04:26:01'),
(1278, 99, 870123, 83.50, 'A', 0, NULL, NULL, '2026-03-12 03:40:19', '2026-03-12 04:26:01'),
(1279, 99, 870125, 83.50, 'A', 0, NULL, NULL, '2026-03-12 03:40:19', '2026-03-12 04:26:01'),
(1280, 99, 870127, NULL, NULL, 0, NULL, NULL, '2026-03-12 03:40:19', '2026-03-12 03:40:19'),
(1281, 99, 870128, NULL, NULL, 0, NULL, NULL, '2026-03-12 03:40:19', '2026-03-12 03:40:19'),
(1282, 99, 870130, NULL, NULL, 0, NULL, NULL, '2026-03-12 03:40:19', '2026-03-12 03:40:19'),
(1283, 99, 870131, 83.50, 'A', 0, NULL, NULL, '2026-03-12 03:40:19', '2026-03-12 04:26:01'),
(1284, 99, 870132, 72.30, 'B', 0, NULL, NULL, '2026-03-12 03:40:19', '2026-03-12 04:26:01'),
(1285, 99, 870133, NULL, NULL, 0, NULL, NULL, '2026-03-12 03:40:19', '2026-03-12 03:40:19'),
(1286, 99, 870134, NULL, NULL, 0, NULL, NULL, '2026-03-12 03:40:19', '2026-03-12 03:40:19'),
(1287, 100, 870100, NULL, NULL, 0, NULL, NULL, '2026-03-12 03:40:19', '2026-03-12 03:40:19'),
(1288, 100, 870101, 77.00, 'B', 0, NULL, NULL, '2026-03-12 03:40:19', '2026-03-12 04:26:01'),
(1289, 100, 870102, 81.00, 'A', 0, NULL, NULL, '2026-03-12 03:40:19', '2026-03-12 04:26:01'),
(1290, 100, 870103, 75.50, 'B', 0, NULL, NULL, '2026-03-12 03:40:19', '2026-03-12 04:26:01'),
(1291, 100, 870104, 83.00, 'A', 0, NULL, NULL, '2026-03-12 03:40:19', '2026-03-12 04:26:01'),
(1292, 100, 870105, NULL, NULL, 0, NULL, NULL, '2026-03-12 03:40:19', '2026-03-12 03:40:19'),
(1293, 100, 870106, 83.00, 'A', 0, NULL, NULL, '2026-03-12 03:40:19', '2026-03-12 04:26:01'),
(1294, 100, 870107, NULL, NULL, 0, NULL, NULL, '2026-03-12 03:40:19', '2026-03-12 03:40:19'),
(1295, 100, 870108, 80.90, 'A', 0, NULL, NULL, '2026-03-12 03:40:19', '2026-03-12 04:26:01'),
(1296, 100, 870109, 82.60, 'A', 0, NULL, NULL, '2026-03-12 03:40:19', '2026-03-12 04:26:01'),
(1297, 100, 870110, 72.50, 'B', 0, NULL, NULL, '2026-03-12 03:40:19', '2026-03-12 04:26:01'),
(1298, 100, 870111, NULL, NULL, 0, NULL, NULL, '2026-03-12 03:40:19', '2026-03-12 03:40:19'),
(1299, 100, 870112, NULL, NULL, 0, NULL, NULL, '2026-03-12 03:40:19', '2026-03-12 03:40:19'),
(1300, 100, 870113, 82.00, 'A', 0, NULL, NULL, '2026-03-12 03:40:19', '2026-03-12 04:26:01'),
(1301, 100, 870114, NULL, NULL, 0, NULL, NULL, '2026-03-12 03:40:19', '2026-03-12 03:40:19'),
(1302, 100, 870115, 78.00, 'B', 0, NULL, NULL, '2026-03-12 03:40:19', '2026-03-12 04:26:01'),
(1303, 100, 870116, NULL, NULL, 0, NULL, NULL, '2026-03-12 03:40:19', '2026-03-12 03:40:19'),
(1304, 100, 870118, 72.60, 'B', 0, NULL, NULL, '2026-03-12 03:40:19', '2026-03-12 04:26:01'),
(1305, 100, 870119, NULL, NULL, 0, NULL, NULL, '2026-03-12 03:40:19', '2026-03-12 03:40:19'),
(1306, 100, 870120, NULL, NULL, 0, NULL, NULL, '2026-03-12 03:40:19', '2026-03-12 03:40:19'),
(1307, 100, 870122, 78.00, 'B', 0, NULL, NULL, '2026-03-12 03:40:19', '2026-03-12 04:26:01'),
(1308, 100, 870123, 78.70, 'B', 0, NULL, NULL, '2026-03-12 03:40:19', '2026-03-12 04:26:01'),
(1309, 100, 870125, 81.00, 'A', 0, NULL, NULL, '2026-03-12 03:40:19', '2026-03-12 04:26:01'),
(1310, 100, 870127, NULL, NULL, 0, NULL, NULL, '2026-03-12 03:40:19', '2026-03-12 03:40:19'),
(1311, 100, 870128, NULL, NULL, 0, NULL, NULL, '2026-03-12 03:40:19', '2026-03-12 03:40:19'),
(1312, 100, 870130, NULL, NULL, 0, NULL, NULL, '2026-03-12 03:40:19', '2026-03-12 03:40:19'),
(1313, 100, 870131, 78.80, 'B', 0, NULL, NULL, '2026-03-12 03:40:19', '2026-03-12 04:26:01'),
(1314, 100, 870132, 76.40, 'B', 0, NULL, NULL, '2026-03-12 03:40:19', '2026-03-12 04:26:01'),
(1315, 100, 870133, NULL, NULL, 0, NULL, NULL, '2026-03-12 03:40:19', '2026-03-12 03:40:19'),
(1316, 100, 870134, NULL, NULL, 0, NULL, NULL, '2026-03-12 03:40:19', '2026-03-12 03:40:19'),
(1317, 101, 870100, NULL, NULL, 0, NULL, NULL, '2026-03-12 03:40:19', '2026-03-12 03:40:19'),
(1318, 101, 870101, 79.20, 'A', 0, NULL, NULL, '2026-03-12 03:40:19', '2026-03-12 04:26:01'),
(1319, 101, 870102, 79.20, 'A', 0, NULL, NULL, '2026-03-12 03:40:19', '2026-03-12 04:26:01'),
(1320, 101, 870103, 72.30, 'B', 0, NULL, NULL, '2026-03-12 03:40:19', '2026-03-12 04:26:01'),
(1321, 101, 870104, 81.20, 'A', 0, NULL, NULL, '2026-03-12 03:40:19', '2026-03-12 04:26:01'),
(1322, 101, 870105, NULL, NULL, 0, NULL, NULL, '2026-03-12 03:40:19', '2026-03-12 03:40:19'),
(1323, 101, 870106, 84.50, 'A', 0, NULL, NULL, '2026-03-12 03:40:19', '2026-03-12 04:26:01'),
(1324, 101, 870107, NULL, NULL, 0, NULL, NULL, '2026-03-12 03:40:19', '2026-03-12 03:40:19'),
(1325, 101, 870108, 83.70, 'A', 0, NULL, NULL, '2026-03-12 03:40:19', '2026-03-12 04:26:01'),
(1326, 101, 870109, 82.90, 'A', 0, NULL, NULL, '2026-03-12 03:40:19', '2026-03-12 04:26:01'),
(1327, 101, 870110, 80.10, 'A', 0, NULL, NULL, '2026-03-12 03:40:19', '2026-03-12 04:26:01'),
(1328, 101, 870111, NULL, NULL, 0, NULL, NULL, '2026-03-12 03:40:19', '2026-03-12 03:40:19'),
(1329, 101, 870112, NULL, NULL, 0, NULL, NULL, '2026-03-12 03:40:19', '2026-03-12 03:40:19'),
(1330, 101, 870113, 79.20, 'A', 0, NULL, NULL, '2026-03-12 03:40:19', '2026-03-12 04:26:01'),
(1331, 101, 870114, NULL, NULL, 0, NULL, NULL, '2026-03-12 03:40:19', '2026-03-12 03:40:19'),
(1332, 101, 870115, 75.00, 'B', 0, NULL, NULL, '2026-03-12 03:40:19', '2026-03-12 04:26:01'),
(1333, 101, 870116, NULL, NULL, 0, NULL, NULL, '2026-03-12 03:40:19', '2026-03-12 03:40:19'),
(1334, 101, 870118, 72.00, 'B', 0, NULL, NULL, '2026-03-12 03:40:19', '2026-03-12 04:26:01'),
(1335, 101, 870119, NULL, NULL, 0, NULL, NULL, '2026-03-12 03:40:19', '2026-03-12 03:40:19'),
(1336, 101, 870120, NULL, NULL, 0, NULL, NULL, '2026-03-12 03:40:19', '2026-03-12 03:40:19'),
(1337, 101, 870122, 80.90, 'A', 0, NULL, NULL, '2026-03-12 03:40:19', '2026-03-12 04:26:01'),
(1338, 101, 870123, 83.60, 'A', 0, NULL, NULL, '2026-03-12 03:40:19', '2026-03-12 04:26:01'),
(1339, 101, 870125, 93.90, 'A', 0, NULL, NULL, '2026-03-12 03:40:19', '2026-03-12 04:26:01'),
(1340, 101, 870127, NULL, NULL, 0, NULL, NULL, '2026-03-12 03:40:19', '2026-03-12 03:40:19'),
(1341, 101, 870128, NULL, NULL, 0, NULL, NULL, '2026-03-12 03:40:19', '2026-03-12 03:40:19'),
(1342, 101, 870130, NULL, NULL, 0, NULL, NULL, '2026-03-12 03:40:19', '2026-03-12 03:40:19'),
(1343, 101, 870131, 77.50, 'B', 0, NULL, NULL, '2026-03-12 03:40:19', '2026-03-12 04:26:01'),
(1344, 101, 870132, 72.00, 'B', 0, NULL, NULL, '2026-03-12 03:40:19', '2026-03-12 04:26:01'),
(1345, 101, 870133, NULL, NULL, 0, NULL, NULL, '2026-03-12 03:40:19', '2026-03-12 03:40:19'),
(1346, 101, 870134, NULL, NULL, 0, NULL, NULL, '2026-03-12 03:40:19', '2026-03-12 03:40:19'),
(1347, 102, 870100, NULL, NULL, 0, NULL, NULL, '2026-03-12 03:40:19', '2026-03-12 03:40:19'),
(1348, 102, 870101, 85.60, 'A', 0, NULL, NULL, '2026-03-12 03:40:19', '2026-03-12 04:26:01'),
(1349, 102, 870102, 85.20, 'A', 0, NULL, NULL, '2026-03-12 03:40:19', '2026-03-12 04:26:01'),
(1350, 102, 870103, 85.00, 'A', 0, NULL, NULL, '2026-03-12 03:40:19', '2026-03-12 04:26:01'),
(1351, 102, 870104, 81.90, 'A', 0, NULL, NULL, '2026-03-12 03:40:19', '2026-03-12 04:26:01'),
(1352, 102, 870105, NULL, NULL, 0, NULL, NULL, '2026-03-12 03:40:19', '2026-03-12 03:40:19'),
(1353, 102, 870106, 84.80, 'A', 0, NULL, NULL, '2026-03-12 03:40:19', '2026-03-12 04:26:01'),
(1354, 102, 870107, NULL, NULL, 0, NULL, NULL, '2026-03-12 03:40:19', '2026-03-12 03:40:19'),
(1355, 102, 870108, 86.90, 'A', 0, NULL, NULL, '2026-03-12 03:40:19', '2026-03-12 04:26:01'),
(1356, 102, 870109, 88.10, 'A', 0, NULL, NULL, '2026-03-12 03:40:19', '2026-03-12 04:26:01'),
(1357, 102, 870110, 87.20, 'A', 0, NULL, NULL, '2026-03-12 03:40:19', '2026-03-12 04:26:01'),
(1358, 102, 870111, NULL, NULL, 0, NULL, NULL, '2026-03-12 03:40:19', '2026-03-12 03:40:19'),
(1359, 102, 870112, NULL, NULL, 0, NULL, NULL, '2026-03-12 03:40:19', '2026-03-12 03:40:19'),
(1360, 102, 870113, 88.90, 'A', 0, NULL, NULL, '2026-03-12 03:40:19', '2026-03-12 04:26:01'),
(1361, 102, 870114, NULL, NULL, 0, NULL, NULL, '2026-03-12 03:40:19', '2026-03-12 03:40:19'),
(1362, 102, 870115, 85.70, 'A', 0, NULL, NULL, '2026-03-12 03:40:19', '2026-03-12 04:26:01'),
(1363, 102, 870116, NULL, NULL, 0, NULL, NULL, '2026-03-12 03:40:19', '2026-03-12 03:40:19'),
(1364, 102, 870118, 79.50, 'A', 0, NULL, NULL, '2026-03-12 03:40:19', '2026-03-12 04:26:01'),
(1365, 102, 870119, NULL, NULL, 0, NULL, NULL, '2026-03-12 03:40:19', '2026-03-12 03:40:19'),
(1366, 102, 870120, NULL, NULL, 0, NULL, NULL, '2026-03-12 03:40:19', '2026-03-12 03:40:19'),
(1367, 102, 870122, 82.60, 'A', 0, NULL, NULL, '2026-03-12 03:40:19', '2026-03-12 04:26:01'),
(1368, 102, 870123, 86.20, 'A', 0, NULL, NULL, '2026-03-12 03:40:19', '2026-03-12 04:26:01'),
(1369, 102, 870125, 88.00, 'A', 0, NULL, NULL, '2026-03-12 03:40:19', '2026-03-12 04:26:01'),
(1370, 102, 870127, NULL, NULL, 0, NULL, NULL, '2026-03-12 03:40:19', '2026-03-12 03:40:19'),
(1371, 102, 870128, NULL, NULL, 0, NULL, NULL, '2026-03-12 03:40:19', '2026-03-12 03:40:19'),
(1372, 102, 870130, NULL, NULL, 0, NULL, NULL, '2026-03-12 03:40:19', '2026-03-12 03:40:19'),
(1373, 102, 870131, 84.00, 'A', 0, NULL, NULL, '2026-03-12 03:40:19', '2026-03-12 04:26:01'),
(1374, 102, 870132, 77.00, 'B', 0, NULL, NULL, '2026-03-12 03:40:19', '2026-03-12 04:26:01'),
(1375, 102, 870133, NULL, NULL, 0, NULL, NULL, '2026-03-12 03:40:19', '2026-03-12 03:40:19'),
(1376, 102, 870134, NULL, NULL, 0, NULL, NULL, '2026-03-12 03:40:19', '2026-03-12 03:40:19'),
(1377, 103, 870100, NULL, NULL, 0, NULL, NULL, '2026-03-12 03:40:19', '2026-03-12 03:40:19'),
(1378, 103, 870101, 86.30, 'A', 0, NULL, NULL, '2026-03-12 03:40:19', '2026-03-12 04:26:01'),
(1379, 103, 870102, 84.00, 'A', 0, NULL, NULL, '2026-03-12 03:40:19', '2026-03-12 04:26:01'),
(1380, 103, 870103, 81.70, 'A', 0, NULL, NULL, '2026-03-12 03:40:19', '2026-03-12 04:26:01'),
(1381, 103, 870104, 86.30, 'A', 0, NULL, NULL, '2026-03-12 03:40:19', '2026-03-12 04:26:01'),
(1382, 103, 870105, NULL, NULL, 0, NULL, NULL, '2026-03-12 03:40:19', '2026-03-12 03:40:19'),
(1383, 103, 870106, 83.90, 'A', 0, NULL, NULL, '2026-03-12 03:40:19', '2026-03-12 04:26:01'),
(1384, 103, 870107, NULL, NULL, 0, NULL, NULL, '2026-03-12 03:40:19', '2026-03-12 03:40:19'),
(1385, 103, 870108, 74.00, 'B', 0, NULL, NULL, '2026-03-12 03:40:19', '2026-03-12 04:26:01');
INSERT INTO `lms_mahasiswa_kelas` (`id`, `kelas_id`, `mahasiswa_id`, `final_grade`, `final_letter`, `is_override`, `override_reason`, `override_by`, `created_at`, `updated_at`) VALUES
(1386, 103, 870109, 82.40, 'A', 0, NULL, NULL, '2026-03-12 03:40:19', '2026-03-12 04:26:01'),
(1387, 103, 870110, 70.40, 'B', 0, NULL, NULL, '2026-03-12 03:40:19', '2026-03-12 04:26:01'),
(1388, 103, 870111, NULL, NULL, 0, NULL, NULL, '2026-03-12 03:40:19', '2026-03-12 03:40:19'),
(1389, 103, 870112, NULL, NULL, 0, NULL, NULL, '2026-03-12 03:40:19', '2026-03-12 03:40:19'),
(1390, 103, 870113, 80.00, 'A', 0, NULL, NULL, '2026-03-12 03:40:19', '2026-03-12 04:26:01'),
(1391, 103, 870114, NULL, NULL, 0, NULL, NULL, '2026-03-12 03:40:19', '2026-03-12 03:40:19'),
(1392, 103, 870115, 77.20, 'B', 0, NULL, NULL, '2026-03-12 03:40:19', '2026-03-12 04:26:01'),
(1393, 103, 870116, NULL, NULL, 0, NULL, NULL, '2026-03-12 03:40:19', '2026-03-12 03:40:19'),
(1394, 103, 870118, 74.60, 'B', 0, NULL, NULL, '2026-03-12 03:40:19', '2026-03-12 04:26:01'),
(1395, 103, 870119, NULL, NULL, 0, NULL, NULL, '2026-03-12 03:40:19', '2026-03-12 03:40:19'),
(1396, 103, 870120, NULL, NULL, 0, NULL, NULL, '2026-03-12 03:40:19', '2026-03-12 03:40:19'),
(1397, 103, 870122, 80.80, 'A', 0, NULL, NULL, '2026-03-12 03:40:19', '2026-03-12 04:26:01'),
(1398, 103, 870123, 79.60, 'A', 0, NULL, NULL, '2026-03-12 03:40:19', '2026-03-12 04:26:01'),
(1399, 103, 870125, 80.00, 'A', 0, NULL, NULL, '2026-03-12 03:40:19', '2026-03-12 04:26:01'),
(1400, 103, 870127, NULL, NULL, 0, NULL, NULL, '2026-03-12 03:40:19', '2026-03-12 03:40:19'),
(1401, 103, 870128, NULL, NULL, 0, NULL, NULL, '2026-03-12 03:40:19', '2026-03-12 03:40:19'),
(1402, 103, 870130, NULL, NULL, 0, NULL, NULL, '2026-03-12 03:40:19', '2026-03-12 03:40:19'),
(1403, 103, 870131, 80.00, 'A', 0, NULL, NULL, '2026-03-12 03:40:19', '2026-03-12 04:26:01'),
(1404, 103, 870132, 74.60, 'B', 0, NULL, NULL, '2026-03-12 03:40:19', '2026-03-12 04:26:01'),
(1405, 103, 870133, NULL, NULL, 0, NULL, NULL, '2026-03-12 03:40:19', '2026-03-12 03:40:19'),
(1406, 103, 870134, NULL, NULL, 0, NULL, NULL, '2026-03-12 03:40:19', '2026-03-12 03:40:19'),
(1407, 104, 870100, NULL, NULL, 0, NULL, NULL, '2026-03-12 03:40:19', '2026-03-12 03:40:19'),
(1408, 104, 870101, 92.50, 'A', 0, NULL, NULL, '2026-03-12 03:40:19', '2026-03-12 04:26:01'),
(1409, 104, 870102, 77.70, 'B', 0, NULL, NULL, '2026-03-12 03:40:19', '2026-03-12 04:26:01'),
(1410, 104, 870103, 75.70, 'B', 0, NULL, NULL, '2026-03-12 03:40:19', '2026-03-12 04:26:01'),
(1411, 104, 870104, 95.50, 'A', 0, NULL, NULL, '2026-03-12 03:40:19', '2026-03-12 04:26:01'),
(1412, 104, 870105, NULL, NULL, 0, NULL, NULL, '2026-03-12 03:40:19', '2026-03-12 03:40:19'),
(1413, 104, 870106, 95.50, 'A', 0, NULL, NULL, '2026-03-12 03:40:19', '2026-03-12 04:26:01'),
(1414, 104, 870107, NULL, NULL, 0, NULL, NULL, '2026-03-12 03:40:19', '2026-03-12 03:40:19'),
(1415, 104, 870108, 83.40, 'A', 0, NULL, NULL, '2026-03-12 03:40:19', '2026-03-12 04:26:01'),
(1416, 104, 870109, 85.80, 'A', 0, NULL, NULL, '2026-03-12 03:40:19', '2026-03-12 04:26:01'),
(1417, 104, 870110, 82.40, 'A', 0, NULL, NULL, '2026-03-12 03:40:19', '2026-03-12 04:26:01'),
(1418, 104, 870111, NULL, NULL, 0, NULL, NULL, '2026-03-12 03:40:19', '2026-03-12 03:40:19'),
(1419, 104, 870112, NULL, NULL, 0, NULL, NULL, '2026-03-12 03:40:19', '2026-03-12 03:40:19'),
(1420, 104, 870113, 82.30, 'A', 0, NULL, NULL, '2026-03-12 03:40:19', '2026-03-12 04:26:01'),
(1421, 104, 870114, NULL, NULL, 0, NULL, NULL, '2026-03-12 03:40:19', '2026-03-12 03:40:19'),
(1422, 104, 870115, 85.20, 'A', 0, NULL, NULL, '2026-03-12 03:40:19', '2026-03-12 04:26:01'),
(1423, 104, 870116, NULL, NULL, 0, NULL, NULL, '2026-03-12 03:40:19', '2026-03-12 03:40:19'),
(1424, 104, 870118, 82.70, 'A', 0, NULL, NULL, '2026-03-12 03:40:19', '2026-03-12 04:26:01'),
(1425, 104, 870119, NULL, NULL, 0, NULL, NULL, '2026-03-12 03:40:19', '2026-03-12 03:40:19'),
(1426, 104, 870120, NULL, NULL, 0, NULL, NULL, '2026-03-12 03:40:19', '2026-03-12 03:40:19'),
(1427, 104, 870122, 79.80, 'A', 0, NULL, NULL, '2026-03-12 03:40:19', '2026-03-12 04:26:01'),
(1428, 104, 870123, 81.30, 'A', 0, NULL, NULL, '2026-03-12 03:40:19', '2026-03-12 04:26:01'),
(1429, 104, 870125, 86.20, 'A', 0, NULL, NULL, '2026-03-12 03:40:19', '2026-03-12 04:26:01'),
(1430, 104, 870127, NULL, NULL, 0, NULL, NULL, '2026-03-12 03:40:19', '2026-03-12 03:40:19'),
(1431, 104, 870128, NULL, NULL, 0, NULL, NULL, '2026-03-12 03:40:19', '2026-03-12 03:40:19'),
(1432, 104, 870130, NULL, NULL, 0, NULL, NULL, '2026-03-12 03:40:19', '2026-03-12 03:40:19'),
(1433, 104, 870131, 83.50, 'A', 0, NULL, NULL, '2026-03-12 03:40:19', '2026-03-12 04:26:01'),
(1434, 104, 870132, 81.80, 'A', 0, NULL, NULL, '2026-03-12 03:40:19', '2026-03-12 04:26:01'),
(1435, 104, 870133, NULL, NULL, 0, NULL, NULL, '2026-03-12 03:40:19', '2026-03-12 03:40:19'),
(1436, 104, 870134, NULL, NULL, 0, NULL, NULL, '2026-03-12 03:40:19', '2026-03-12 03:40:19'),
(1437, 105, 870100, NULL, NULL, 0, NULL, NULL, '2026-03-12 03:40:19', '2026-03-12 03:40:19'),
(1438, 105, 870101, 79.30, 'A', 0, NULL, NULL, '2026-03-12 03:40:19', '2026-03-12 04:26:01'),
(1439, 105, 870102, 79.90, 'A', 0, NULL, NULL, '2026-03-12 03:40:19', '2026-03-12 04:26:01'),
(1440, 105, 870103, 75.10, 'B', 0, NULL, NULL, '2026-03-12 03:40:19', '2026-03-12 04:26:01'),
(1441, 105, 870104, 79.30, 'A', 0, NULL, NULL, '2026-03-12 03:40:19', '2026-03-12 04:26:01'),
(1442, 105, 870105, NULL, NULL, 0, NULL, NULL, '2026-03-12 03:40:19', '2026-03-12 03:40:19'),
(1443, 105, 870106, 79.80, 'A', 0, NULL, NULL, '2026-03-12 03:40:19', '2026-03-12 04:26:01'),
(1444, 105, 870107, NULL, NULL, 0, NULL, NULL, '2026-03-12 03:40:19', '2026-03-12 03:40:19'),
(1445, 105, 870108, 76.30, 'B', 0, NULL, NULL, '2026-03-12 03:40:19', '2026-03-12 04:26:01'),
(1446, 105, 870109, 76.60, 'B', 0, NULL, NULL, '2026-03-12 03:40:19', '2026-03-12 04:26:01'),
(1447, 105, 870110, 76.40, 'B', 0, NULL, NULL, '2026-03-12 03:40:19', '2026-03-12 04:26:01'),
(1448, 105, 870111, NULL, NULL, 0, NULL, NULL, '2026-03-12 03:40:19', '2026-03-12 03:40:19'),
(1449, 105, 870112, NULL, NULL, 0, NULL, NULL, '2026-03-12 03:40:19', '2026-03-12 03:40:19'),
(1450, 105, 870113, 84.30, 'A', 0, NULL, NULL, '2026-03-12 03:40:19', '2026-03-12 04:26:01'),
(1451, 105, 870114, NULL, NULL, 0, NULL, NULL, '2026-03-12 03:40:19', '2026-03-12 03:40:19'),
(1452, 105, 870115, 77.50, 'B', 0, NULL, NULL, '2026-03-12 03:40:19', '2026-03-12 04:26:01'),
(1453, 105, 870116, NULL, NULL, 0, NULL, NULL, '2026-03-12 03:40:19', '2026-03-12 03:40:19'),
(1454, 105, 870118, 72.00, 'B', 0, NULL, NULL, '2026-03-12 03:40:19', '2026-03-12 04:26:01'),
(1455, 105, 870119, NULL, NULL, 0, NULL, NULL, '2026-03-12 03:40:19', '2026-03-12 03:40:19'),
(1456, 105, 870120, NULL, NULL, 0, NULL, NULL, '2026-03-12 03:40:19', '2026-03-12 03:40:19'),
(1457, 105, 870122, 74.30, 'B', 0, NULL, NULL, '2026-03-12 03:40:19', '2026-03-12 04:26:01'),
(1458, 105, 870123, 76.80, 'B', 0, NULL, NULL, '2026-03-12 03:40:19', '2026-03-12 04:26:01'),
(1459, 105, 870125, 76.80, 'B', 0, NULL, NULL, '2026-03-12 03:40:19', '2026-03-12 04:26:01'),
(1460, 105, 870127, NULL, NULL, 0, NULL, NULL, '2026-03-12 03:40:19', '2026-03-12 03:40:19'),
(1461, 105, 870128, NULL, NULL, 0, NULL, NULL, '2026-03-12 03:40:19', '2026-03-12 03:40:19'),
(1462, 105, 870130, NULL, NULL, 0, NULL, NULL, '2026-03-12 03:40:19', '2026-03-12 03:40:19'),
(1463, 105, 870131, 77.50, 'B', 0, NULL, NULL, '2026-03-12 03:40:19', '2026-03-12 04:26:01'),
(1464, 105, 870132, 68.50, 'C', 0, NULL, NULL, '2026-03-12 03:40:19', '2026-03-12 04:26:01'),
(1465, 105, 870133, NULL, NULL, 0, NULL, NULL, '2026-03-12 03:40:19', '2026-03-12 03:40:19'),
(1466, 105, 870134, NULL, NULL, 0, NULL, NULL, '2026-03-12 03:40:19', '2026-03-12 03:40:19'),
(1467, 106, 870100, NULL, NULL, 0, NULL, NULL, '2026-03-12 03:40:19', '2026-03-12 03:40:19'),
(1468, 106, 870101, 81.80, 'A', 0, NULL, NULL, '2026-03-12 03:40:19', '2026-03-12 04:26:01'),
(1469, 106, 870102, 88.20, 'A', 0, NULL, NULL, '2026-03-12 03:40:19', '2026-03-12 04:26:01'),
(1470, 106, 870103, 85.00, 'A', 0, NULL, NULL, '2026-03-12 03:40:19', '2026-03-12 04:26:01'),
(1471, 106, 870104, 86.20, 'A', 0, NULL, NULL, '2026-03-12 03:40:19', '2026-03-12 04:26:01'),
(1472, 106, 870105, NULL, NULL, 0, NULL, NULL, '2026-03-12 03:40:19', '2026-03-12 03:40:19'),
(1473, 106, 870106, 87.20, 'A', 0, NULL, NULL, '2026-03-12 03:40:19', '2026-03-12 04:26:01'),
(1474, 106, 870107, NULL, NULL, 0, NULL, NULL, '2026-03-12 03:40:19', '2026-03-12 03:40:19'),
(1475, 106, 870108, 91.20, 'A', 0, NULL, NULL, '2026-03-12 03:40:19', '2026-03-12 04:26:01'),
(1476, 106, 870109, 92.50, 'A', 0, NULL, NULL, '2026-03-12 03:40:19', '2026-03-12 04:26:01'),
(1477, 106, 870110, 91.50, 'A', 0, NULL, NULL, '2026-03-12 03:40:19', '2026-03-12 04:26:01'),
(1478, 106, 870111, NULL, NULL, 0, NULL, NULL, '2026-03-12 03:40:19', '2026-03-12 03:40:19'),
(1479, 106, 870112, NULL, NULL, 0, NULL, NULL, '2026-03-12 03:40:19', '2026-03-12 03:40:19'),
(1480, 106, 870113, 89.80, 'A', 0, NULL, NULL, '2026-03-12 03:40:19', '2026-03-12 04:26:01'),
(1481, 106, 870114, NULL, NULL, 0, NULL, NULL, '2026-03-12 03:40:19', '2026-03-12 03:40:19'),
(1482, 106, 870115, 85.60, 'A', 0, NULL, NULL, '2026-03-12 03:40:19', '2026-03-12 04:26:01'),
(1483, 106, 870116, NULL, NULL, 0, NULL, NULL, '2026-03-12 03:40:19', '2026-03-12 03:40:19'),
(1484, 106, 870118, 88.20, 'A', 0, NULL, NULL, '2026-03-12 03:40:19', '2026-03-12 04:26:01'),
(1485, 106, 870119, NULL, NULL, 0, NULL, NULL, '2026-03-12 03:40:19', '2026-03-12 03:40:19'),
(1486, 106, 870120, NULL, NULL, 0, NULL, NULL, '2026-03-12 03:40:19', '2026-03-12 03:40:19'),
(1487, 106, 870122, 89.70, 'A', 0, NULL, NULL, '2026-03-12 03:40:19', '2026-03-12 04:26:01'),
(1488, 106, 870123, 89.00, 'A', 0, NULL, NULL, '2026-03-12 03:40:19', '2026-03-12 04:26:01'),
(1489, 106, 870125, 92.50, 'A', 0, NULL, NULL, '2026-03-12 03:40:19', '2026-03-12 04:26:01'),
(1490, 106, 870127, NULL, NULL, 0, NULL, NULL, '2026-03-12 03:40:19', '2026-03-12 03:40:19'),
(1491, 106, 870128, NULL, NULL, 0, NULL, NULL, '2026-03-12 03:40:19', '2026-03-12 03:40:19'),
(1492, 106, 870130, NULL, NULL, 0, NULL, NULL, '2026-03-12 03:40:19', '2026-03-12 03:40:19'),
(1493, 106, 870131, 85.20, 'A', 0, NULL, NULL, '2026-03-12 03:40:19', '2026-03-12 04:26:01'),
(1494, 106, 870132, 86.80, 'A', 0, NULL, NULL, '2026-03-12 03:40:19', '2026-03-12 04:26:01'),
(1495, 106, 870133, NULL, NULL, 0, NULL, NULL, '2026-03-12 03:40:19', '2026-03-12 03:40:19'),
(1496, 106, 870134, NULL, NULL, 0, NULL, NULL, '2026-03-12 03:40:19', '2026-03-12 03:40:19'),
(1497, 107, 870100, NULL, NULL, 0, NULL, NULL, '2026-03-12 03:40:19', '2026-03-12 03:40:19'),
(1498, 107, 870101, 88.00, 'A', 0, NULL, NULL, '2026-03-12 03:40:19', '2026-03-12 04:26:01'),
(1499, 107, 870102, 81.50, 'A', 0, NULL, NULL, '2026-03-12 03:40:19', '2026-03-12 04:26:01'),
(1500, 107, 870103, 78.50, 'B', 0, NULL, NULL, '2026-03-12 03:40:19', '2026-03-12 04:26:01'),
(1501, 107, 870104, 85.50, 'A', 0, NULL, NULL, '2026-03-12 03:40:19', '2026-03-12 04:26:01'),
(1502, 107, 870105, NULL, NULL, 0, NULL, NULL, '2026-03-12 03:40:19', '2026-03-12 03:40:19'),
(1503, 107, 870106, 83.00, 'A', 0, NULL, NULL, '2026-03-12 03:40:19', '2026-03-12 04:26:01'),
(1504, 107, 870107, NULL, NULL, 0, NULL, NULL, '2026-03-12 03:40:19', '2026-03-12 03:40:19'),
(1505, 107, 870108, 74.30, 'B', 0, NULL, NULL, '2026-03-12 03:40:19', '2026-03-12 04:26:01'),
(1506, 107, 870109, 88.00, 'A', 0, NULL, NULL, '2026-03-12 03:40:19', '2026-03-12 04:26:01'),
(1507, 107, 870110, 83.40, 'A', 0, NULL, NULL, '2026-03-12 03:40:19', '2026-03-12 04:26:01'),
(1508, 107, 870111, NULL, NULL, 0, NULL, NULL, '2026-03-12 03:40:19', '2026-03-12 03:40:19'),
(1509, 107, 870112, NULL, NULL, 0, NULL, NULL, '2026-03-12 03:40:19', '2026-03-12 03:40:19'),
(1510, 107, 870113, 76.50, 'B', 0, NULL, NULL, '2026-03-12 03:40:19', '2026-03-12 04:26:01'),
(1511, 107, 870114, NULL, NULL, 0, NULL, NULL, '2026-03-12 03:40:19', '2026-03-12 03:40:19'),
(1512, 107, 870115, 80.90, 'A', 0, NULL, NULL, '2026-03-12 03:40:19', '2026-03-12 04:26:01'),
(1513, 107, 870116, NULL, NULL, 0, NULL, NULL, '2026-03-12 03:40:19', '2026-03-12 03:40:19'),
(1514, 107, 870118, 78.30, 'B', 0, NULL, NULL, '2026-03-12 03:40:19', '2026-03-12 04:26:01'),
(1515, 107, 870119, NULL, NULL, 0, NULL, NULL, '2026-03-12 03:40:19', '2026-03-12 03:40:19'),
(1516, 107, 870120, NULL, NULL, 0, NULL, NULL, '2026-03-12 03:40:19', '2026-03-12 03:40:19'),
(1517, 107, 870122, 83.90, 'A', 0, NULL, NULL, '2026-03-12 03:40:19', '2026-03-12 04:26:01'),
(1518, 107, 870123, 92.50, 'A', 0, NULL, NULL, '2026-03-12 03:40:19', '2026-03-12 04:26:01'),
(1519, 107, 870125, 93.10, 'A', 0, NULL, NULL, '2026-03-12 03:40:19', '2026-03-12 04:26:01'),
(1520, 107, 870127, NULL, NULL, 0, NULL, NULL, '2026-03-12 03:40:19', '2026-03-12 03:40:19'),
(1521, 107, 870128, NULL, NULL, 0, NULL, NULL, '2026-03-12 03:40:19', '2026-03-12 03:40:19'),
(1522, 107, 870130, NULL, NULL, 0, NULL, NULL, '2026-03-12 03:40:19', '2026-03-12 03:40:19'),
(1523, 107, 870131, 70.00, 'B', 0, NULL, NULL, '2026-03-12 03:40:19', '2026-03-12 04:26:01'),
(1524, 107, 870132, 70.20, 'B', 0, NULL, NULL, '2026-03-12 03:40:19', '2026-03-12 04:26:01'),
(1525, 107, 870133, NULL, NULL, 0, NULL, NULL, '2026-03-12 03:40:19', '2026-03-12 03:40:19'),
(1526, 107, 870134, NULL, NULL, 0, NULL, NULL, '2026-03-12 03:40:19', '2026-03-12 03:40:19'),
(1527, 108, 870100, NULL, NULL, 0, NULL, NULL, '2026-03-12 03:40:19', '2026-03-12 03:40:19'),
(1528, 108, 870101, 90.30, 'A', 0, NULL, NULL, '2026-03-12 03:40:19', '2026-03-12 04:26:01'),
(1529, 108, 870102, 89.00, 'A', 0, NULL, NULL, '2026-03-12 03:40:19', '2026-03-12 04:26:01'),
(1530, 108, 870103, 80.60, 'A', 0, NULL, NULL, '2026-03-12 03:40:19', '2026-03-12 04:26:01'),
(1531, 108, 870104, 90.70, 'A', 0, NULL, NULL, '2026-03-12 03:40:19', '2026-03-12 04:26:01'),
(1532, 108, 870105, NULL, NULL, 0, NULL, NULL, '2026-03-12 03:40:19', '2026-03-12 03:40:19'),
(1533, 108, 870106, 88.60, 'A', 0, NULL, NULL, '2026-03-12 03:40:19', '2026-03-12 04:26:01'),
(1534, 108, 870107, NULL, NULL, 0, NULL, NULL, '2026-03-12 03:40:19', '2026-03-12 03:40:19'),
(1535, 108, 870108, 76.90, 'B', 0, NULL, NULL, '2026-03-12 03:40:19', '2026-03-12 04:26:01'),
(1536, 108, 870109, 80.00, 'A', 0, NULL, NULL, '2026-03-12 03:40:19', '2026-03-12 04:26:01'),
(1537, 108, 870110, 74.90, 'B', 0, NULL, NULL, '2026-03-12 03:40:19', '2026-03-12 04:26:01'),
(1538, 108, 870111, NULL, NULL, 0, NULL, NULL, '2026-03-12 03:40:19', '2026-03-12 03:40:19'),
(1539, 108, 870112, NULL, NULL, 0, NULL, NULL, '2026-03-12 03:40:19', '2026-03-12 03:40:19'),
(1540, 108, 870113, 86.10, 'A', 0, NULL, NULL, '2026-03-12 03:40:19', '2026-03-12 04:26:01'),
(1541, 108, 870114, NULL, NULL, 0, NULL, NULL, '2026-03-12 03:40:19', '2026-03-12 03:40:19'),
(1542, 108, 870115, 81.50, 'A', 0, NULL, NULL, '2026-03-12 03:40:19', '2026-03-12 04:26:01'),
(1543, 108, 870116, NULL, NULL, 0, NULL, NULL, '2026-03-12 03:40:19', '2026-03-12 03:40:19'),
(1544, 108, 870118, 80.60, 'A', 0, NULL, NULL, '2026-03-12 03:40:19', '2026-03-12 04:26:01'),
(1545, 108, 870119, NULL, NULL, 0, NULL, NULL, '2026-03-12 03:40:19', '2026-03-12 03:40:19'),
(1546, 108, 870120, NULL, NULL, 0, NULL, NULL, '2026-03-12 03:40:19', '2026-03-12 03:40:19'),
(1547, 108, 870122, 80.10, 'A', 0, NULL, NULL, '2026-03-12 03:40:19', '2026-03-12 04:26:01'),
(1548, 108, 870123, 79.80, 'A', 0, NULL, NULL, '2026-03-12 03:40:19', '2026-03-12 04:26:01'),
(1549, 108, 870125, 84.30, 'A', 0, NULL, NULL, '2026-03-12 03:40:19', '2026-03-12 04:26:01'),
(1550, 108, 870127, NULL, NULL, 0, NULL, NULL, '2026-03-12 03:40:19', '2026-03-12 03:40:19'),
(1551, 108, 870128, NULL, NULL, 0, NULL, NULL, '2026-03-12 03:40:19', '2026-03-12 03:40:19'),
(1552, 108, 870130, NULL, NULL, 0, NULL, NULL, '2026-03-12 03:40:19', '2026-03-12 03:40:19'),
(1553, 108, 870131, 72.30, 'B', 0, NULL, NULL, '2026-03-12 03:40:19', '2026-03-12 04:26:01'),
(1554, 108, 870132, 78.90, 'B', 0, NULL, NULL, '2026-03-12 03:40:19', '2026-03-12 04:26:01'),
(1555, 108, 870133, NULL, NULL, 0, NULL, NULL, '2026-03-12 03:40:19', '2026-03-12 03:40:19'),
(1556, 108, 870134, NULL, NULL, 0, NULL, NULL, '2026-03-12 03:40:19', '2026-03-12 03:40:19'),
(1557, 109, 870100, NULL, NULL, 0, NULL, NULL, '2026-03-12 03:40:19', '2026-03-12 03:40:19'),
(1558, 109, 870101, 84.80, 'A', 0, NULL, NULL, '2026-03-12 03:40:19', '2026-03-12 04:26:01'),
(1559, 109, 870102, 80.30, 'A', 0, NULL, NULL, '2026-03-12 03:40:19', '2026-03-12 04:26:01'),
(1560, 109, 870103, 78.70, 'B', 0, NULL, NULL, '2026-03-12 03:40:19', '2026-03-12 04:26:01'),
(1561, 109, 870104, 81.70, 'A', 0, NULL, NULL, '2026-03-12 03:40:19', '2026-03-12 04:26:01'),
(1562, 109, 870105, NULL, NULL, 0, NULL, NULL, '2026-03-12 03:40:19', '2026-03-12 03:40:19'),
(1563, 109, 870106, 77.50, 'B', 0, NULL, NULL, '2026-03-12 03:40:19', '2026-03-12 04:26:01'),
(1564, 109, 870107, NULL, NULL, 0, NULL, NULL, '2026-03-12 03:40:19', '2026-03-12 03:40:19'),
(1565, 109, 870108, 80.40, 'A', 0, NULL, NULL, '2026-03-12 03:40:19', '2026-03-12 04:26:01'),
(1566, 109, 870109, 80.20, 'A', 0, NULL, NULL, '2026-03-12 03:40:19', '2026-03-12 04:26:01'),
(1567, 109, 870110, 78.30, 'B', 0, NULL, NULL, '2026-03-12 03:40:19', '2026-03-12 04:26:01'),
(1568, 109, 870111, NULL, NULL, 0, NULL, NULL, '2026-03-12 03:40:19', '2026-03-12 03:40:19'),
(1569, 109, 870112, NULL, NULL, 0, NULL, NULL, '2026-03-12 03:40:19', '2026-03-12 03:40:19'),
(1570, 109, 870113, 75.30, 'B', 0, NULL, NULL, '2026-03-12 03:40:19', '2026-03-12 04:26:01'),
(1571, 109, 870114, NULL, NULL, 0, NULL, NULL, '2026-03-12 03:40:19', '2026-03-12 03:40:19'),
(1572, 109, 870115, 74.90, 'B', 0, NULL, NULL, '2026-03-12 03:40:19', '2026-03-12 04:26:01'),
(1573, 109, 870116, NULL, NULL, 0, NULL, NULL, '2026-03-12 03:40:19', '2026-03-12 03:40:19'),
(1574, 109, 870118, 73.60, 'B', 0, NULL, NULL, '2026-03-12 03:40:19', '2026-03-12 04:26:01'),
(1575, 109, 870119, NULL, NULL, 0, NULL, NULL, '2026-03-12 03:40:19', '2026-03-12 03:40:19'),
(1576, 109, 870120, NULL, NULL, 0, NULL, NULL, '2026-03-12 03:40:19', '2026-03-12 03:40:19'),
(1577, 109, 870122, 81.50, 'A', 0, NULL, NULL, '2026-03-12 03:40:19', '2026-03-12 04:26:01'),
(1578, 109, 870123, 89.90, 'A', 0, NULL, NULL, '2026-03-12 03:40:19', '2026-03-12 04:26:01'),
(1579, 109, 870125, 91.90, 'A', 0, NULL, NULL, '2026-03-12 03:40:19', '2026-03-12 04:26:01'),
(1580, 109, 870127, NULL, NULL, 0, NULL, NULL, '2026-03-12 03:40:19', '2026-03-12 03:40:19'),
(1581, 109, 870128, NULL, NULL, 0, NULL, NULL, '2026-03-12 03:40:19', '2026-03-12 03:40:19'),
(1582, 109, 870130, NULL, NULL, 0, NULL, NULL, '2026-03-12 03:40:19', '2026-03-12 03:40:19'),
(1583, 109, 870131, 70.00, 'B', 0, NULL, NULL, '2026-03-12 03:40:19', '2026-03-12 04:26:01'),
(1584, 109, 870132, 75.30, 'B', 0, NULL, NULL, '2026-03-12 03:40:19', '2026-03-12 04:26:01'),
(1585, 109, 870133, NULL, NULL, 0, NULL, NULL, '2026-03-12 03:40:19', '2026-03-12 03:40:19'),
(1586, 109, 870134, NULL, NULL, 0, NULL, NULL, '2026-03-12 03:40:19', '2026-03-12 03:40:19'),
(1587, 110, 870100, NULL, NULL, 0, NULL, NULL, '2026-03-12 03:40:19', '2026-03-12 03:40:19'),
(1588, 110, 870101, 88.30, 'A', 0, NULL, NULL, '2026-03-12 03:40:19', '2026-03-12 04:26:01'),
(1589, 110, 870102, 81.30, 'A', 0, NULL, NULL, '2026-03-12 03:40:19', '2026-03-12 04:26:01'),
(1590, 110, 870103, 84.70, 'A', 0, NULL, NULL, '2026-03-12 03:40:19', '2026-03-12 04:26:01'),
(1591, 110, 870104, 88.70, 'A', 0, NULL, NULL, '2026-03-12 03:40:19', '2026-03-12 04:26:01'),
(1592, 110, 870105, NULL, NULL, 0, NULL, NULL, '2026-03-12 03:40:19', '2026-03-12 03:40:19'),
(1593, 110, 870106, 87.50, 'A', 0, NULL, NULL, '2026-03-12 03:40:19', '2026-03-12 04:26:01'),
(1594, 110, 870107, NULL, NULL, 0, NULL, NULL, '2026-03-12 03:40:19', '2026-03-12 03:40:19'),
(1595, 110, 870108, 80.10, 'A', 0, NULL, NULL, '2026-03-12 03:40:19', '2026-03-12 04:26:01'),
(1596, 110, 870109, 85.30, 'A', 0, NULL, NULL, '2026-03-12 03:40:19', '2026-03-12 04:26:01'),
(1597, 110, 870110, 80.10, 'A', 0, NULL, NULL, '2026-03-12 03:40:19', '2026-03-12 04:26:01'),
(1598, 110, 870111, NULL, NULL, 0, NULL, NULL, '2026-03-12 03:40:19', '2026-03-12 03:40:19'),
(1599, 110, 870112, NULL, NULL, 0, NULL, NULL, '2026-03-12 03:40:19', '2026-03-12 03:40:19'),
(1600, 110, 870113, 74.30, 'B', 0, NULL, NULL, '2026-03-12 03:40:19', '2026-03-12 04:26:01'),
(1601, 110, 870114, NULL, NULL, 0, NULL, NULL, '2026-03-12 03:40:19', '2026-03-12 03:40:19'),
(1602, 110, 870115, 78.50, 'B', 0, NULL, NULL, '2026-03-12 03:40:19', '2026-03-12 04:26:01'),
(1603, 110, 870116, NULL, NULL, 0, NULL, NULL, '2026-03-12 03:40:19', '2026-03-12 03:40:19'),
(1604, 110, 870118, 70.70, 'B', 0, NULL, NULL, '2026-03-12 03:40:19', '2026-03-12 04:26:01'),
(1605, 110, 870119, NULL, NULL, 0, NULL, NULL, '2026-03-12 03:40:19', '2026-03-12 03:40:19'),
(1606, 110, 870120, NULL, NULL, 0, NULL, NULL, '2026-03-12 03:40:19', '2026-03-12 03:40:19'),
(1607, 110, 870122, 84.70, 'A', 0, NULL, NULL, '2026-03-12 03:40:19', '2026-03-12 04:26:01'),
(1608, 110, 870123, 85.50, 'A', 0, NULL, NULL, '2026-03-12 03:40:19', '2026-03-12 04:26:01'),
(1609, 110, 870125, 87.90, 'A', 0, NULL, NULL, '2026-03-12 03:40:19', '2026-03-12 04:26:01'),
(1610, 110, 870127, NULL, NULL, 0, NULL, NULL, '2026-03-12 03:40:19', '2026-03-12 03:40:19'),
(1611, 110, 870128, NULL, NULL, 0, NULL, NULL, '2026-03-12 03:40:19', '2026-03-12 03:40:19'),
(1612, 110, 870130, NULL, NULL, 0, NULL, NULL, '2026-03-12 03:40:19', '2026-03-12 03:40:19'),
(1613, 110, 870131, 70.00, 'B', 0, NULL, NULL, '2026-03-12 03:40:19', '2026-03-12 04:26:01'),
(1614, 110, 870132, 78.60, 'B', 0, NULL, NULL, '2026-03-12 03:40:19', '2026-03-12 04:26:01'),
(1615, 110, 870133, NULL, NULL, 0, NULL, NULL, '2026-03-12 03:40:19', '2026-03-12 03:40:19'),
(1616, 110, 870134, NULL, NULL, 0, NULL, NULL, '2026-03-12 03:40:19', '2026-03-12 03:40:19'),
(1617, 111, 870100, NULL, NULL, 0, NULL, NULL, '2026-03-12 03:40:19', '2026-03-12 03:40:19'),
(1618, 111, 870101, 84.70, 'A', 0, NULL, NULL, '2026-03-12 03:40:19', '2026-03-12 04:26:01'),
(1619, 111, 870102, 81.70, 'A', 0, NULL, NULL, '2026-03-12 03:40:19', '2026-03-12 04:26:01'),
(1620, 111, 870103, 78.40, 'B', 0, NULL, NULL, '2026-03-12 03:40:19', '2026-03-12 04:26:01'),
(1621, 111, 870104, 86.20, 'A', 0, NULL, NULL, '2026-03-12 03:40:19', '2026-03-12 04:26:01'),
(1622, 111, 870105, NULL, NULL, 0, NULL, NULL, '2026-03-12 03:40:19', '2026-03-12 03:40:19'),
(1623, 111, 870106, 81.20, 'A', 0, NULL, NULL, '2026-03-12 03:40:19', '2026-03-12 04:26:01'),
(1624, 111, 870107, NULL, NULL, 0, NULL, NULL, '2026-03-12 03:40:19', '2026-03-12 03:40:19'),
(1625, 111, 870108, 76.50, 'B', 0, NULL, NULL, '2026-03-12 03:40:19', '2026-03-12 04:26:01'),
(1626, 111, 870109, 83.50, 'A', 0, NULL, NULL, '2026-03-12 03:40:19', '2026-03-12 04:26:01'),
(1627, 111, 870110, 75.90, 'B', 0, NULL, NULL, '2026-03-12 03:40:19', '2026-03-12 04:26:01'),
(1628, 111, 870111, NULL, NULL, 0, NULL, NULL, '2026-03-12 03:40:19', '2026-03-12 03:40:19'),
(1629, 111, 870112, NULL, NULL, 0, NULL, NULL, '2026-03-12 03:40:19', '2026-03-12 03:40:19'),
(1630, 111, 870113, 78.80, 'B', 0, NULL, NULL, '2026-03-12 03:40:19', '2026-03-12 04:26:01'),
(1631, 111, 870114, NULL, NULL, 0, NULL, NULL, '2026-03-12 03:40:19', '2026-03-12 03:40:19'),
(1632, 111, 870115, 78.00, 'B', 0, NULL, NULL, '2026-03-12 03:40:19', '2026-03-12 04:26:01'),
(1633, 111, 870116, NULL, NULL, 0, NULL, NULL, '2026-03-12 03:40:19', '2026-03-12 03:40:19'),
(1634, 111, 870118, 72.80, 'B', 0, NULL, NULL, '2026-03-12 03:40:19', '2026-03-12 04:26:01'),
(1635, 111, 870119, NULL, NULL, 0, NULL, NULL, '2026-03-12 03:40:19', '2026-03-12 03:40:19'),
(1636, 111, 870120, NULL, NULL, 0, NULL, NULL, '2026-03-12 03:40:19', '2026-03-12 03:40:19'),
(1637, 111, 870122, 82.10, 'A', 0, NULL, NULL, '2026-03-12 03:40:19', '2026-03-12 04:26:01'),
(1638, 111, 870123, 83.40, 'A', 0, NULL, NULL, '2026-03-12 03:40:19', '2026-03-12 04:26:01'),
(1639, 111, 870125, 86.70, 'A', 0, NULL, NULL, '2026-03-12 03:40:19', '2026-03-12 04:26:01'),
(1640, 111, 870127, NULL, NULL, 0, NULL, NULL, '2026-03-12 03:40:19', '2026-03-12 03:40:19'),
(1641, 111, 870128, NULL, NULL, 0, NULL, NULL, '2026-03-12 03:40:19', '2026-03-12 03:40:19'),
(1642, 111, 870130, NULL, NULL, 0, NULL, NULL, '2026-03-12 03:40:19', '2026-03-12 03:40:19'),
(1643, 111, 870131, 70.20, 'B', 0, NULL, NULL, '2026-03-12 03:40:19', '2026-03-12 04:26:01'),
(1644, 111, 870132, 72.20, 'B', 0, NULL, NULL, '2026-03-12 03:40:19', '2026-03-12 04:26:01'),
(1645, 111, 870133, NULL, NULL, 0, NULL, NULL, '2026-03-12 03:40:19', '2026-03-12 03:40:19'),
(1646, 111, 870134, NULL, NULL, 0, NULL, NULL, '2026-03-12 03:40:19', '2026-03-12 03:40:19'),
(1647, 112, 870100, NULL, NULL, 0, NULL, NULL, '2026-03-12 03:40:19', '2026-03-12 03:40:19'),
(1648, 112, 870101, NULL, NULL, 0, NULL, NULL, '2026-03-12 03:40:19', '2026-03-12 03:40:19'),
(1649, 112, 870102, NULL, NULL, 0, NULL, NULL, '2026-03-12 03:40:19', '2026-03-12 03:40:19'),
(1650, 112, 870103, NULL, NULL, 0, NULL, NULL, '2026-03-12 03:40:19', '2026-03-12 03:40:19'),
(1651, 112, 870104, NULL, NULL, 0, NULL, NULL, '2026-03-12 03:40:19', '2026-03-12 03:40:19'),
(1652, 112, 870105, NULL, NULL, 0, NULL, NULL, '2026-03-12 03:40:19', '2026-03-12 03:40:19'),
(1653, 112, 870106, NULL, NULL, 0, NULL, NULL, '2026-03-12 03:40:19', '2026-03-12 03:40:19'),
(1654, 112, 870107, NULL, NULL, 0, NULL, NULL, '2026-03-12 03:40:19', '2026-03-12 03:40:19'),
(1655, 112, 870108, NULL, NULL, 0, NULL, NULL, '2026-03-12 03:40:19', '2026-03-12 03:40:19'),
(1656, 112, 870109, NULL, NULL, 0, NULL, NULL, '2026-03-12 03:40:19', '2026-03-12 03:40:19'),
(1657, 112, 870110, NULL, NULL, 0, NULL, NULL, '2026-03-12 03:40:19', '2026-03-12 03:40:19'),
(1658, 112, 870111, NULL, NULL, 0, NULL, NULL, '2026-03-12 03:40:19', '2026-03-12 03:40:19'),
(1659, 112, 870112, NULL, NULL, 0, NULL, NULL, '2026-03-12 03:40:19', '2026-03-12 03:40:19'),
(1660, 112, 870113, NULL, NULL, 0, NULL, NULL, '2026-03-12 03:40:19', '2026-03-12 03:40:19'),
(1661, 112, 870114, NULL, NULL, 0, NULL, NULL, '2026-03-12 03:40:19', '2026-03-12 03:40:19'),
(1662, 112, 870115, NULL, NULL, 0, NULL, NULL, '2026-03-12 03:40:19', '2026-03-12 03:40:19'),
(1663, 112, 870116, NULL, NULL, 0, NULL, NULL, '2026-03-12 03:40:19', '2026-03-12 03:40:19'),
(1664, 112, 870118, NULL, NULL, 0, NULL, NULL, '2026-03-12 03:40:19', '2026-03-12 03:40:19'),
(1665, 112, 870119, NULL, NULL, 0, NULL, NULL, '2026-03-12 03:40:19', '2026-03-12 03:40:19'),
(1666, 112, 870120, NULL, NULL, 0, NULL, NULL, '2026-03-12 03:40:19', '2026-03-12 03:40:19'),
(1667, 112, 870122, NULL, NULL, 0, NULL, NULL, '2026-03-12 03:40:19', '2026-03-12 03:40:19'),
(1668, 112, 870123, NULL, NULL, 0, NULL, NULL, '2026-03-12 03:40:19', '2026-03-12 03:40:19'),
(1669, 112, 870125, NULL, NULL, 0, NULL, NULL, '2026-03-12 03:40:19', '2026-03-12 03:40:19'),
(1670, 112, 870127, NULL, NULL, 0, NULL, NULL, '2026-03-12 03:40:19', '2026-03-12 03:40:19'),
(1671, 112, 870128, NULL, NULL, 0, NULL, NULL, '2026-03-12 03:40:19', '2026-03-12 03:40:19'),
(1672, 112, 870130, NULL, NULL, 0, NULL, NULL, '2026-03-12 03:40:19', '2026-03-12 03:40:19'),
(1673, 112, 870131, NULL, NULL, 0, NULL, NULL, '2026-03-12 03:40:19', '2026-03-12 03:40:19'),
(1674, 112, 870132, NULL, NULL, 0, NULL, NULL, '2026-03-12 03:40:19', '2026-03-12 03:40:19'),
(1675, 112, 870133, NULL, NULL, 0, NULL, NULL, '2026-03-12 03:40:19', '2026-03-12 03:40:19'),
(1676, 112, 870134, NULL, NULL, 0, NULL, NULL, '2026-03-12 03:40:19', '2026-03-12 03:40:19');

-- --------------------------------------------------------

--
